{"id":7,"date":"2015-09-26T17:33:30","date_gmt":"2015-09-26T17:33:30","guid":{"rendered":"https:\/\/nomen.es\/?page_id=7"},"modified":"2024-05-15T08:47:31","modified_gmt":"2024-05-15T06:47:31","slug":"qui-som","status":"publish","type":"page","link":"https:\/\/nomen.es\/ca\/qui-som\/","title":{"rendered":"Qui Som"},"content":{"rendered":"<p>[et_pb_section fb_built=&#8221;1&#8243; admin_label=&#8221;section&#8221; _builder_version=&#8221;4.24.2&#8243; background_image=&#8221;https:\/\/nomen.es\/wp-content\/uploads\/2024\/02\/portada-quienes-nomen.jpg&#8221; global_colors_info=&#8221;{}&#8221;][et_pb_row admin_label=&#8221;row&#8221; _builder_version=&#8221;4.24.2&#8243; background_size=&#8221;initial&#8221; background_position=&#8221;top_left&#8221; background_repeat=&#8221;repeat&#8221; max_width=&#8221;600px&#8221; module_alignment=&#8221;center&#8221; global_colors_info=&#8221;{}&#8221;][et_pb_column type=&#8221;4_4&#8243; _builder_version=&#8221;4.16&#8243; custom_padding=&#8221;|||&#8221; global_colors_info=&#8221;{}&#8221; custom_padding__hover=&#8221;|||&#8221;][et_pb_text _builder_version=&#8221;4.24.2&#8243; _module_preset=&#8221;default&#8221; header_text_align=&#8221;center&#8221; global_colors_info=&#8221;{}&#8221;]<\/p>\n<h1 class=\"text-blanc\">Qui Som<\/h1>\n<p>[\/et_pb_text][et_pb_text _builder_version=&#8221;4.24.2&#8243; _module_preset=&#8221;default&#8221; text_orientation=&#8221;center&#8221; custom_margin=&#8221;||25px||false|false&#8221; global_colors_info=&#8221;{}&#8221;]<\/p>\n<p class=\"text-blanc\">El 1860 es va sembrar al Delta de l&#8217;Ebre la llavor del que avui \u00e9s una de les m\u00e9s grans cooperatives arrosseres d&#8217;Espanya. Amb una capacitat de producci\u00f3 anual de m\u00e9s de 45 milions de quilos d&#8217;arr\u00f2s, la Cooperativa Arrossaires del Delta de l&#8217;Ebre ha fet de la tradici\u00f3, la qualitat i la innovaci\u00f3, la ra\u00f3 de ser de gaireb\u00e9 2000 socis que dediquen cada dia de les seves vides al cultiu dels millors arrossos del m\u00f3n.<\/p>\n<p>[\/et_pb_text][et_pb_button button_url=&#8221;@ET-DC@eyJkeW5hbWljIjp0cnVlLCJjb250ZW50IjoicG9zdF9saW5rX3VybF9wYWdlIiwic2V0dGluZ3MiOnsicG9zdF9pZCI6IjkxIn19@&#8221; button_text=&#8221;Coneix la nostra hist\u00f2ria&#8221; button_alignment=&#8221;center&#8221; _builder_version=&#8221;4.25.1&#8243; _dynamic_attributes=&#8221;button_url&#8221; _module_preset=&#8221;cce0e8a0-b866-482d-a9f0-602a2b859cb8&#8243; hover_enabled=&#8221;0&#8243; global_colors_info=&#8221;{}&#8221; sticky_enabled=&#8221;0&#8243;][\/et_pb_button][\/et_pb_column][\/et_pb_row][\/et_pb_section][et_pb_section fb_built=&#8221;1&#8243; _builder_version=&#8221;4.24.2&#8243; _module_preset=&#8221;default&#8221; global_colors_info=&#8221;{}&#8221;][et_pb_row column_structure=&#8221;2_3,1_3&#8243; _builder_version=&#8221;4.24.2&#8243; _module_preset=&#8221;default&#8221; global_colors_info=&#8221;{}&#8221;][et_pb_column type=&#8221;2_3&#8243; _builder_version=&#8221;4.24.2&#8243; _module_preset=&#8221;default&#8221; global_colors_info=&#8221;{}&#8221;][et_pb_text _builder_version=&#8221;4.24.2&#8243; _module_preset=&#8221;default&#8221; global_colors_info=&#8221;{}&#8221;]<\/p>\n<h2>Una cooperativa amb m\u00e9s de 150 anys d&#8217;hist\u00f2ria.<\/h2>\n<p>Aquesta realitat no seria possible sense assumir els compromisos m\u00e9s exigents per mantenir intactes les caracter\u00edstiques que fan del nostre arr\u00f2s un producte \u00fanic. Compromisos que vetllen per arribar sempre i sense excepci\u00f3 al consumidor amb la seguretat d&#8217;adquirir un producte de qualitat, un dels m\u00e9s importants dins de la Dieta Mediterr\u00e0nia. Compromisos per col\u00b7laborar amb els distribu\u00efdors i les ind\u00fastries de transformaci\u00f3 per estendre i potenciar el seu consum. Compromisos que atorguen valor a l&#8217;esfor\u00e7 de cada un dels agricultors que treballen la nostra terra. Compromisos que han aconseguit que l&#8217;aut\u00e8ntica ess\u00e8ncia d&#8217;Arrossaires del Delta de l&#8217;Ebre perduri generaci\u00f3 rere generaci\u00f3.<\/p>\n<p>[\/et_pb_text][et_pb_text _builder_version=&#8221;4.24.2&#8243; _module_preset=&#8221;default&#8221; global_colors_info=&#8221;{}&#8221;]<\/p>\n<h2>Tradici\u00f3 i innovaci\u00f3, les llavors dels millors arrossos.<\/h2>\n<p>\u00c9s un privilegi excepcional conrear els camps del Parc Natural del Delta de l&#8217;Ebre, un espai protegit on es respira l&#8217;ess\u00e8ncia arrossera d&#8217;anys i anys de tradici\u00f3. La seva extensi\u00f3 de gaireb\u00e9 22.000 hect\u00e0rees permet recollir 120 milions de quilos d&#8217;arr\u00f2s en closca que acabaran convertint-se en 70 milions de quilos de l&#8217;arr\u00f2s blanc m\u00e9s apreciat pels consumidors i de les varietats Bahia, Gleva i Bomba. Un lloc on, a l&#8217;abril, el temps sembla que s&#8217;atura cada vegada que l&#8217;aigua torna a inundar els camps de cultiu fins que comen\u00e7a la sembra. Una festa de colors i brillantors que culmina a mitjans de setembre donant pas a la gran festa de la recollida. Un cicle que d\u00f3na fe de l&#8217;estima per aquesta terra i per un cultiu respectu\u00f3s amb el medi ambient, que aconsegueix l&#8217;harmonia perfecta entre l&#8217;explotaci\u00f3 agr\u00e0ria i els valors naturals d&#8217;un Parc \u00fanic al m\u00f3n.<\/p>\n<p>[\/et_pb_text][\/et_pb_column][et_pb_column type=&#8221;1_3&#8243; _builder_version=&#8221;4.24.2&#8243; _module_preset=&#8221;default&#8221; global_colors_info=&#8221;{}&#8221;][et_pb_image src=&#8221;https:\/\/nomen.es\/wp-content\/uploads\/2015\/10\/arroz-redondo-nomen-earth.jpg&#8221; title_text=&#8221;arroz-redondo-nomen-earth&#8221; _builder_version=&#8221;4.24.2&#8243; _module_preset=&#8221;default&#8221; global_colors_info=&#8221;{}&#8221;][\/et_pb_image][\/et_pb_column][\/et_pb_row][\/et_pb_section]<\/p>\n","protected":false},"excerpt":{"rendered":"<p>Qui SomEl 1860 es va sembrar al Delta de l&#8217;Ebre la llavor del que avui \u00e9s una de les m\u00e9s grans cooperatives arrosseres d&#8217;Espanya. Amb una capacitat de producci\u00f3 anual de m\u00e9s de 45 milions de quilos d&#8217;arr\u00f2s, la Cooperativa Arrossaires del Delta de l&#8217;Ebre ha fet de la tradici\u00f3, la qualitat i la innovaci\u00f3, [&hellip;]<\/p>\n","protected":false},"author":1,"featured_media":0,"parent":0,"menu_order":0,"comment_status":"closed","ping_status":"closed","template":"","meta":{"_acf_changed":false,"_et_pb_use_builder":"on","_et_pb_old_content":"","_et_gb_content_width":"","inline_featured_image":false,"footnotes":""},"class_list":["post-7","page","type-page","status-publish","hentry"],"acf":[],"yoast_head":"<!-- This site is optimized with the Yoast SEO plugin v27.5 - https:\/\/yoast.com\/product\/yoast-seo-wordpress\/ -->\n<title>Qui Som - Nomen<\/title>\n<meta name=\"robots\" content=\"index, follow, max-snippet:-1, max-image-preview:large, max-video-preview:-1\" \/>\n<link rel=\"canonical\" href=\"https:\/\/nomen.es\/ca\/qui-som\/\" \/>\n<meta property=\"og:locale\" content=\"ca_ES\" \/>\n<meta property=\"og:type\" content=\"article\" \/>\n<meta property=\"og:title\" content=\"Qui Som - Nomen\" \/>\n<meta property=\"og:description\" content=\"Qui SomEl 1860 es va sembrar al Delta de l&#039;Ebre la llavor del que avui \u00e9s una de les m\u00e9s grans cooperatives arrosseres d&#039;Espanya. Amb una capacitat de producci\u00f3 anual de m\u00e9s de 45 milions de quilos d&#039;arr\u00f2s, la Cooperativa Arrossaires del Delta de l&#039;Ebre ha fet de la tradici\u00f3, la qualitat i la innovaci\u00f3, [&hellip;]\" \/>\n<meta property=\"og:url\" content=\"https:\/\/nomen.es\/ca\/qui-som\/\" \/>\n<meta property=\"og:site_name\" content=\"Nomen\" \/>\n<meta property=\"article:modified_time\" content=\"2024-05-15T06:47:31+00:00\" \/>\n<meta name=\"twitter:label1\" content=\"Temps estimat de lectura\" \/>\n\t<meta name=\"twitter:data1\" content=\"2 minuts\" \/>\n<script type=\"application\/ld+json\" class=\"yoast-schema-graph\">{\"@context\":\"https:\\\/\\\/schema.org\",\"@graph\":[{\"@type\":\"WebPage\",\"@id\":\"https:\\\/\\\/nomen.es\\\/ca\\\/qui-som\\\/\",\"url\":\"https:\\\/\\\/nomen.es\\\/ca\\\/qui-som\\\/\",\"name\":\"Qui Som - Nomen\",\"isPartOf\":{\"@id\":\"https:\\\/\\\/nomen.es\\\/#website\"},\"datePublished\":\"2015-09-26T17:33:30+00:00\",\"dateModified\":\"2024-05-15T06:47:31+00:00\",\"breadcrumb\":{\"@id\":\"https:\\\/\\\/nomen.es\\\/ca\\\/qui-som\\\/#breadcrumb\"},\"inLanguage\":\"ca\",\"potentialAction\":[{\"@type\":\"ReadAction\",\"target\":[\"https:\\\/\\\/nomen.es\\\/ca\\\/qui-som\\\/\"]}]},{\"@type\":\"BreadcrumbList\",\"@id\":\"https:\\\/\\\/nomen.es\\\/ca\\\/qui-som\\\/#breadcrumb\",\"itemListElement\":[{\"@type\":\"ListItem\",\"position\":1,\"name\":\"Portada\",\"item\":\"https:\\\/\\\/nomen.es\\\/ca\\\/\"},{\"@type\":\"ListItem\",\"position\":2,\"name\":\"Qui Som\"}]},{\"@type\":\"WebSite\",\"@id\":\"https:\\\/\\\/nomen.es\\\/#website\",\"url\":\"https:\\\/\\\/nomen.es\\\/\",\"name\":\"Nomen\",\"description\":\"Mucho m\u00e1s que arroz\",\"potentialAction\":[{\"@type\":\"SearchAction\",\"target\":{\"@type\":\"EntryPoint\",\"urlTemplate\":\"https:\\\/\\\/nomen.es\\\/?s={search_term_string}\"},\"query-input\":{\"@type\":\"PropertyValueSpecification\",\"valueRequired\":true,\"valueName\":\"search_term_string\"}}],\"inLanguage\":\"ca\"}]}<\/script>\n<!-- \/ Yoast SEO plugin. -->","yoast_head_json":{"title":"Qui Som - Nomen","robots":{"index":"index","follow":"follow","max-snippet":"max-snippet:-1","max-image-preview":"max-image-preview:large","max-video-preview":"max-video-preview:-1"},"canonical":"https:\/\/nomen.es\/ca\/qui-som\/","og_locale":"ca_ES","og_type":"article","og_title":"Qui Som - Nomen","og_description":"Qui SomEl 1860 es va sembrar al Delta de l'Ebre la llavor del que avui \u00e9s una de les m\u00e9s grans cooperatives arrosseres d'Espanya. Amb una capacitat de producci\u00f3 anual de m\u00e9s de 45 milions de quilos d'arr\u00f2s, la Cooperativa Arrossaires del Delta de l'Ebre ha fet de la tradici\u00f3, la qualitat i la innovaci\u00f3, [&hellip;]","og_url":"https:\/\/nomen.es\/ca\/qui-som\/","og_site_name":"Nomen","article_modified_time":"2024-05-15T06:47:31+00:00","twitter_misc":{"Temps estimat de lectura":"2 minuts"},"schema":{"@context":"https:\/\/schema.org","@graph":[{"@type":"WebPage","@id":"https:\/\/nomen.es\/ca\/qui-som\/","url":"https:\/\/nomen.es\/ca\/qui-som\/","name":"Qui Som - Nomen","isPartOf":{"@id":"https:\/\/nomen.es\/#website"},"datePublished":"2015-09-26T17:33:30+00:00","dateModified":"2024-05-15T06:47:31+00:00","breadcrumb":{"@id":"https:\/\/nomen.es\/ca\/qui-som\/#breadcrumb"},"inLanguage":"ca","potentialAction":[{"@type":"ReadAction","target":["https:\/\/nomen.es\/ca\/qui-som\/"]}]},{"@type":"BreadcrumbList","@id":"https:\/\/nomen.es\/ca\/qui-som\/#breadcrumb","itemListElement":[{"@type":"ListItem","position":1,"name":"Portada","item":"https:\/\/nomen.es\/ca\/"},{"@type":"ListItem","position":2,"name":"Qui Som"}]},{"@type":"WebSite","@id":"https:\/\/nomen.es\/#website","url":"https:\/\/nomen.es\/","name":"Nomen","description":"Mucho m\u00e1s que arroz","potentialAction":[{"@type":"SearchAction","target":{"@type":"EntryPoint","urlTemplate":"https:\/\/nomen.es\/?s={search_term_string}"},"query-input":{"@type":"PropertyValueSpecification","valueRequired":true,"valueName":"search_term_string"}}],"inLanguage":"ca"}]}},"_links":{"self":[{"href":"https:\/\/nomen.es\/ca\/wp-json\/wp\/v2\/pages\/7","targetHints":{"allow":["GET"]}}],"collection":[{"href":"https:\/\/nomen.es\/ca\/wp-json\/wp\/v2\/pages"}],"about":[{"href":"https:\/\/nomen.es\/ca\/wp-json\/wp\/v2\/types\/page"}],"author":[{"embeddable":true,"href":"https:\/\/nomen.es\/ca\/wp-json\/wp\/v2\/users\/1"}],"replies":[{"embeddable":true,"href":"https:\/\/nomen.es\/ca\/wp-json\/wp\/v2\/comments?post=7"}],"version-history":[{"count":1,"href":"https:\/\/nomen.es\/ca\/wp-json\/wp\/v2\/pages\/7\/revisions"}],"predecessor-version":[{"id":44135,"href":"https:\/\/nomen.es\/ca\/wp-json\/wp\/v2\/pages\/7\/revisions\/44135"}],"wp:attachment":[{"href":"https:\/\/nomen.es\/ca\/wp-json\/wp\/v2\/media?parent=7"}],"curies":[{"name":"wp","href":"https:\/\/api.w.org\/{rel}","templated":true}]}}

<p>[et_pb_section fb_built=&#8221;1&#8243; admin_label=&#8221;section&#8221; _builder_version=&#8221;4.24.2&#8243; background_image=&#8221;https://nomen.es/wp-content/uploads/2024/02/portada-quienes-nomen.jpg&#8221; global_colors_info=&#8221;{}&#8221;][et_pb_row admin_label=&#8221;row&#8221; _builder_version=&#8221;4.24.2&#8243; background_size=&#8221;initial&#8221; background_position=&#8221;top_left&#8221; background_repeat=&#8221;repeat&#8221; max_width=&#8221;600px&#8221; module_alignment=&#8221;center&#8221; global_colors_info=&#8221;{}&#8221;][et_pb_column type=&#8221;4_4&#8243; _builder_version=&#8221;4.16&#8243; custom_padding=&#8221;|||&#8221; global_colors_info=&#8221;{}&#8221; custom_padding__hover=&#8221;|||&#8221;][et_pb_text _builder_version=&#8221;4.24.2&#8243; _module_preset=&#8221;default&#8221; header_text_align=&#8221;center&#8221; global_colors_info=&#8221;{}&#8221;]</p>
<h1 class="text-blanc">Qui Som</h1>
<p>[/et_pb_text][et_pb_text _builder_version=&#8221;4.24.2&#8243; _module_preset=&#8221;default&#8221; text_orientation=&#8221;center&#8221; custom_margin=&#8221;||25px||false|false&#8221; global_colors_info=&#8221;{}&#8221;]</p>
<p class="text-blanc">El 1860 es va sembrar al Delta de l&#8217;Ebre la llavor del que avui és una de les més grans cooperatives arrosseres d&#8217;Espanya. Amb una capacitat de producció anual de més de 45 milions de quilos d&#8217;arròs, la Cooperativa Arrossaires del Delta de l&#8217;Ebre ha fet de la tradició, la qualitat i la innovació, la raó de ser de gairebé 2000 socis que dediquen cada dia de les seves vides al cultiu dels millors arrossos del món.</p>
<p>[/et_pb_text][et_pb_button button_url=&#8221;@ET-DC@eyJkeW5hbWljIjp0cnVlLCJjb250ZW50IjoicG9zdF9saW5rX3VybF9wYWdlIiwic2V0dGluZ3MiOnsicG9zdF9pZCI6IjkxIn19@&#8221; button_text=&#8221;Coneix la nostra història&#8221; button_alignment=&#8221;center&#8221; _builder_version=&#8221;4.25.1&#8243; _dynamic_attributes=&#8221;button_url&#8221; _module_preset=&#8221;cce0e8a0-b866-482d-a9f0-602a2b859cb8&#8243; hover_enabled=&#8221;0&#8243; global_colors_info=&#8221;{}&#8221; sticky_enabled=&#8221;0&#8243;][/et_pb_button][/et_pb_column][/et_pb_row][/et_pb_section][et_pb_section fb_built=&#8221;1&#8243; _builder_version=&#8221;4.24.2&#8243; _module_preset=&#8221;default&#8221; global_colors_info=&#8221;{}&#8221;][et_pb_row column_structure=&#8221;2_3,1_3&#8243; _builder_version=&#8221;4.24.2&#8243; _module_preset=&#8221;default&#8221; global_colors_info=&#8221;{}&#8221;][et_pb_column type=&#8221;2_3&#8243; _builder_version=&#8221;4.24.2&#8243; _module_preset=&#8221;default&#8221; global_colors_info=&#8221;{}&#8221;][et_pb_text _builder_version=&#8221;4.24.2&#8243; _module_preset=&#8221;default&#8221; global_colors_info=&#8221;{}&#8221;]</p>
<h2>Una cooperativa amb més de 150 anys d&#8217;història.</h2>
<p>Aquesta realitat no seria possible sense assumir els compromisos més exigents per mantenir intactes les característiques que fan del nostre arròs un producte únic. Compromisos que vetllen per arribar sempre i sense excepció al consumidor amb la seguretat d&#8217;adquirir un producte de qualitat, un dels més importants dins de la Dieta Mediterrània. Compromisos per col·laborar amb els distribuïdors i les indústries de transformació per estendre i potenciar el seu consum. Compromisos que atorguen valor a l&#8217;esforç de cada un dels agricultors que treballen la nostra terra. Compromisos que han aconseguit que l&#8217;autèntica essència d&#8217;Arrossaires del Delta de l&#8217;Ebre perduri generació rere generació.</p>
<p>[/et_pb_text][et_pb_text _builder_version=&#8221;4.24.2&#8243; _module_preset=&#8221;default&#8221; global_colors_info=&#8221;{}&#8221;]</p>
<h2>Tradició i innovació, les llavors dels millors arrossos.</h2>
<p>És un privilegi excepcional conrear els camps del Parc Natural del Delta de l&#8217;Ebre, un espai protegit on es respira l&#8217;essència arrossera d&#8217;anys i anys de tradició. La seva extensió de gairebé 22.000 hectàrees permet recollir 120 milions de quilos d&#8217;arròs en closca que acabaran convertint-se en 70 milions de quilos de l&#8217;arròs blanc més apreciat pels consumidors i de les varietats Bahia, Gleva i Bomba. Un lloc on, a l&#8217;abril, el temps sembla que s&#8217;atura cada vegada que l&#8217;aigua torna a inundar els camps de cultiu fins que comença la sembra. Una festa de colors i brillantors que culmina a mitjans de setembre donant pas a la gran festa de la recollida. Un cicle que dóna fe de l&#8217;estima per aquesta terra i per un cultiu respectuós amb el medi ambient, que aconsegueix l&#8217;harmonia perfecta entre l&#8217;explotació agrària i els valors naturals d&#8217;un Parc únic al món.</p>
<p>[/et_pb_text][/et_pb_column][et_pb_column type=&#8221;1_3&#8243; _builder_version=&#8221;4.24.2&#8243; _module_preset=&#8221;default&#8221; global_colors_info=&#8221;{}&#8221;][et_pb_image src=&#8221;https://nomen.es/wp-content/uploads/2015/10/arroz-redondo-nomen-earth.jpg&#8221; title_text=&#8221;arroz-redondo-nomen-earth&#8221; _builder_version=&#8221;4.24.2&#8243; _module_preset=&#8221;default&#8221; global_colors_info=&#8221;{}&#8221;][/et_pb_image][/et_pb_column][/et_pb_row][/et_pb_section]</p>

<p>Qui SomEl 1860 es va sembrar al Delta de l&#8217;Ebre la llavor del que avui és una de les més grans cooperatives arrosseres d&#8217;Espanya. Amb una capacitat de producció anual de més de 45 milions de quilos d&#8217;arròs, la Cooperativa Arrossaires del Delta de l&#8217;Ebre ha fet de la tradició, la qualitat i la innovació, [&hellip;]</p>

<!-- This site is optimized with the Yoast SEO plugin v27.5 - https://yoast.com/product/yoast-seo-wordpress/ -->
<title>Qui Som - Nomen</title>
<meta name="robots" content="index, follow, max-snippet:-1, max-image-preview:large, max-video-preview:-1" />
<link rel="canonical" href="https://nomen.es/ca/qui-som/" />
<meta property="og:locale" content="ca_ES" />
<meta property="og:type" content="article" />
<meta property="og:title" content="Qui Som - Nomen" />
<meta property="og:description" content="Qui SomEl 1860 es va sembrar al Delta de l&#039;Ebre la llavor del que avui és una de les més grans cooperatives arrosseres d&#039;Espanya. Amb una capacitat de producció anual de més de 45 milions de quilos d&#039;arròs, la Cooperativa Arrossaires del Delta de l&#039;Ebre ha fet de la tradició, la qualitat i la innovació, [&hellip;]" />
<meta property="og:url" content="https://nomen.es/ca/qui-som/" />
<meta property="og:site_name" content="Nomen" />
<meta property="article:modified_time" content="2024-05-15T06:47:31+00:00" />
<meta name="twitter:label1" content="Temps estimat de lectura" />
	<meta name="twitter:data1" content="2 minuts" />
<script type="application/ld+json" class="yoast-schema-graph">{"@context":"https:\/\/schema.org","@graph":[{"@type":"WebPage","@id":"https:\/\/nomen.es\/ca\/qui-som\/","url":"https:\/\/nomen.es\/ca\/qui-som\/","name":"Qui Som - Nomen","isPartOf":{"@id":"https:\/\/nomen.es\/#website"},"datePublished":"2015-09-26T17:33:30+00:00","dateModified":"2024-05-15T06:47:31+00:00","breadcrumb":{"@id":"https:\/\/nomen.es\/ca\/qui-som\/#breadcrumb"},"inLanguage":"ca","potentialAction":[{"@type":"ReadAction","target":["https:\/\/nomen.es\/ca\/qui-som\/"]}]},{"@type":"BreadcrumbList","@id":"https:\/\/nomen.es\/ca\/qui-som\/#breadcrumb","itemListElement":[{"@type":"ListItem","position":1,"name":"Portada","item":"https:\/\/nomen.es\/ca\/"},{"@type":"ListItem","position":2,"name":"Qui Som"}]},{"@type":"WebSite","@id":"https:\/\/nomen.es\/#website","url":"https:\/\/nomen.es\/","name":"Nomen","description":"Mucho más que arroz","potentialAction":[{"@type":"SearchAction","target":{"@type":"EntryPoint","urlTemplate":"https:\/\/nomen.es\/?s={search_term_string}"},"query-input":{"@type":"PropertyValueSpecification","valueRequired":true,"valueName":"search_term_string"}}],"inLanguage":"ca"}]}</script>
<!-- / Yoast SEO plugin. -->

Qui SomEl 1860 es va sembrar al Delta de l'Ebre la llavor del que avui és una de les més grans cooperatives arrosseres d'Espanya. Amb una capacitat de producció anual de més de 45 milions de quilos d'arròs, la Cooperativa Arrossaires del Delta de l'Ebre ha fet de la tradició, la qualitat i la innovació, [&hellip;]

Mucho más que arroz
