{"id":1454,"date":"2016-01-04T09:13:31","date_gmt":"2016-01-04T09:13:31","guid":{"rendered":"https:\/\/nomen.es\/ca\/?post_type=recepta&#038;p=1454"},"modified":"2016-01-04T09:13:31","modified_gmt":"2016-01-04T09:13:31","slug":"llenties-amb-arros-i-verdures","status":"publish","type":"recepta","link":"https:\/\/nomen.es\/ca\/recepta\/llenties-amb-arros-i-verdures\/","title":{"rendered":"Llenties amb arr\u00f2s i verdures"},"content":{"rendered":"<p>El primer ser\u00e0 coure l&#8217;arr\u00f2s en mig litre d&#8217;aigua amb sal. Bullir uns 12 minuts aproximadament, colar i reservar per afegir posteriorment a les llenties.<\/p>\n<p>A continuaci\u00f3, tallar totes les verdures en <span class=\"hiddenSpellError\">brunoise<\/span>. Les tallarem molt petites i les reservarem en plats separats.<\/p>\n<p>Despr\u00e9s, posar a l&#8217;olla una mica d&#8217;oli d&#8217;oliva. Ofegar la ceba a foc mitj\u00e0. Afegir el gra d&#8217;all i cuinar uns 5 minuts m\u00e9s. Afegir els pebrots i, a continuaci\u00f3, la pastanaga i carabassa. Continuar la cocci\u00f3 fins que les verdures estiguin cuites.<\/p>\n<p>Paral\u00b7lelament, bullir en una olla les llenties, pr\u00e8viament rentades, amb la fulla de llorer i una mica de sal. El temps de cocci\u00f3 oscil\u00b7lar\u00e0 entre 40 i 50 minuts aproximadament.<\/p>\n<p>Un cop estiguin les llenties cuites, esc\u00f3rrer i posar juntament amb les verdures i una mica del brou de cocci\u00f3. Afegir l&#8217;arr\u00f2s. Donar un bull, rectificar de sal i deixar reposar abans de menjar.<\/p>\n<p>Decorar amb una mica de germinat d&#8217;all.<\/p>\n","protected":false},"featured_media":1435,"template":"","format":"standard","categoria-receptes":[21,177],"class_list":["post-1454","recepta","type-recepta","status-publish","format-standard","has-post-thumbnail","hentry","categoria-receptes-altres","categoria-receptes-ideals-per-a-tupper"],"acf":[],"yoast_head":"<!-- This site is optimized with the Yoast SEO plugin v27.5 - https:\/\/yoast.com\/product\/yoast-seo-wordpress\/ -->\n<title>Llenties amb arr\u00f2s i verdures - Nomen<\/title>\n<meta name=\"description\" content=\"Recepta Nomen de llenties amb arr\u00f2s i verdures\" \/>\n<meta name=\"robots\" content=\"index, follow, max-snippet:-1, max-image-preview:large, max-video-preview:-1\" \/>\n<link rel=\"canonical\" href=\"https:\/\/nomen.es\/ca\/recepta\/llenties-amb-arros-i-verdures\/\" \/>\n<meta property=\"og:locale\" content=\"ca_ES\" \/>\n<meta property=\"og:type\" content=\"article\" \/>\n<meta property=\"og:title\" content=\"Llenties amb arr\u00f2s i verdures - Nomen\" \/>\n<meta property=\"og:description\" content=\"Recepta Nomen de llenties amb arr\u00f2s i verdures\" \/>\n<meta property=\"og:url\" content=\"https:\/\/nomen.es\/ca\/recepta\/llenties-amb-arros-i-verdures\/\" \/>\n<meta property=\"og:site_name\" content=\"Nomen\" \/>\n<meta property=\"og:image\" content=\"https:\/\/nomen.es\/wp-content\/uploads\/2015\/12\/lentejas_arroz.png\" \/>\n\t<meta property=\"og:image:width\" content=\"1000\" \/>\n\t<meta property=\"og:image:height\" content=\"494\" \/>\n\t<meta property=\"og:image:type\" content=\"image\/png\" \/>\n<meta name=\"twitter:label1\" content=\"Temps estimat de lectura\" \/>\n\t<meta name=\"twitter:data1\" content=\"1 minut\" \/>\n<script type=\"application\/ld+json\" class=\"yoast-schema-graph\">{\"@context\":\"https:\\\/\\\/schema.org\",\"@graph\":[{\"@type\":\"WebPage\",\"@id\":\"https:\\\/\\\/nomen.es\\\/ca\\\/recepta\\\/llenties-amb-arros-i-verdures\\\/\",\"url\":\"https:\\\/\\\/nomen.es\\\/ca\\\/recepta\\\/llenties-amb-arros-i-verdures\\\/\",\"name\":\"Llenties amb arr\u00f2s i verdures - Nomen\",\"isPartOf\":{\"@id\":\"https:\\\/\\\/nomen.es\\\/#website\"},\"primaryImageOfPage\":{\"@id\":\"https:\\\/\\\/nomen.es\\\/ca\\\/recepta\\\/llenties-amb-arros-i-verdures\\\/#primaryimage\"},\"image\":{\"@id\":\"https:\\\/\\\/nomen.es\\\/ca\\\/recepta\\\/llenties-amb-arros-i-verdures\\\/#primaryimage\"},\"thumbnailUrl\":\"https:\\\/\\\/nomen.es\\\/wp-content\\\/uploads\\\/2015\\\/12\\\/lentejas_arroz.png\",\"datePublished\":\"2016-01-04T09:13:31+00:00\",\"description\":\"Recepta Nomen de llenties amb arr\u00f2s i verdures\",\"breadcrumb\":{\"@id\":\"https:\\\/\\\/nomen.es\\\/ca\\\/recepta\\\/llenties-amb-arros-i-verdures\\\/#breadcrumb\"},\"inLanguage\":\"ca\",\"potentialAction\":[{\"@type\":\"ReadAction\",\"target\":[\"https:\\\/\\\/nomen.es\\\/ca\\\/recepta\\\/llenties-amb-arros-i-verdures\\\/\"]}]},{\"@type\":\"ImageObject\",\"inLanguage\":\"ca\",\"@id\":\"https:\\\/\\\/nomen.es\\\/ca\\\/recepta\\\/llenties-amb-arros-i-verdures\\\/#primaryimage\",\"url\":\"https:\\\/\\\/nomen.es\\\/wp-content\\\/uploads\\\/2015\\\/12\\\/lentejas_arroz.png\",\"contentUrl\":\"https:\\\/\\\/nomen.es\\\/wp-content\\\/uploads\\\/2015\\\/12\\\/lentejas_arroz.png\",\"width\":1000,\"height\":494},{\"@type\":\"BreadcrumbList\",\"@id\":\"https:\\\/\\\/nomen.es\\\/ca\\\/recepta\\\/llenties-amb-arros-i-verdures\\\/#breadcrumb\",\"itemListElement\":[{\"@type\":\"ListItem\",\"position\":1,\"name\":\"Portada\",\"item\":\"https:\\\/\\\/nomen.es\\\/ca\\\/\"},{\"@type\":\"ListItem\",\"position\":2,\"name\":\"Receptes\",\"item\":\"https:\\\/\\\/nomen.es\\\/receta\\\/\"},{\"@type\":\"ListItem\",\"position\":3,\"name\":\"Llenties amb arr\u00f2s i verdures\"}]},{\"@type\":\"WebSite\",\"@id\":\"https:\\\/\\\/nomen.es\\\/#website\",\"url\":\"https:\\\/\\\/nomen.es\\\/\",\"name\":\"Nomen\",\"description\":\"Mucho m\u00e1s que arroz\",\"potentialAction\":[{\"@type\":\"SearchAction\",\"target\":{\"@type\":\"EntryPoint\",\"urlTemplate\":\"https:\\\/\\\/nomen.es\\\/?s={search_term_string}\"},\"query-input\":{\"@type\":\"PropertyValueSpecification\",\"valueRequired\":true,\"valueName\":\"search_term_string\"}}],\"inLanguage\":\"ca\"}]}<\/script>\n<!-- \/ Yoast SEO plugin. -->","yoast_head_json":{"title":"Llenties amb arr\u00f2s i verdures - Nomen","description":"Recepta Nomen de llenties amb arr\u00f2s i verdures","robots":{"index":"index","follow":"follow","max-snippet":"max-snippet:-1","max-image-preview":"max-image-preview:large","max-video-preview":"max-video-preview:-1"},"canonical":"https:\/\/nomen.es\/ca\/recepta\/llenties-amb-arros-i-verdures\/","og_locale":"ca_ES","og_type":"article","og_title":"Llenties amb arr\u00f2s i verdures - Nomen","og_description":"Recepta Nomen de llenties amb arr\u00f2s i verdures","og_url":"https:\/\/nomen.es\/ca\/recepta\/llenties-amb-arros-i-verdures\/","og_site_name":"Nomen","og_image":[{"width":1000,"height":494,"url":"https:\/\/nomen.es\/wp-content\/uploads\/2015\/12\/lentejas_arroz.png","type":"image\/png"}],"twitter_misc":{"Temps estimat de lectura":"1 minut"},"schema":{"@context":"https:\/\/schema.org","@graph":[{"@type":"WebPage","@id":"https:\/\/nomen.es\/ca\/recepta\/llenties-amb-arros-i-verdures\/","url":"https:\/\/nomen.es\/ca\/recepta\/llenties-amb-arros-i-verdures\/","name":"Llenties amb arr\u00f2s i verdures - Nomen","isPartOf":{"@id":"https:\/\/nomen.es\/#website"},"primaryImageOfPage":{"@id":"https:\/\/nomen.es\/ca\/recepta\/llenties-amb-arros-i-verdures\/#primaryimage"},"image":{"@id":"https:\/\/nomen.es\/ca\/recepta\/llenties-amb-arros-i-verdures\/#primaryimage"},"thumbnailUrl":"https:\/\/nomen.es\/wp-content\/uploads\/2015\/12\/lentejas_arroz.png","datePublished":"2016-01-04T09:13:31+00:00","description":"Recepta Nomen de llenties amb arr\u00f2s i verdures","breadcrumb":{"@id":"https:\/\/nomen.es\/ca\/recepta\/llenties-amb-arros-i-verdures\/#breadcrumb"},"inLanguage":"ca","potentialAction":[{"@type":"ReadAction","target":["https:\/\/nomen.es\/ca\/recepta\/llenties-amb-arros-i-verdures\/"]}]},{"@type":"ImageObject","inLanguage":"ca","@id":"https:\/\/nomen.es\/ca\/recepta\/llenties-amb-arros-i-verdures\/#primaryimage","url":"https:\/\/nomen.es\/wp-content\/uploads\/2015\/12\/lentejas_arroz.png","contentUrl":"https:\/\/nomen.es\/wp-content\/uploads\/2015\/12\/lentejas_arroz.png","width":1000,"height":494},{"@type":"BreadcrumbList","@id":"https:\/\/nomen.es\/ca\/recepta\/llenties-amb-arros-i-verdures\/#breadcrumb","itemListElement":[{"@type":"ListItem","position":1,"name":"Portada","item":"https:\/\/nomen.es\/ca\/"},{"@type":"ListItem","position":2,"name":"Receptes","item":"https:\/\/nomen.es\/receta\/"},{"@type":"ListItem","position":3,"name":"Llenties amb arr\u00f2s i verdures"}]},{"@type":"WebSite","@id":"https:\/\/nomen.es\/#website","url":"https:\/\/nomen.es\/","name":"Nomen","description":"Mucho m\u00e1s que arroz","potentialAction":[{"@type":"SearchAction","target":{"@type":"EntryPoint","urlTemplate":"https:\/\/nomen.es\/?s={search_term_string}"},"query-input":{"@type":"PropertyValueSpecification","valueRequired":true,"valueName":"search_term_string"}}],"inLanguage":"ca"}]}},"_links":{"self":[{"href":"https:\/\/nomen.es\/ca\/wp-json\/wp\/v2\/recepta\/1454","targetHints":{"allow":["GET"]}}],"collection":[{"href":"https:\/\/nomen.es\/ca\/wp-json\/wp\/v2\/recepta"}],"about":[{"href":"https:\/\/nomen.es\/ca\/wp-json\/wp\/v2\/types\/recepta"}],"wp:featuredmedia":[{"embeddable":true,"href":"https:\/\/nomen.es\/ca\/wp-json\/wp\/v2\/media\/1435"}],"wp:attachment":[{"href":"https:\/\/nomen.es\/ca\/wp-json\/wp\/v2\/media?parent=1454"}],"wp:term":[{"taxonomy":"categoria-receptes","embeddable":true,"href":"https:\/\/nomen.es\/ca\/wp-json\/wp\/v2\/categoria-receptes?post=1454"}],"curies":[{"name":"wp","href":"https:\/\/api.w.org\/{rel}","templated":true}]}}

Llenties amb arròs i verdures

<p>El primer serà coure l&#8217;arròs en mig litre d&#8217;aigua amb sal. Bullir uns 12 minuts aproximadament, colar i reservar per afegir posteriorment a les llenties.</p>
<p>A continuació, tallar totes les verdures en <span class="hiddenSpellError">brunoise</span>. Les tallarem molt petites i les reservarem en plats separats.</p>
<p>Després, posar a l&#8217;olla una mica d&#8217;oli d&#8217;oliva. Ofegar la ceba a foc mitjà. Afegir el gra d&#8217;all i cuinar uns 5 minuts més. Afegir els pebrots i, a continuació, la pastanaga i carabassa. Continuar la cocció fins que les verdures estiguin cuites.</p>
<p>Paral·lelament, bullir en una olla les llenties, prèviament rentades, amb la fulla de llorer i una mica de sal. El temps de cocció oscil·larà entre 40 i 50 minuts aproximadament.</p>
<p>Un cop estiguin les llenties cuites, escórrer i posar juntament amb les verdures i una mica del brou de cocció. Afegir l&#8217;arròs. Donar un bull, rectificar de sal i deixar reposar abans de menjar.</p>
<p>Decorar amb una mica de germinat d&#8217;all.</p>

<!-- This site is optimized with the Yoast SEO plugin v27.5 - https://yoast.com/product/yoast-seo-wordpress/ -->
<title>Llenties amb arròs i verdures - Nomen</title>
<meta name="description" content="Recepta Nomen de llenties amb arròs i verdures" />
<meta name="robots" content="index, follow, max-snippet:-1, max-image-preview:large, max-video-preview:-1" />
<link rel="canonical" href="https://nomen.es/ca/recepta/llenties-amb-arros-i-verdures/" />
<meta property="og:locale" content="ca_ES" />
<meta property="og:type" content="article" />
<meta property="og:title" content="Llenties amb arròs i verdures - Nomen" />
<meta property="og:description" content="Recepta Nomen de llenties amb arròs i verdures" />
<meta property="og:url" content="https://nomen.es/ca/recepta/llenties-amb-arros-i-verdures/" />
<meta property="og:site_name" content="Nomen" />
<meta property="og:image" content="https://nomen.es/wp-content/uploads/2015/12/lentejas_arroz.png" />
	<meta property="og:image:width" content="1000" />
	<meta property="og:image:height" content="494" />
	<meta property="og:image:type" content="image/png" />
<meta name="twitter:label1" content="Temps estimat de lectura" />
	<meta name="twitter:data1" content="1 minut" />
<script type="application/ld+json" class="yoast-schema-graph">{"@context":"https:\/\/schema.org","@graph":[{"@type":"WebPage","@id":"https:\/\/nomen.es\/ca\/recepta\/llenties-amb-arros-i-verdures\/","url":"https:\/\/nomen.es\/ca\/recepta\/llenties-amb-arros-i-verdures\/","name":"Llenties amb arròs i verdures - Nomen","isPartOf":{"@id":"https:\/\/nomen.es\/#website"},"primaryImageOfPage":{"@id":"https:\/\/nomen.es\/ca\/recepta\/llenties-amb-arros-i-verdures\/#primaryimage"},"image":{"@id":"https:\/\/nomen.es\/ca\/recepta\/llenties-amb-arros-i-verdures\/#primaryimage"},"thumbnailUrl":"https:\/\/nomen.es\/wp-content\/uploads\/2015\/12\/lentejas_arroz.png","datePublished":"2016-01-04T09:13:31+00:00","description":"Recepta Nomen de llenties amb arròs i verdures","breadcrumb":{"@id":"https:\/\/nomen.es\/ca\/recepta\/llenties-amb-arros-i-verdures\/#breadcrumb"},"inLanguage":"ca","potentialAction":[{"@type":"ReadAction","target":["https:\/\/nomen.es\/ca\/recepta\/llenties-amb-arros-i-verdures\/"]}]},{"@type":"ImageObject","inLanguage":"ca","@id":"https:\/\/nomen.es\/ca\/recepta\/llenties-amb-arros-i-verdures\/#primaryimage","url":"https:\/\/nomen.es\/wp-content\/uploads\/2015\/12\/lentejas_arroz.png","contentUrl":"https:\/\/nomen.es\/wp-content\/uploads\/2015\/12\/lentejas_arroz.png","width":1000,"height":494},{"@type":"BreadcrumbList","@id":"https:\/\/nomen.es\/ca\/recepta\/llenties-amb-arros-i-verdures\/#breadcrumb","itemListElement":[{"@type":"ListItem","position":1,"name":"Portada","item":"https:\/\/nomen.es\/ca\/"},{"@type":"ListItem","position":2,"name":"Receptes","item":"https:\/\/nomen.es\/receta\/"},{"@type":"ListItem","position":3,"name":"Llenties amb arròs i verdures"}]},{"@type":"WebSite","@id":"https:\/\/nomen.es\/#website","url":"https:\/\/nomen.es\/","name":"Nomen","description":"Mucho más que arroz","potentialAction":[{"@type":"SearchAction","target":{"@type":"EntryPoint","urlTemplate":"https:\/\/nomen.es\/?s={search_term_string}"},"query-input":{"@type":"PropertyValueSpecification","valueRequired":true,"valueName":"search_term_string"}}],"inLanguage":"ca"}]}</script>
<!-- / Yoast SEO plugin. -->

Llenties amb arròs i verdures - Nomen

Recepta Nomen de llenties amb arròs i verdures

Mucho más que arroz
