{"id":1838,"date":"2016-05-16T12:41:42","date_gmt":"2016-05-16T11:41:42","guid":{"rendered":"https:\/\/nomen.es\/ca\/?post_type=recepta&#038;p=1838"},"modified":"2016-05-13T12:45:09","modified_gmt":"2016-05-13T11:45:09","slug":"tomaquet-farcit-darros-integral-amb-tonyina-pastanaga-i-olives","status":"publish","type":"recepta","link":"https:\/\/nomen.es\/ca\/recepta\/tomaquet-farcit-darros-integral-amb-tonyina-pastanaga-i-olives\/","title":{"rendered":"Tom\u00e0quet farcit d\u2019arr\u00f2s integral amb tonyina, pastanaga i olives"},"content":{"rendered":"<p>Posar una cassola mitjana al foc amb aigua fins a la meitat. Rentar b\u00e9 els tom\u00e0quets i, amb un ganivet, fer-los una marca en forma de creu a la part oposada al peduncle. Quan l&#8217;aigua bulli, submergir els tom\u00e0quets 15 segons i, immediatament, refrescar-los amb aigua freda o en un bol d&#8217;aigua amb gel.<\/p>\n<p>Mantenir l&#8217;aigua bullint i tirar una culleradeta de sal i l&#8217;arr\u00f2s integral. Bullir 20 minuts, colar i reservar.<\/p>\n<p>Mentrestant, pelar els tom\u00e0quets i tallar una capa de la part superior per formar uns bols. Buidar la polpa amb una cullera i picar-la ben fina.<\/p>\n<p>Rentar, pelar i rallar la pastanaga i picar les olives.<\/p>\n<p>Barrejar l&#8217;arr\u00f2s, la polpa de tom\u00e0quet picat, la pastanaga rallada, les olives picades i la tonyina, amanir-ho amb l&#8217;oli i emplenar els tom\u00e0quets.<\/p>\n","protected":false},"featured_media":1837,"template":"","format":"standard","categoria-receptes":[21],"class_list":["post-1838","recepta","type-recepta","status-publish","format-standard","has-post-thumbnail","hentry","categoria-receptes-altres"],"acf":[],"yoast_head":"<!-- This site is optimized with the Yoast SEO plugin v27.4 - https:\/\/yoast.com\/product\/yoast-seo-wordpress\/ -->\n<title>Tom\u00e0quet farcit d\u2019arr\u00f2s integral amb tonyina, pastanaga i olives - Nomen<\/title>\n<meta name=\"description\" content=\"Recepta Nomen de tom\u00e0quet farcit d\u2019arr\u00f2s integral amb tonyina, pastanaga i olives\" \/>\n<meta name=\"robots\" content=\"index, follow, max-snippet:-1, max-image-preview:large, max-video-preview:-1\" \/>\n<link rel=\"canonical\" href=\"https:\/\/nomen.es\/ca\/recepta\/tomaquet-farcit-darros-integral-amb-tonyina-pastanaga-i-olives\/\" \/>\n<meta property=\"og:locale\" content=\"ca_ES\" \/>\n<meta property=\"og:type\" content=\"article\" \/>\n<meta property=\"og:title\" content=\"Tom\u00e0quet farcit d\u2019arr\u00f2s integral amb tonyina, pastanaga i olives - Nomen\" \/>\n<meta property=\"og:description\" content=\"Recepta Nomen de tom\u00e0quet farcit d\u2019arr\u00f2s integral amb tonyina, pastanaga i olives\" \/>\n<meta property=\"og:url\" content=\"https:\/\/nomen.es\/ca\/recepta\/tomaquet-farcit-darros-integral-amb-tonyina-pastanaga-i-olives\/\" \/>\n<meta property=\"og:site_name\" content=\"Nomen\" \/>\n<meta property=\"og:image\" content=\"https:\/\/nomen.es\/wp-content\/uploads\/2016\/05\/tomate_relleno.jpg\" \/>\n\t<meta property=\"og:image:width\" content=\"900\" \/>\n\t<meta property=\"og:image:height\" content=\"600\" \/>\n\t<meta property=\"og:image:type\" content=\"image\/jpeg\" \/>\n<meta name=\"twitter:label1\" content=\"Temps estimat de lectura\" \/>\n\t<meta name=\"twitter:data1\" content=\"1 minut\" \/>\n<script type=\"application\/ld+json\" class=\"yoast-schema-graph\">{\"@context\":\"https:\\\/\\\/schema.org\",\"@graph\":[{\"@type\":\"WebPage\",\"@id\":\"https:\\\/\\\/nomen.es\\\/ca\\\/recepta\\\/tomaquet-farcit-darros-integral-amb-tonyina-pastanaga-i-olives\\\/\",\"url\":\"https:\\\/\\\/nomen.es\\\/ca\\\/recepta\\\/tomaquet-farcit-darros-integral-amb-tonyina-pastanaga-i-olives\\\/\",\"name\":\"Tom\u00e0quet farcit d\u2019arr\u00f2s integral amb tonyina, pastanaga i olives - Nomen\",\"isPartOf\":{\"@id\":\"https:\\\/\\\/nomen.es\\\/#website\"},\"primaryImageOfPage\":{\"@id\":\"https:\\\/\\\/nomen.es\\\/ca\\\/recepta\\\/tomaquet-farcit-darros-integral-amb-tonyina-pastanaga-i-olives\\\/#primaryimage\"},\"image\":{\"@id\":\"https:\\\/\\\/nomen.es\\\/ca\\\/recepta\\\/tomaquet-farcit-darros-integral-amb-tonyina-pastanaga-i-olives\\\/#primaryimage\"},\"thumbnailUrl\":\"https:\\\/\\\/nomen.es\\\/wp-content\\\/uploads\\\/2016\\\/05\\\/tomate_relleno.jpg\",\"datePublished\":\"2016-05-16T11:41:42+00:00\",\"description\":\"Recepta Nomen de tom\u00e0quet farcit d\u2019arr\u00f2s integral amb tonyina, pastanaga i olives\",\"breadcrumb\":{\"@id\":\"https:\\\/\\\/nomen.es\\\/ca\\\/recepta\\\/tomaquet-farcit-darros-integral-amb-tonyina-pastanaga-i-olives\\\/#breadcrumb\"},\"inLanguage\":\"ca\",\"potentialAction\":[{\"@type\":\"ReadAction\",\"target\":[\"https:\\\/\\\/nomen.es\\\/ca\\\/recepta\\\/tomaquet-farcit-darros-integral-amb-tonyina-pastanaga-i-olives\\\/\"]}]},{\"@type\":\"ImageObject\",\"inLanguage\":\"ca\",\"@id\":\"https:\\\/\\\/nomen.es\\\/ca\\\/recepta\\\/tomaquet-farcit-darros-integral-amb-tonyina-pastanaga-i-olives\\\/#primaryimage\",\"url\":\"https:\\\/\\\/nomen.es\\\/wp-content\\\/uploads\\\/2016\\\/05\\\/tomate_relleno.jpg\",\"contentUrl\":\"https:\\\/\\\/nomen.es\\\/wp-content\\\/uploads\\\/2016\\\/05\\\/tomate_relleno.jpg\",\"width\":900,\"height\":600},{\"@type\":\"BreadcrumbList\",\"@id\":\"https:\\\/\\\/nomen.es\\\/ca\\\/recepta\\\/tomaquet-farcit-darros-integral-amb-tonyina-pastanaga-i-olives\\\/#breadcrumb\",\"itemListElement\":[{\"@type\":\"ListItem\",\"position\":1,\"name\":\"Portada\",\"item\":\"https:\\\/\\\/nomen.es\\\/ca\\\/\"},{\"@type\":\"ListItem\",\"position\":2,\"name\":\"Receptes\",\"item\":\"https:\\\/\\\/nomen.es\\\/receta\\\/\"},{\"@type\":\"ListItem\",\"position\":3,\"name\":\"Tom\u00e0quet farcit d\u2019arr\u00f2s integral amb tonyina, pastanaga i olives\"}]},{\"@type\":\"WebSite\",\"@id\":\"https:\\\/\\\/nomen.es\\\/#website\",\"url\":\"https:\\\/\\\/nomen.es\\\/\",\"name\":\"Nomen\",\"description\":\"Mucho m\u00e1s que arroz\",\"potentialAction\":[{\"@type\":\"SearchAction\",\"target\":{\"@type\":\"EntryPoint\",\"urlTemplate\":\"https:\\\/\\\/nomen.es\\\/?s={search_term_string}\"},\"query-input\":{\"@type\":\"PropertyValueSpecification\",\"valueRequired\":true,\"valueName\":\"search_term_string\"}}],\"inLanguage\":\"ca\"}]}<\/script>\n<!-- \/ Yoast SEO plugin. -->","yoast_head_json":{"title":"Tom\u00e0quet farcit d\u2019arr\u00f2s integral amb tonyina, pastanaga i olives - Nomen","description":"Recepta Nomen de tom\u00e0quet farcit d\u2019arr\u00f2s integral amb tonyina, pastanaga i olives","robots":{"index":"index","follow":"follow","max-snippet":"max-snippet:-1","max-image-preview":"max-image-preview:large","max-video-preview":"max-video-preview:-1"},"canonical":"https:\/\/nomen.es\/ca\/recepta\/tomaquet-farcit-darros-integral-amb-tonyina-pastanaga-i-olives\/","og_locale":"ca_ES","og_type":"article","og_title":"Tom\u00e0quet farcit d\u2019arr\u00f2s integral amb tonyina, pastanaga i olives - Nomen","og_description":"Recepta Nomen de tom\u00e0quet farcit d\u2019arr\u00f2s integral amb tonyina, pastanaga i olives","og_url":"https:\/\/nomen.es\/ca\/recepta\/tomaquet-farcit-darros-integral-amb-tonyina-pastanaga-i-olives\/","og_site_name":"Nomen","og_image":[{"width":900,"height":600,"url":"https:\/\/nomen.es\/wp-content\/uploads\/2016\/05\/tomate_relleno.jpg","type":"image\/jpeg"}],"twitter_misc":{"Temps estimat de lectura":"1 minut"},"schema":{"@context":"https:\/\/schema.org","@graph":[{"@type":"WebPage","@id":"https:\/\/nomen.es\/ca\/recepta\/tomaquet-farcit-darros-integral-amb-tonyina-pastanaga-i-olives\/","url":"https:\/\/nomen.es\/ca\/recepta\/tomaquet-farcit-darros-integral-amb-tonyina-pastanaga-i-olives\/","name":"Tom\u00e0quet farcit d\u2019arr\u00f2s integral amb tonyina, pastanaga i olives - Nomen","isPartOf":{"@id":"https:\/\/nomen.es\/#website"},"primaryImageOfPage":{"@id":"https:\/\/nomen.es\/ca\/recepta\/tomaquet-farcit-darros-integral-amb-tonyina-pastanaga-i-olives\/#primaryimage"},"image":{"@id":"https:\/\/nomen.es\/ca\/recepta\/tomaquet-farcit-darros-integral-amb-tonyina-pastanaga-i-olives\/#primaryimage"},"thumbnailUrl":"https:\/\/nomen.es\/wp-content\/uploads\/2016\/05\/tomate_relleno.jpg","datePublished":"2016-05-16T11:41:42+00:00","description":"Recepta Nomen de tom\u00e0quet farcit d\u2019arr\u00f2s integral amb tonyina, pastanaga i olives","breadcrumb":{"@id":"https:\/\/nomen.es\/ca\/recepta\/tomaquet-farcit-darros-integral-amb-tonyina-pastanaga-i-olives\/#breadcrumb"},"inLanguage":"ca","potentialAction":[{"@type":"ReadAction","target":["https:\/\/nomen.es\/ca\/recepta\/tomaquet-farcit-darros-integral-amb-tonyina-pastanaga-i-olives\/"]}]},{"@type":"ImageObject","inLanguage":"ca","@id":"https:\/\/nomen.es\/ca\/recepta\/tomaquet-farcit-darros-integral-amb-tonyina-pastanaga-i-olives\/#primaryimage","url":"https:\/\/nomen.es\/wp-content\/uploads\/2016\/05\/tomate_relleno.jpg","contentUrl":"https:\/\/nomen.es\/wp-content\/uploads\/2016\/05\/tomate_relleno.jpg","width":900,"height":600},{"@type":"BreadcrumbList","@id":"https:\/\/nomen.es\/ca\/recepta\/tomaquet-farcit-darros-integral-amb-tonyina-pastanaga-i-olives\/#breadcrumb","itemListElement":[{"@type":"ListItem","position":1,"name":"Portada","item":"https:\/\/nomen.es\/ca\/"},{"@type":"ListItem","position":2,"name":"Receptes","item":"https:\/\/nomen.es\/receta\/"},{"@type":"ListItem","position":3,"name":"Tom\u00e0quet farcit d\u2019arr\u00f2s integral amb tonyina, pastanaga i olives"}]},{"@type":"WebSite","@id":"https:\/\/nomen.es\/#website","url":"https:\/\/nomen.es\/","name":"Nomen","description":"Mucho m\u00e1s que arroz","potentialAction":[{"@type":"SearchAction","target":{"@type":"EntryPoint","urlTemplate":"https:\/\/nomen.es\/?s={search_term_string}"},"query-input":{"@type":"PropertyValueSpecification","valueRequired":true,"valueName":"search_term_string"}}],"inLanguage":"ca"}]}},"_links":{"self":[{"href":"https:\/\/nomen.es\/ca\/wp-json\/wp\/v2\/recepta\/1838","targetHints":{"allow":["GET"]}}],"collection":[{"href":"https:\/\/nomen.es\/ca\/wp-json\/wp\/v2\/recepta"}],"about":[{"href":"https:\/\/nomen.es\/ca\/wp-json\/wp\/v2\/types\/recepta"}],"wp:featuredmedia":[{"embeddable":true,"href":"https:\/\/nomen.es\/ca\/wp-json\/wp\/v2\/media\/1837"}],"wp:attachment":[{"href":"https:\/\/nomen.es\/ca\/wp-json\/wp\/v2\/media?parent=1838"}],"wp:term":[{"taxonomy":"categoria-receptes","embeddable":true,"href":"https:\/\/nomen.es\/ca\/wp-json\/wp\/v2\/categoria-receptes?post=1838"}],"curies":[{"name":"wp","href":"https:\/\/api.w.org\/{rel}","templated":true}]}}

Tomàquet farcit d’arròs integral amb tonyina, pastanaga i olives

<p>Posar una cassola mitjana al foc amb aigua fins a la meitat. Rentar bé els tomàquets i, amb un ganivet, fer-los una marca en forma de creu a la part oposada al peduncle. Quan l&#8217;aigua bulli, submergir els tomàquets 15 segons i, immediatament, refrescar-los amb aigua freda o en un bol d&#8217;aigua amb gel.</p>
<p>Mantenir l&#8217;aigua bullint i tirar una culleradeta de sal i l&#8217;arròs integral. Bullir 20 minuts, colar i reservar.</p>
<p>Mentrestant, pelar els tomàquets i tallar una capa de la part superior per formar uns bols. Buidar la polpa amb una cullera i picar-la ben fina.</p>
<p>Rentar, pelar i rallar la pastanaga i picar les olives.</p>
<p>Barrejar l&#8217;arròs, la polpa de tomàquet picat, la pastanaga rallada, les olives picades i la tonyina, amanir-ho amb l&#8217;oli i emplenar els tomàquets.</p>

<!-- This site is optimized with the Yoast SEO plugin v27.4 - https://yoast.com/product/yoast-seo-wordpress/ -->
<title>Tomàquet farcit d’arròs integral amb tonyina, pastanaga i olives - Nomen</title>
<meta name="description" content="Recepta Nomen de tomàquet farcit d’arròs integral amb tonyina, pastanaga i olives" />
<meta name="robots" content="index, follow, max-snippet:-1, max-image-preview:large, max-video-preview:-1" />
<link rel="canonical" href="https://nomen.es/ca/recepta/tomaquet-farcit-darros-integral-amb-tonyina-pastanaga-i-olives/" />
<meta property="og:locale" content="ca_ES" />
<meta property="og:type" content="article" />
<meta property="og:title" content="Tomàquet farcit d’arròs integral amb tonyina, pastanaga i olives - Nomen" />
<meta property="og:description" content="Recepta Nomen de tomàquet farcit d’arròs integral amb tonyina, pastanaga i olives" />
<meta property="og:url" content="https://nomen.es/ca/recepta/tomaquet-farcit-darros-integral-amb-tonyina-pastanaga-i-olives/" />
<meta property="og:site_name" content="Nomen" />
<meta property="og:image" content="https://nomen.es/wp-content/uploads/2016/05/tomate_relleno.jpg" />
	<meta property="og:image:width" content="900" />
	<meta property="og:image:height" content="600" />
	<meta property="og:image:type" content="image/jpeg" />
<meta name="twitter:label1" content="Temps estimat de lectura" />
	<meta name="twitter:data1" content="1 minut" />
<script type="application/ld+json" class="yoast-schema-graph">{"@context":"https:\/\/schema.org","@graph":[{"@type":"WebPage","@id":"https:\/\/nomen.es\/ca\/recepta\/tomaquet-farcit-darros-integral-amb-tonyina-pastanaga-i-olives\/","url":"https:\/\/nomen.es\/ca\/recepta\/tomaquet-farcit-darros-integral-amb-tonyina-pastanaga-i-olives\/","name":"Tomàquet farcit d’arròs integral amb tonyina, pastanaga i olives - Nomen","isPartOf":{"@id":"https:\/\/nomen.es\/#website"},"primaryImageOfPage":{"@id":"https:\/\/nomen.es\/ca\/recepta\/tomaquet-farcit-darros-integral-amb-tonyina-pastanaga-i-olives\/#primaryimage"},"image":{"@id":"https:\/\/nomen.es\/ca\/recepta\/tomaquet-farcit-darros-integral-amb-tonyina-pastanaga-i-olives\/#primaryimage"},"thumbnailUrl":"https:\/\/nomen.es\/wp-content\/uploads\/2016\/05\/tomate_relleno.jpg","datePublished":"2016-05-16T11:41:42+00:00","description":"Recepta Nomen de tomàquet farcit d’arròs integral amb tonyina, pastanaga i olives","breadcrumb":{"@id":"https:\/\/nomen.es\/ca\/recepta\/tomaquet-farcit-darros-integral-amb-tonyina-pastanaga-i-olives\/#breadcrumb"},"inLanguage":"ca","potentialAction":[{"@type":"ReadAction","target":["https:\/\/nomen.es\/ca\/recepta\/tomaquet-farcit-darros-integral-amb-tonyina-pastanaga-i-olives\/"]}]},{"@type":"ImageObject","inLanguage":"ca","@id":"https:\/\/nomen.es\/ca\/recepta\/tomaquet-farcit-darros-integral-amb-tonyina-pastanaga-i-olives\/#primaryimage","url":"https:\/\/nomen.es\/wp-content\/uploads\/2016\/05\/tomate_relleno.jpg","contentUrl":"https:\/\/nomen.es\/wp-content\/uploads\/2016\/05\/tomate_relleno.jpg","width":900,"height":600},{"@type":"BreadcrumbList","@id":"https:\/\/nomen.es\/ca\/recepta\/tomaquet-farcit-darros-integral-amb-tonyina-pastanaga-i-olives\/#breadcrumb","itemListElement":[{"@type":"ListItem","position":1,"name":"Portada","item":"https:\/\/nomen.es\/ca\/"},{"@type":"ListItem","position":2,"name":"Receptes","item":"https:\/\/nomen.es\/receta\/"},{"@type":"ListItem","position":3,"name":"Tomàquet farcit d’arròs integral amb tonyina, pastanaga i olives"}]},{"@type":"WebSite","@id":"https:\/\/nomen.es\/#website","url":"https:\/\/nomen.es\/","name":"Nomen","description":"Mucho más que arroz","potentialAction":[{"@type":"SearchAction","target":{"@type":"EntryPoint","urlTemplate":"https:\/\/nomen.es\/?s={search_term_string}"},"query-input":{"@type":"PropertyValueSpecification","valueRequired":true,"valueName":"search_term_string"}}],"inLanguage":"ca"}]}</script>
<!-- / Yoast SEO plugin. -->

Tomàquet farcit d’arròs integral amb tonyina, pastanaga i olives - Nomen

Recepta Nomen de tomàquet farcit d’arròs integral amb tonyina, pastanaga i olives

Mucho más que arroz
