{"id":1889,"date":"2016-05-30T10:47:20","date_gmt":"2016-05-30T09:47:20","guid":{"rendered":"https:\/\/nomen.es\/ca\/?post_type=recepta&#038;p=1889"},"modified":"2016-05-30T10:47:20","modified_gmt":"2016-05-30T09:47:20","slug":"amanida-duo-darrossos-amb-tomaquet-sec-orellanes-parmesa-i-ruca","status":"publish","type":"recepta","link":"https:\/\/nomen.es\/ca\/recepta\/amanida-duo-darrossos-amb-tomaquet-sec-orellanes-parmesa-i-ruca\/","title":{"rendered":"Amanida duo d\u2019arrossos amb tom\u00e0quet sec, orellanes, parmes\u00e0 i ruca"},"content":{"rendered":"<p>Posar una cassola amb aigua a bullir. Tirar l&#8217;<a href=\"https:\/\/nomen.es\/ca\/arros\/arros-integral-nomen\/\" target=\"_blank\">arr\u00f2s integral<\/a> i un polsim de sal quan arrenqui el bulliment. Mentrestant, rentar b\u00e9 l&#8217;<a href=\"https:\/\/nomen.es\/ca\/arros\/arros-basmati-brajma-nomen\/\" target=\"_blank\">arr\u00f2s basmati<\/a> dins d\u2019un colador sota el doll d&#8217;aigua freda fins que l&#8217;aigua surti clara. Passats 10 minuts de cocci\u00f3 de l&#8217;arr\u00f2s integral, agregar l&#8217;arr\u00f2s basmati. Bullir 10 minuts els dos arrossos junts i, a continuaci\u00f3, colar i deixar refredar.<\/p>\n<p>Picar el tom\u00e0quet sec i les orellanes, i agregar-ho a la mescla d&#8217;arrossos.<\/p>\n<p>Amb l&#8217;ajuda d&#8217;un pelador, tallar unes l\u00e0mines de parmes\u00e0.<\/p>\n<p>Disposar els arrossos dins d\u2019una font, unes l\u00e0mines de parmes\u00e0 i unes fulles de ruca per damunt, i ruixar amb un raig d\u2019oli dels tom\u00e0quets.<\/p>\n","protected":false},"featured_media":1887,"template":"","format":"standard","categoria-receptes":[11],"class_list":["post-1889","recepta","type-recepta","status-publish","format-standard","has-post-thumbnail","hentry","categoria-receptes-amanida"],"acf":[],"yoast_head":"<!-- This site is optimized with the Yoast SEO plugin v27.4 - https:\/\/yoast.com\/product\/yoast-seo-wordpress\/ -->\n<title>Amanida duo d\u2019arrossos amb tom\u00e0quet sec, orellanes, parmes\u00e0 i ruca - Nomen<\/title>\n<meta name=\"description\" content=\"Recepta Nomen d&#039;amanida duo d\u2019arrossos amb tom\u00e0quet sec, orellanes, parmes\u00e0 i ruca\" \/>\n<meta name=\"robots\" content=\"index, follow, max-snippet:-1, max-image-preview:large, max-video-preview:-1\" \/>\n<link rel=\"canonical\" href=\"https:\/\/nomen.es\/ca\/recepta\/amanida-duo-darrossos-amb-tomaquet-sec-orellanes-parmesa-i-ruca\/\" \/>\n<meta property=\"og:locale\" content=\"ca_ES\" \/>\n<meta property=\"og:type\" content=\"article\" \/>\n<meta property=\"og:title\" content=\"Amanida duo d\u2019arrossos amb tom\u00e0quet sec, orellanes, parmes\u00e0 i ruca - Nomen\" \/>\n<meta property=\"og:description\" content=\"Recepta Nomen d&#039;amanida duo d\u2019arrossos amb tom\u00e0quet sec, orellanes, parmes\u00e0 i ruca\" \/>\n<meta property=\"og:url\" content=\"https:\/\/nomen.es\/ca\/recepta\/amanida-duo-darrossos-amb-tomaquet-sec-orellanes-parmesa-i-ruca\/\" \/>\n<meta property=\"og:site_name\" content=\"Nomen\" \/>\n<meta property=\"og:image\" content=\"https:\/\/nomen.es\/wp-content\/uploads\/2016\/05\/ensalada_duo.jpg\" \/>\n\t<meta property=\"og:image:width\" content=\"900\" \/>\n\t<meta property=\"og:image:height\" content=\"600\" \/>\n\t<meta property=\"og:image:type\" content=\"image\/jpeg\" \/>\n<meta name=\"twitter:label1\" content=\"Temps estimat de lectura\" \/>\n\t<meta name=\"twitter:data1\" content=\"1 minut\" \/>\n<script type=\"application\/ld+json\" class=\"yoast-schema-graph\">{\"@context\":\"https:\\\/\\\/schema.org\",\"@graph\":[{\"@type\":\"WebPage\",\"@id\":\"https:\\\/\\\/nomen.es\\\/ca\\\/recepta\\\/amanida-duo-darrossos-amb-tomaquet-sec-orellanes-parmesa-i-ruca\\\/\",\"url\":\"https:\\\/\\\/nomen.es\\\/ca\\\/recepta\\\/amanida-duo-darrossos-amb-tomaquet-sec-orellanes-parmesa-i-ruca\\\/\",\"name\":\"Amanida duo d\u2019arrossos amb tom\u00e0quet sec, orellanes, parmes\u00e0 i ruca - Nomen\",\"isPartOf\":{\"@id\":\"https:\\\/\\\/nomen.es\\\/#website\"},\"primaryImageOfPage\":{\"@id\":\"https:\\\/\\\/nomen.es\\\/ca\\\/recepta\\\/amanida-duo-darrossos-amb-tomaquet-sec-orellanes-parmesa-i-ruca\\\/#primaryimage\"},\"image\":{\"@id\":\"https:\\\/\\\/nomen.es\\\/ca\\\/recepta\\\/amanida-duo-darrossos-amb-tomaquet-sec-orellanes-parmesa-i-ruca\\\/#primaryimage\"},\"thumbnailUrl\":\"https:\\\/\\\/nomen.es\\\/wp-content\\\/uploads\\\/2016\\\/05\\\/ensalada_duo.jpg\",\"datePublished\":\"2016-05-30T09:47:20+00:00\",\"description\":\"Recepta Nomen d'amanida duo d\u2019arrossos amb tom\u00e0quet sec, orellanes, parmes\u00e0 i ruca\",\"breadcrumb\":{\"@id\":\"https:\\\/\\\/nomen.es\\\/ca\\\/recepta\\\/amanida-duo-darrossos-amb-tomaquet-sec-orellanes-parmesa-i-ruca\\\/#breadcrumb\"},\"inLanguage\":\"ca\",\"potentialAction\":[{\"@type\":\"ReadAction\",\"target\":[\"https:\\\/\\\/nomen.es\\\/ca\\\/recepta\\\/amanida-duo-darrossos-amb-tomaquet-sec-orellanes-parmesa-i-ruca\\\/\"]}]},{\"@type\":\"ImageObject\",\"inLanguage\":\"ca\",\"@id\":\"https:\\\/\\\/nomen.es\\\/ca\\\/recepta\\\/amanida-duo-darrossos-amb-tomaquet-sec-orellanes-parmesa-i-ruca\\\/#primaryimage\",\"url\":\"https:\\\/\\\/nomen.es\\\/wp-content\\\/uploads\\\/2016\\\/05\\\/ensalada_duo.jpg\",\"contentUrl\":\"https:\\\/\\\/nomen.es\\\/wp-content\\\/uploads\\\/2016\\\/05\\\/ensalada_duo.jpg\",\"width\":900,\"height\":600},{\"@type\":\"BreadcrumbList\",\"@id\":\"https:\\\/\\\/nomen.es\\\/ca\\\/recepta\\\/amanida-duo-darrossos-amb-tomaquet-sec-orellanes-parmesa-i-ruca\\\/#breadcrumb\",\"itemListElement\":[{\"@type\":\"ListItem\",\"position\":1,\"name\":\"Portada\",\"item\":\"https:\\\/\\\/nomen.es\\\/ca\\\/\"},{\"@type\":\"ListItem\",\"position\":2,\"name\":\"Receptes\",\"item\":\"https:\\\/\\\/nomen.es\\\/receta\\\/\"},{\"@type\":\"ListItem\",\"position\":3,\"name\":\"Amanida duo d\u2019arrossos amb tom\u00e0quet sec, orellanes, parmes\u00e0 i ruca\"}]},{\"@type\":\"WebSite\",\"@id\":\"https:\\\/\\\/nomen.es\\\/#website\",\"url\":\"https:\\\/\\\/nomen.es\\\/\",\"name\":\"Nomen\",\"description\":\"Mucho m\u00e1s que arroz\",\"potentialAction\":[{\"@type\":\"SearchAction\",\"target\":{\"@type\":\"EntryPoint\",\"urlTemplate\":\"https:\\\/\\\/nomen.es\\\/?s={search_term_string}\"},\"query-input\":{\"@type\":\"PropertyValueSpecification\",\"valueRequired\":true,\"valueName\":\"search_term_string\"}}],\"inLanguage\":\"ca\"}]}<\/script>\n<!-- \/ Yoast SEO plugin. -->","yoast_head_json":{"title":"Amanida duo d\u2019arrossos amb tom\u00e0quet sec, orellanes, parmes\u00e0 i ruca - Nomen","description":"Recepta Nomen d'amanida duo d\u2019arrossos amb tom\u00e0quet sec, orellanes, parmes\u00e0 i ruca","robots":{"index":"index","follow":"follow","max-snippet":"max-snippet:-1","max-image-preview":"max-image-preview:large","max-video-preview":"max-video-preview:-1"},"canonical":"https:\/\/nomen.es\/ca\/recepta\/amanida-duo-darrossos-amb-tomaquet-sec-orellanes-parmesa-i-ruca\/","og_locale":"ca_ES","og_type":"article","og_title":"Amanida duo d\u2019arrossos amb tom\u00e0quet sec, orellanes, parmes\u00e0 i ruca - Nomen","og_description":"Recepta Nomen d'amanida duo d\u2019arrossos amb tom\u00e0quet sec, orellanes, parmes\u00e0 i ruca","og_url":"https:\/\/nomen.es\/ca\/recepta\/amanida-duo-darrossos-amb-tomaquet-sec-orellanes-parmesa-i-ruca\/","og_site_name":"Nomen","og_image":[{"width":900,"height":600,"url":"https:\/\/nomen.es\/wp-content\/uploads\/2016\/05\/ensalada_duo.jpg","type":"image\/jpeg"}],"twitter_misc":{"Temps estimat de lectura":"1 minut"},"schema":{"@context":"https:\/\/schema.org","@graph":[{"@type":"WebPage","@id":"https:\/\/nomen.es\/ca\/recepta\/amanida-duo-darrossos-amb-tomaquet-sec-orellanes-parmesa-i-ruca\/","url":"https:\/\/nomen.es\/ca\/recepta\/amanida-duo-darrossos-amb-tomaquet-sec-orellanes-parmesa-i-ruca\/","name":"Amanida duo d\u2019arrossos amb tom\u00e0quet sec, orellanes, parmes\u00e0 i ruca - Nomen","isPartOf":{"@id":"https:\/\/nomen.es\/#website"},"primaryImageOfPage":{"@id":"https:\/\/nomen.es\/ca\/recepta\/amanida-duo-darrossos-amb-tomaquet-sec-orellanes-parmesa-i-ruca\/#primaryimage"},"image":{"@id":"https:\/\/nomen.es\/ca\/recepta\/amanida-duo-darrossos-amb-tomaquet-sec-orellanes-parmesa-i-ruca\/#primaryimage"},"thumbnailUrl":"https:\/\/nomen.es\/wp-content\/uploads\/2016\/05\/ensalada_duo.jpg","datePublished":"2016-05-30T09:47:20+00:00","description":"Recepta Nomen d'amanida duo d\u2019arrossos amb tom\u00e0quet sec, orellanes, parmes\u00e0 i ruca","breadcrumb":{"@id":"https:\/\/nomen.es\/ca\/recepta\/amanida-duo-darrossos-amb-tomaquet-sec-orellanes-parmesa-i-ruca\/#breadcrumb"},"inLanguage":"ca","potentialAction":[{"@type":"ReadAction","target":["https:\/\/nomen.es\/ca\/recepta\/amanida-duo-darrossos-amb-tomaquet-sec-orellanes-parmesa-i-ruca\/"]}]},{"@type":"ImageObject","inLanguage":"ca","@id":"https:\/\/nomen.es\/ca\/recepta\/amanida-duo-darrossos-amb-tomaquet-sec-orellanes-parmesa-i-ruca\/#primaryimage","url":"https:\/\/nomen.es\/wp-content\/uploads\/2016\/05\/ensalada_duo.jpg","contentUrl":"https:\/\/nomen.es\/wp-content\/uploads\/2016\/05\/ensalada_duo.jpg","width":900,"height":600},{"@type":"BreadcrumbList","@id":"https:\/\/nomen.es\/ca\/recepta\/amanida-duo-darrossos-amb-tomaquet-sec-orellanes-parmesa-i-ruca\/#breadcrumb","itemListElement":[{"@type":"ListItem","position":1,"name":"Portada","item":"https:\/\/nomen.es\/ca\/"},{"@type":"ListItem","position":2,"name":"Receptes","item":"https:\/\/nomen.es\/receta\/"},{"@type":"ListItem","position":3,"name":"Amanida duo d\u2019arrossos amb tom\u00e0quet sec, orellanes, parmes\u00e0 i ruca"}]},{"@type":"WebSite","@id":"https:\/\/nomen.es\/#website","url":"https:\/\/nomen.es\/","name":"Nomen","description":"Mucho m\u00e1s que arroz","potentialAction":[{"@type":"SearchAction","target":{"@type":"EntryPoint","urlTemplate":"https:\/\/nomen.es\/?s={search_term_string}"},"query-input":{"@type":"PropertyValueSpecification","valueRequired":true,"valueName":"search_term_string"}}],"inLanguage":"ca"}]}},"_links":{"self":[{"href":"https:\/\/nomen.es\/ca\/wp-json\/wp\/v2\/recepta\/1889","targetHints":{"allow":["GET"]}}],"collection":[{"href":"https:\/\/nomen.es\/ca\/wp-json\/wp\/v2\/recepta"}],"about":[{"href":"https:\/\/nomen.es\/ca\/wp-json\/wp\/v2\/types\/recepta"}],"wp:featuredmedia":[{"embeddable":true,"href":"https:\/\/nomen.es\/ca\/wp-json\/wp\/v2\/media\/1887"}],"wp:attachment":[{"href":"https:\/\/nomen.es\/ca\/wp-json\/wp\/v2\/media?parent=1889"}],"wp:term":[{"taxonomy":"categoria-receptes","embeddable":true,"href":"https:\/\/nomen.es\/ca\/wp-json\/wp\/v2\/categoria-receptes?post=1889"}],"curies":[{"name":"wp","href":"https:\/\/api.w.org\/{rel}","templated":true}]}}

Amanida duo d’arrossos amb tomàquet sec, orellanes, parmesà i ruca

<p>Posar una cassola amb aigua a bullir. Tirar l&#8217;<a href="https://nomen.es/ca/arros/arros-integral-nomen/" target="_blank">arròs integral</a> i un polsim de sal quan arrenqui el bulliment. Mentrestant, rentar bé l&#8217;<a href="https://nomen.es/ca/arros/arros-basmati-brajma-nomen/" target="_blank">arròs basmati</a> dins d’un colador sota el doll d&#8217;aigua freda fins que l&#8217;aigua surti clara. Passats 10 minuts de cocció de l&#8217;arròs integral, agregar l&#8217;arròs basmati. Bullir 10 minuts els dos arrossos junts i, a continuació, colar i deixar refredar.</p>
<p>Picar el tomàquet sec i les orellanes, i agregar-ho a la mescla d&#8217;arrossos.</p>
<p>Amb l&#8217;ajuda d&#8217;un pelador, tallar unes làmines de parmesà.</p>
<p>Disposar els arrossos dins d’una font, unes làmines de parmesà i unes fulles de ruca per damunt, i ruixar amb un raig d’oli dels tomàquets.</p>

<!-- This site is optimized with the Yoast SEO plugin v27.4 - https://yoast.com/product/yoast-seo-wordpress/ -->
<title>Amanida duo d’arrossos amb tomàquet sec, orellanes, parmesà i ruca - Nomen</title>
<meta name="description" content="Recepta Nomen d&#039;amanida duo d’arrossos amb tomàquet sec, orellanes, parmesà i ruca" />
<meta name="robots" content="index, follow, max-snippet:-1, max-image-preview:large, max-video-preview:-1" />
<link rel="canonical" href="https://nomen.es/ca/recepta/amanida-duo-darrossos-amb-tomaquet-sec-orellanes-parmesa-i-ruca/" />
<meta property="og:locale" content="ca_ES" />
<meta property="og:type" content="article" />
<meta property="og:title" content="Amanida duo d’arrossos amb tomàquet sec, orellanes, parmesà i ruca - Nomen" />
<meta property="og:description" content="Recepta Nomen d&#039;amanida duo d’arrossos amb tomàquet sec, orellanes, parmesà i ruca" />
<meta property="og:url" content="https://nomen.es/ca/recepta/amanida-duo-darrossos-amb-tomaquet-sec-orellanes-parmesa-i-ruca/" />
<meta property="og:site_name" content="Nomen" />
<meta property="og:image" content="https://nomen.es/wp-content/uploads/2016/05/ensalada_duo.jpg" />
	<meta property="og:image:width" content="900" />
	<meta property="og:image:height" content="600" />
	<meta property="og:image:type" content="image/jpeg" />
<meta name="twitter:label1" content="Temps estimat de lectura" />
	<meta name="twitter:data1" content="1 minut" />
<script type="application/ld+json" class="yoast-schema-graph">{"@context":"https:\/\/schema.org","@graph":[{"@type":"WebPage","@id":"https:\/\/nomen.es\/ca\/recepta\/amanida-duo-darrossos-amb-tomaquet-sec-orellanes-parmesa-i-ruca\/","url":"https:\/\/nomen.es\/ca\/recepta\/amanida-duo-darrossos-amb-tomaquet-sec-orellanes-parmesa-i-ruca\/","name":"Amanida duo d’arrossos amb tomàquet sec, orellanes, parmesà i ruca - Nomen","isPartOf":{"@id":"https:\/\/nomen.es\/#website"},"primaryImageOfPage":{"@id":"https:\/\/nomen.es\/ca\/recepta\/amanida-duo-darrossos-amb-tomaquet-sec-orellanes-parmesa-i-ruca\/#primaryimage"},"image":{"@id":"https:\/\/nomen.es\/ca\/recepta\/amanida-duo-darrossos-amb-tomaquet-sec-orellanes-parmesa-i-ruca\/#primaryimage"},"thumbnailUrl":"https:\/\/nomen.es\/wp-content\/uploads\/2016\/05\/ensalada_duo.jpg","datePublished":"2016-05-30T09:47:20+00:00","description":"Recepta Nomen d'amanida duo d’arrossos amb tomàquet sec, orellanes, parmesà i ruca","breadcrumb":{"@id":"https:\/\/nomen.es\/ca\/recepta\/amanida-duo-darrossos-amb-tomaquet-sec-orellanes-parmesa-i-ruca\/#breadcrumb"},"inLanguage":"ca","potentialAction":[{"@type":"ReadAction","target":["https:\/\/nomen.es\/ca\/recepta\/amanida-duo-darrossos-amb-tomaquet-sec-orellanes-parmesa-i-ruca\/"]}]},{"@type":"ImageObject","inLanguage":"ca","@id":"https:\/\/nomen.es\/ca\/recepta\/amanida-duo-darrossos-amb-tomaquet-sec-orellanes-parmesa-i-ruca\/#primaryimage","url":"https:\/\/nomen.es\/wp-content\/uploads\/2016\/05\/ensalada_duo.jpg","contentUrl":"https:\/\/nomen.es\/wp-content\/uploads\/2016\/05\/ensalada_duo.jpg","width":900,"height":600},{"@type":"BreadcrumbList","@id":"https:\/\/nomen.es\/ca\/recepta\/amanida-duo-darrossos-amb-tomaquet-sec-orellanes-parmesa-i-ruca\/#breadcrumb","itemListElement":[{"@type":"ListItem","position":1,"name":"Portada","item":"https:\/\/nomen.es\/ca\/"},{"@type":"ListItem","position":2,"name":"Receptes","item":"https:\/\/nomen.es\/receta\/"},{"@type":"ListItem","position":3,"name":"Amanida duo d’arrossos amb tomàquet sec, orellanes, parmesà i ruca"}]},{"@type":"WebSite","@id":"https:\/\/nomen.es\/#website","url":"https:\/\/nomen.es\/","name":"Nomen","description":"Mucho más que arroz","potentialAction":[{"@type":"SearchAction","target":{"@type":"EntryPoint","urlTemplate":"https:\/\/nomen.es\/?s={search_term_string}"},"query-input":{"@type":"PropertyValueSpecification","valueRequired":true,"valueName":"search_term_string"}}],"inLanguage":"ca"}]}</script>
<!-- / Yoast SEO plugin. -->

Amanida duo d’arrossos amb tomàquet sec, orellanes, parmesà i ruca - Nomen

Recepta Nomen d'amanida duo d’arrossos amb tomàquet sec, orellanes, parmesà i ruca

Mucho más que arroz
