{"id":2084,"date":"2016-08-04T12:35:53","date_gmt":"2016-08-04T11:35:53","guid":{"rendered":"https:\/\/nomen.es\/ca\/?post_type=recepta&#038;p=2084"},"modified":"2016-08-04T12:35:53","modified_gmt":"2016-08-04T11:35:53","slug":"arros-amb-llet-i-fruites","status":"publish","type":"recepta","link":"https:\/\/nomen.es\/ca\/recepta\/arros-amb-llet-i-fruites\/","title":{"rendered":"Arr\u00f2s amb llet i fruites"},"content":{"rendered":"<p>Es posa a escalfar l&#8217;arr\u00f2s en una olla a foc lent, amb la llet, la pell de la llimona, la canyella i el sucre. Es remou perqu\u00e8 no s\u2019enganxi. Una vegada fet, s&#8217;aparta perqu\u00e8 reposi.<\/p>\n<p>Per fer la crema de menta, es bull la nata i despr\u00e9s s&#8217;afegeix la menta. Es retira fins que refredi.<\/p>\n<p>Per separat, es baten els rovells amb sucre i s&#8217;afegeix la nata amb la menta, es posa al foc fins que bulli.<\/p>\n<p>Finalment, es posa en un recipient l&#8217;arr\u00f2s amb llet, damunt un gra de ra\u00efm i una m\u00f3ra tallada en l\u00e0mines i unes gotetes de crema de menta.<\/p>\n<blockquote><p>Recepta de Bea Garc\u00eda (Barcelona), 1\u00aa M\u00e9s Votada #ChefNomen2016 (Juliol)<em>.<\/em><\/p><\/blockquote>\n","protected":false},"featured_media":2070,"template":"","format":"standard","categoria-receptes":[13],"class_list":["post-2084","recepta","type-recepta","status-publish","format-standard","has-post-thumbnail","hentry","categoria-receptes-postres"],"acf":[],"yoast_head":"<!-- This site is optimized with the Yoast SEO plugin v27.4 - https:\/\/yoast.com\/product\/yoast-seo-wordpress\/ -->\n<title>Arr\u00f2s amb llet i fruites - Nomen<\/title>\n<meta name=\"description\" content=\"Recepta d&#039;arr\u00f2s amb llet i fruites.\" \/>\n<meta name=\"robots\" content=\"index, follow, max-snippet:-1, max-image-preview:large, max-video-preview:-1\" \/>\n<link rel=\"canonical\" href=\"https:\/\/nomen.es\/ca\/recepta\/arros-amb-llet-i-fruites\/\" \/>\n<meta property=\"og:locale\" content=\"ca_ES\" \/>\n<meta property=\"og:type\" content=\"article\" \/>\n<meta property=\"og:title\" content=\"Arr\u00f2s amb llet i fruites - Nomen\" \/>\n<meta property=\"og:description\" content=\"Recepta d&#039;arr\u00f2s amb llet i fruites.\" \/>\n<meta property=\"og:url\" content=\"https:\/\/nomen.es\/ca\/recepta\/arros-amb-llet-i-fruites\/\" \/>\n<meta property=\"og:site_name\" content=\"Nomen\" \/>\n<meta property=\"og:image\" content=\"https:\/\/nomen.es\/wp-content\/uploads\/2016\/08\/NOMEN_CONCURSOJULIO_VOTO1_CAT_900x600.jpg\" \/>\n\t<meta property=\"og:image:width\" content=\"900\" \/>\n\t<meta property=\"og:image:height\" content=\"600\" \/>\n\t<meta property=\"og:image:type\" content=\"image\/jpeg\" \/>\n<meta name=\"twitter:label1\" content=\"Temps estimat de lectura\" \/>\n\t<meta name=\"twitter:data1\" content=\"1 minut\" \/>\n<script type=\"application\/ld+json\" class=\"yoast-schema-graph\">{\"@context\":\"https:\\\/\\\/schema.org\",\"@graph\":[{\"@type\":\"WebPage\",\"@id\":\"https:\\\/\\\/nomen.es\\\/ca\\\/recepta\\\/arros-amb-llet-i-fruites\\\/\",\"url\":\"https:\\\/\\\/nomen.es\\\/ca\\\/recepta\\\/arros-amb-llet-i-fruites\\\/\",\"name\":\"Arr\u00f2s amb llet i fruites - Nomen\",\"isPartOf\":{\"@id\":\"https:\\\/\\\/nomen.es\\\/#website\"},\"primaryImageOfPage\":{\"@id\":\"https:\\\/\\\/nomen.es\\\/ca\\\/recepta\\\/arros-amb-llet-i-fruites\\\/#primaryimage\"},\"image\":{\"@id\":\"https:\\\/\\\/nomen.es\\\/ca\\\/recepta\\\/arros-amb-llet-i-fruites\\\/#primaryimage\"},\"thumbnailUrl\":\"https:\\\/\\\/nomen.es\\\/wp-content\\\/uploads\\\/2016\\\/08\\\/NOMEN_CONCURSOJULIO_VOTO1_CAT_900x600.jpg\",\"datePublished\":\"2016-08-04T11:35:53+00:00\",\"description\":\"Recepta d'arr\u00f2s amb llet i fruites.\",\"breadcrumb\":{\"@id\":\"https:\\\/\\\/nomen.es\\\/ca\\\/recepta\\\/arros-amb-llet-i-fruites\\\/#breadcrumb\"},\"inLanguage\":\"ca\",\"potentialAction\":[{\"@type\":\"ReadAction\",\"target\":[\"https:\\\/\\\/nomen.es\\\/ca\\\/recepta\\\/arros-amb-llet-i-fruites\\\/\"]}]},{\"@type\":\"ImageObject\",\"inLanguage\":\"ca\",\"@id\":\"https:\\\/\\\/nomen.es\\\/ca\\\/recepta\\\/arros-amb-llet-i-fruites\\\/#primaryimage\",\"url\":\"https:\\\/\\\/nomen.es\\\/wp-content\\\/uploads\\\/2016\\\/08\\\/NOMEN_CONCURSOJULIO_VOTO1_CAT_900x600.jpg\",\"contentUrl\":\"https:\\\/\\\/nomen.es\\\/wp-content\\\/uploads\\\/2016\\\/08\\\/NOMEN_CONCURSOJULIO_VOTO1_CAT_900x600.jpg\",\"width\":900,\"height\":600},{\"@type\":\"BreadcrumbList\",\"@id\":\"https:\\\/\\\/nomen.es\\\/ca\\\/recepta\\\/arros-amb-llet-i-fruites\\\/#breadcrumb\",\"itemListElement\":[{\"@type\":\"ListItem\",\"position\":1,\"name\":\"Portada\",\"item\":\"https:\\\/\\\/nomen.es\\\/ca\\\/\"},{\"@type\":\"ListItem\",\"position\":2,\"name\":\"Receptes\",\"item\":\"https:\\\/\\\/nomen.es\\\/receta\\\/\"},{\"@type\":\"ListItem\",\"position\":3,\"name\":\"Arr\u00f2s amb llet i fruites\"}]},{\"@type\":\"WebSite\",\"@id\":\"https:\\\/\\\/nomen.es\\\/#website\",\"url\":\"https:\\\/\\\/nomen.es\\\/\",\"name\":\"Nomen\",\"description\":\"Mucho m\u00e1s que arroz\",\"potentialAction\":[{\"@type\":\"SearchAction\",\"target\":{\"@type\":\"EntryPoint\",\"urlTemplate\":\"https:\\\/\\\/nomen.es\\\/?s={search_term_string}\"},\"query-input\":{\"@type\":\"PropertyValueSpecification\",\"valueRequired\":true,\"valueName\":\"search_term_string\"}}],\"inLanguage\":\"ca\"}]}<\/script>\n<!-- \/ Yoast SEO plugin. -->","yoast_head_json":{"title":"Arr\u00f2s amb llet i fruites - Nomen","description":"Recepta d'arr\u00f2s amb llet i fruites.","robots":{"index":"index","follow":"follow","max-snippet":"max-snippet:-1","max-image-preview":"max-image-preview:large","max-video-preview":"max-video-preview:-1"},"canonical":"https:\/\/nomen.es\/ca\/recepta\/arros-amb-llet-i-fruites\/","og_locale":"ca_ES","og_type":"article","og_title":"Arr\u00f2s amb llet i fruites - Nomen","og_description":"Recepta d'arr\u00f2s amb llet i fruites.","og_url":"https:\/\/nomen.es\/ca\/recepta\/arros-amb-llet-i-fruites\/","og_site_name":"Nomen","og_image":[{"width":900,"height":600,"url":"https:\/\/nomen.es\/wp-content\/uploads\/2016\/08\/NOMEN_CONCURSOJULIO_VOTO1_CAT_900x600.jpg","type":"image\/jpeg"}],"twitter_misc":{"Temps estimat de lectura":"1 minut"},"schema":{"@context":"https:\/\/schema.org","@graph":[{"@type":"WebPage","@id":"https:\/\/nomen.es\/ca\/recepta\/arros-amb-llet-i-fruites\/","url":"https:\/\/nomen.es\/ca\/recepta\/arros-amb-llet-i-fruites\/","name":"Arr\u00f2s amb llet i fruites - Nomen","isPartOf":{"@id":"https:\/\/nomen.es\/#website"},"primaryImageOfPage":{"@id":"https:\/\/nomen.es\/ca\/recepta\/arros-amb-llet-i-fruites\/#primaryimage"},"image":{"@id":"https:\/\/nomen.es\/ca\/recepta\/arros-amb-llet-i-fruites\/#primaryimage"},"thumbnailUrl":"https:\/\/nomen.es\/wp-content\/uploads\/2016\/08\/NOMEN_CONCURSOJULIO_VOTO1_CAT_900x600.jpg","datePublished":"2016-08-04T11:35:53+00:00","description":"Recepta d'arr\u00f2s amb llet i fruites.","breadcrumb":{"@id":"https:\/\/nomen.es\/ca\/recepta\/arros-amb-llet-i-fruites\/#breadcrumb"},"inLanguage":"ca","potentialAction":[{"@type":"ReadAction","target":["https:\/\/nomen.es\/ca\/recepta\/arros-amb-llet-i-fruites\/"]}]},{"@type":"ImageObject","inLanguage":"ca","@id":"https:\/\/nomen.es\/ca\/recepta\/arros-amb-llet-i-fruites\/#primaryimage","url":"https:\/\/nomen.es\/wp-content\/uploads\/2016\/08\/NOMEN_CONCURSOJULIO_VOTO1_CAT_900x600.jpg","contentUrl":"https:\/\/nomen.es\/wp-content\/uploads\/2016\/08\/NOMEN_CONCURSOJULIO_VOTO1_CAT_900x600.jpg","width":900,"height":600},{"@type":"BreadcrumbList","@id":"https:\/\/nomen.es\/ca\/recepta\/arros-amb-llet-i-fruites\/#breadcrumb","itemListElement":[{"@type":"ListItem","position":1,"name":"Portada","item":"https:\/\/nomen.es\/ca\/"},{"@type":"ListItem","position":2,"name":"Receptes","item":"https:\/\/nomen.es\/receta\/"},{"@type":"ListItem","position":3,"name":"Arr\u00f2s amb llet i fruites"}]},{"@type":"WebSite","@id":"https:\/\/nomen.es\/#website","url":"https:\/\/nomen.es\/","name":"Nomen","description":"Mucho m\u00e1s que arroz","potentialAction":[{"@type":"SearchAction","target":{"@type":"EntryPoint","urlTemplate":"https:\/\/nomen.es\/?s={search_term_string}"},"query-input":{"@type":"PropertyValueSpecification","valueRequired":true,"valueName":"search_term_string"}}],"inLanguage":"ca"}]}},"_links":{"self":[{"href":"https:\/\/nomen.es\/ca\/wp-json\/wp\/v2\/recepta\/2084","targetHints":{"allow":["GET"]}}],"collection":[{"href":"https:\/\/nomen.es\/ca\/wp-json\/wp\/v2\/recepta"}],"about":[{"href":"https:\/\/nomen.es\/ca\/wp-json\/wp\/v2\/types\/recepta"}],"wp:featuredmedia":[{"embeddable":true,"href":"https:\/\/nomen.es\/ca\/wp-json\/wp\/v2\/media\/2070"}],"wp:attachment":[{"href":"https:\/\/nomen.es\/ca\/wp-json\/wp\/v2\/media?parent=2084"}],"wp:term":[{"taxonomy":"categoria-receptes","embeddable":true,"href":"https:\/\/nomen.es\/ca\/wp-json\/wp\/v2\/categoria-receptes?post=2084"}],"curies":[{"name":"wp","href":"https:\/\/api.w.org\/{rel}","templated":true}]}}

Arròs amb llet i fruites

<p>Es posa a escalfar l&#8217;arròs en una olla a foc lent, amb la llet, la pell de la llimona, la canyella i el sucre. Es remou perquè no s’enganxi. Una vegada fet, s&#8217;aparta perquè reposi.</p>
<p>Per fer la crema de menta, es bull la nata i després s&#8217;afegeix la menta. Es retira fins que refredi.</p>
<p>Per separat, es baten els rovells amb sucre i s&#8217;afegeix la nata amb la menta, es posa al foc fins que bulli.</p>
<p>Finalment, es posa en un recipient l&#8217;arròs amb llet, damunt un gra de raïm i una móra tallada en làmines i unes gotetes de crema de menta.</p>
<blockquote><p>Recepta de Bea García (Barcelona), 1ª Més Votada #ChefNomen2016 (Juliol)<em>.</em></p></blockquote>

<!-- This site is optimized with the Yoast SEO plugin v27.4 - https://yoast.com/product/yoast-seo-wordpress/ -->
<title>Arròs amb llet i fruites - Nomen</title>
<meta name="description" content="Recepta d&#039;arròs amb llet i fruites." />
<meta name="robots" content="index, follow, max-snippet:-1, max-image-preview:large, max-video-preview:-1" />
<link rel="canonical" href="https://nomen.es/ca/recepta/arros-amb-llet-i-fruites/" />
<meta property="og:locale" content="ca_ES" />
<meta property="og:type" content="article" />
<meta property="og:title" content="Arròs amb llet i fruites - Nomen" />
<meta property="og:description" content="Recepta d&#039;arròs amb llet i fruites." />
<meta property="og:url" content="https://nomen.es/ca/recepta/arros-amb-llet-i-fruites/" />
<meta property="og:site_name" content="Nomen" />
<meta property="og:image" content="https://nomen.es/wp-content/uploads/2016/08/NOMEN_CONCURSOJULIO_VOTO1_CAT_900x600.jpg" />
	<meta property="og:image:width" content="900" />
	<meta property="og:image:height" content="600" />
	<meta property="og:image:type" content="image/jpeg" />
<meta name="twitter:label1" content="Temps estimat de lectura" />
	<meta name="twitter:data1" content="1 minut" />
<script type="application/ld+json" class="yoast-schema-graph">{"@context":"https:\/\/schema.org","@graph":[{"@type":"WebPage","@id":"https:\/\/nomen.es\/ca\/recepta\/arros-amb-llet-i-fruites\/","url":"https:\/\/nomen.es\/ca\/recepta\/arros-amb-llet-i-fruites\/","name":"Arròs amb llet i fruites - Nomen","isPartOf":{"@id":"https:\/\/nomen.es\/#website"},"primaryImageOfPage":{"@id":"https:\/\/nomen.es\/ca\/recepta\/arros-amb-llet-i-fruites\/#primaryimage"},"image":{"@id":"https:\/\/nomen.es\/ca\/recepta\/arros-amb-llet-i-fruites\/#primaryimage"},"thumbnailUrl":"https:\/\/nomen.es\/wp-content\/uploads\/2016\/08\/NOMEN_CONCURSOJULIO_VOTO1_CAT_900x600.jpg","datePublished":"2016-08-04T11:35:53+00:00","description":"Recepta d'arròs amb llet i fruites.","breadcrumb":{"@id":"https:\/\/nomen.es\/ca\/recepta\/arros-amb-llet-i-fruites\/#breadcrumb"},"inLanguage":"ca","potentialAction":[{"@type":"ReadAction","target":["https:\/\/nomen.es\/ca\/recepta\/arros-amb-llet-i-fruites\/"]}]},{"@type":"ImageObject","inLanguage":"ca","@id":"https:\/\/nomen.es\/ca\/recepta\/arros-amb-llet-i-fruites\/#primaryimage","url":"https:\/\/nomen.es\/wp-content\/uploads\/2016\/08\/NOMEN_CONCURSOJULIO_VOTO1_CAT_900x600.jpg","contentUrl":"https:\/\/nomen.es\/wp-content\/uploads\/2016\/08\/NOMEN_CONCURSOJULIO_VOTO1_CAT_900x600.jpg","width":900,"height":600},{"@type":"BreadcrumbList","@id":"https:\/\/nomen.es\/ca\/recepta\/arros-amb-llet-i-fruites\/#breadcrumb","itemListElement":[{"@type":"ListItem","position":1,"name":"Portada","item":"https:\/\/nomen.es\/ca\/"},{"@type":"ListItem","position":2,"name":"Receptes","item":"https:\/\/nomen.es\/receta\/"},{"@type":"ListItem","position":3,"name":"Arròs amb llet i fruites"}]},{"@type":"WebSite","@id":"https:\/\/nomen.es\/#website","url":"https:\/\/nomen.es\/","name":"Nomen","description":"Mucho más que arroz","potentialAction":[{"@type":"SearchAction","target":{"@type":"EntryPoint","urlTemplate":"https:\/\/nomen.es\/?s={search_term_string}"},"query-input":{"@type":"PropertyValueSpecification","valueRequired":true,"valueName":"search_term_string"}}],"inLanguage":"ca"}]}</script>
<!-- / Yoast SEO plugin. -->

Arròs amb llet i fruites - Nomen

Recepta d'arròs amb llet i fruites.

Mucho más que arroz
