{"id":2086,"date":"2016-08-04T12:36:15","date_gmt":"2016-08-04T11:36:15","guid":{"rendered":"https:\/\/nomen.es\/ca\/?post_type=recepta&#038;p=2086"},"modified":"2016-08-04T12:36:15","modified_gmt":"2016-08-04T11:36:15","slug":"carbassons-farcits-darros","status":"publish","type":"recepta","link":"https:\/\/nomen.es\/ca\/recepta\/carbassons-farcits-darros\/","title":{"rendered":"Carbassons farcits d&#8217;arr\u00f2s"},"content":{"rendered":"<p>Tallem el carbass\u00f3 en dos i els fem en el forn a foc suau (15 minuts).<\/p>\n<p>Coem l&#8217;arr\u00f2s.<\/p>\n<p>Extraiem la polpa del carbass\u00f3 i la barregem amb l&#8217;arr\u00f2s i el tom\u00e0quet fregit natural.<\/p>\n<p>Emplenem els carbassons i els empolsem amb formatge ratllat.<\/p>\n<p>Opcional: es poden gratinar durant 5 minuts.<\/p>\n<blockquote><p>Recepta de Luisa Mar\u00eda Garc\u00eda Repiso (Lasarte), 2\u00aa M\u00e9s Votada #ChefNomen2016 (Juliol).<\/p><\/blockquote>\n","protected":false},"featured_media":2072,"template":"","format":"standard","categoria-receptes":[21],"class_list":["post-2086","recepta","type-recepta","status-publish","format-standard","has-post-thumbnail","hentry","categoria-receptes-altres"],"acf":[],"yoast_head":"<!-- This site is optimized with the Yoast SEO plugin v27.4 - https:\/\/yoast.com\/product\/yoast-seo-wordpress\/ -->\n<title>Carbassons farcits d&#039;arr\u00f2s - Nomen<\/title>\n<meta name=\"description\" content=\"Recepta de carbassons farcits d&#039;arr\u00f2s.\" \/>\n<meta name=\"robots\" content=\"index, follow, max-snippet:-1, max-image-preview:large, max-video-preview:-1\" \/>\n<link rel=\"canonical\" href=\"https:\/\/nomen.es\/receta\/calabacines-rellenos-arroz\/\" \/>\n<meta property=\"og:locale\" content=\"ca_ES\" \/>\n<meta property=\"og:type\" content=\"article\" \/>\n<meta property=\"og:title\" content=\"Carbassons farcits d&#039;arr\u00f2s - Nomen\" \/>\n<meta property=\"og:description\" content=\"Recepta de carbassons farcits d&#039;arr\u00f2s.\" \/>\n<meta property=\"og:url\" content=\"https:\/\/nomen.es\/receta\/calabacines-rellenos-arroz\/\" \/>\n<meta property=\"og:site_name\" content=\"Nomen\" \/>\n<meta property=\"og:image\" content=\"https:\/\/nomen.es\/wp-content\/uploads\/2016\/08\/NOMEN_CONCURSOJULIO_VOTO2_CAT_900x600.jpg\" \/>\n\t<meta property=\"og:image:width\" content=\"900\" \/>\n\t<meta property=\"og:image:height\" content=\"600\" \/>\n\t<meta property=\"og:image:type\" content=\"image\/jpeg\" \/>\n<script type=\"application\/ld+json\" class=\"yoast-schema-graph\">{\"@context\":\"https:\\\/\\\/schema.org\",\"@graph\":[{\"@type\":\"WebPage\",\"@id\":\"https:\\\/\\\/nomen.es\\\/receta\\\/calabacines-rellenos-arroz\\\/\",\"url\":\"https:\\\/\\\/nomen.es\\\/receta\\\/calabacines-rellenos-arroz\\\/\",\"name\":\"Carbassons farcits d'arr\u00f2s - Nomen\",\"isPartOf\":{\"@id\":\"https:\\\/\\\/nomen.es\\\/#website\"},\"primaryImageOfPage\":{\"@id\":\"https:\\\/\\\/nomen.es\\\/receta\\\/calabacines-rellenos-arroz\\\/#primaryimage\"},\"image\":{\"@id\":\"https:\\\/\\\/nomen.es\\\/receta\\\/calabacines-rellenos-arroz\\\/#primaryimage\"},\"thumbnailUrl\":\"https:\\\/\\\/nomen.es\\\/wp-content\\\/uploads\\\/2016\\\/08\\\/NOMEN_CONCURSOJULIO_VOTO2_CAT_900x600.jpg\",\"datePublished\":\"2016-08-04T11:36:15+00:00\",\"description\":\"Recepta de carbassons farcits d'arr\u00f2s.\",\"breadcrumb\":{\"@id\":\"https:\\\/\\\/nomen.es\\\/receta\\\/calabacines-rellenos-arroz\\\/#breadcrumb\"},\"inLanguage\":\"ca\",\"potentialAction\":[{\"@type\":\"ReadAction\",\"target\":[\"https:\\\/\\\/nomen.es\\\/receta\\\/calabacines-rellenos-arroz\\\/\"]}]},{\"@type\":\"ImageObject\",\"inLanguage\":\"ca\",\"@id\":\"https:\\\/\\\/nomen.es\\\/receta\\\/calabacines-rellenos-arroz\\\/#primaryimage\",\"url\":\"https:\\\/\\\/nomen.es\\\/wp-content\\\/uploads\\\/2016\\\/08\\\/NOMEN_CONCURSOJULIO_VOTO2_CAT_900x600.jpg\",\"contentUrl\":\"https:\\\/\\\/nomen.es\\\/wp-content\\\/uploads\\\/2016\\\/08\\\/NOMEN_CONCURSOJULIO_VOTO2_CAT_900x600.jpg\",\"width\":900,\"height\":600},{\"@type\":\"BreadcrumbList\",\"@id\":\"https:\\\/\\\/nomen.es\\\/receta\\\/calabacines-rellenos-arroz\\\/#breadcrumb\",\"itemListElement\":[{\"@type\":\"ListItem\",\"position\":1,\"name\":\"Portada\",\"item\":\"https:\\\/\\\/nomen.es\\\/ca\\\/\"},{\"@type\":\"ListItem\",\"position\":2,\"name\":\"Receptes\",\"item\":\"https:\\\/\\\/nomen.es\\\/receta\\\/\"},{\"@type\":\"ListItem\",\"position\":3,\"name\":\"Carbassons farcits d&#8217;arr\u00f2s\"}]},{\"@type\":\"WebSite\",\"@id\":\"https:\\\/\\\/nomen.es\\\/#website\",\"url\":\"https:\\\/\\\/nomen.es\\\/\",\"name\":\"Nomen\",\"description\":\"Mucho m\u00e1s que arroz\",\"potentialAction\":[{\"@type\":\"SearchAction\",\"target\":{\"@type\":\"EntryPoint\",\"urlTemplate\":\"https:\\\/\\\/nomen.es\\\/?s={search_term_string}\"},\"query-input\":{\"@type\":\"PropertyValueSpecification\",\"valueRequired\":true,\"valueName\":\"search_term_string\"}}],\"inLanguage\":\"ca\"}]}<\/script>\n<!-- \/ Yoast SEO plugin. -->","yoast_head_json":{"title":"Carbassons farcits d'arr\u00f2s - Nomen","description":"Recepta de carbassons farcits d'arr\u00f2s.","robots":{"index":"index","follow":"follow","max-snippet":"max-snippet:-1","max-image-preview":"max-image-preview:large","max-video-preview":"max-video-preview:-1"},"canonical":"https:\/\/nomen.es\/receta\/calabacines-rellenos-arroz\/","og_locale":"ca_ES","og_type":"article","og_title":"Carbassons farcits d'arr\u00f2s - Nomen","og_description":"Recepta de carbassons farcits d'arr\u00f2s.","og_url":"https:\/\/nomen.es\/receta\/calabacines-rellenos-arroz\/","og_site_name":"Nomen","og_image":[{"width":900,"height":600,"url":"https:\/\/nomen.es\/wp-content\/uploads\/2016\/08\/NOMEN_CONCURSOJULIO_VOTO2_CAT_900x600.jpg","type":"image\/jpeg"}],"schema":{"@context":"https:\/\/schema.org","@graph":[{"@type":"WebPage","@id":"https:\/\/nomen.es\/receta\/calabacines-rellenos-arroz\/","url":"https:\/\/nomen.es\/receta\/calabacines-rellenos-arroz\/","name":"Carbassons farcits d'arr\u00f2s - Nomen","isPartOf":{"@id":"https:\/\/nomen.es\/#website"},"primaryImageOfPage":{"@id":"https:\/\/nomen.es\/receta\/calabacines-rellenos-arroz\/#primaryimage"},"image":{"@id":"https:\/\/nomen.es\/receta\/calabacines-rellenos-arroz\/#primaryimage"},"thumbnailUrl":"https:\/\/nomen.es\/wp-content\/uploads\/2016\/08\/NOMEN_CONCURSOJULIO_VOTO2_CAT_900x600.jpg","datePublished":"2016-08-04T11:36:15+00:00","description":"Recepta de carbassons farcits d'arr\u00f2s.","breadcrumb":{"@id":"https:\/\/nomen.es\/receta\/calabacines-rellenos-arroz\/#breadcrumb"},"inLanguage":"ca","potentialAction":[{"@type":"ReadAction","target":["https:\/\/nomen.es\/receta\/calabacines-rellenos-arroz\/"]}]},{"@type":"ImageObject","inLanguage":"ca","@id":"https:\/\/nomen.es\/receta\/calabacines-rellenos-arroz\/#primaryimage","url":"https:\/\/nomen.es\/wp-content\/uploads\/2016\/08\/NOMEN_CONCURSOJULIO_VOTO2_CAT_900x600.jpg","contentUrl":"https:\/\/nomen.es\/wp-content\/uploads\/2016\/08\/NOMEN_CONCURSOJULIO_VOTO2_CAT_900x600.jpg","width":900,"height":600},{"@type":"BreadcrumbList","@id":"https:\/\/nomen.es\/receta\/calabacines-rellenos-arroz\/#breadcrumb","itemListElement":[{"@type":"ListItem","position":1,"name":"Portada","item":"https:\/\/nomen.es\/ca\/"},{"@type":"ListItem","position":2,"name":"Receptes","item":"https:\/\/nomen.es\/receta\/"},{"@type":"ListItem","position":3,"name":"Carbassons farcits d&#8217;arr\u00f2s"}]},{"@type":"WebSite","@id":"https:\/\/nomen.es\/#website","url":"https:\/\/nomen.es\/","name":"Nomen","description":"Mucho m\u00e1s que arroz","potentialAction":[{"@type":"SearchAction","target":{"@type":"EntryPoint","urlTemplate":"https:\/\/nomen.es\/?s={search_term_string}"},"query-input":{"@type":"PropertyValueSpecification","valueRequired":true,"valueName":"search_term_string"}}],"inLanguage":"ca"}]}},"_links":{"self":[{"href":"https:\/\/nomen.es\/ca\/wp-json\/wp\/v2\/recepta\/2086","targetHints":{"allow":["GET"]}}],"collection":[{"href":"https:\/\/nomen.es\/ca\/wp-json\/wp\/v2\/recepta"}],"about":[{"href":"https:\/\/nomen.es\/ca\/wp-json\/wp\/v2\/types\/recepta"}],"wp:featuredmedia":[{"embeddable":true,"href":"https:\/\/nomen.es\/ca\/wp-json\/wp\/v2\/media\/2072"}],"wp:attachment":[{"href":"https:\/\/nomen.es\/ca\/wp-json\/wp\/v2\/media?parent=2086"}],"wp:term":[{"taxonomy":"categoria-receptes","embeddable":true,"href":"https:\/\/nomen.es\/ca\/wp-json\/wp\/v2\/categoria-receptes?post=2086"}],"curies":[{"name":"wp","href":"https:\/\/api.w.org\/{rel}","templated":true}]}}

Carbassons farcits d&#8217;arròs

<p>Tallem el carbassó en dos i els fem en el forn a foc suau (15 minuts).</p>
<p>Coem l&#8217;arròs.</p>
<p>Extraiem la polpa del carbassó i la barregem amb l&#8217;arròs i el tomàquet fregit natural.</p>
<p>Emplenem els carbassons i els empolsem amb formatge ratllat.</p>
<p>Opcional: es poden gratinar durant 5 minuts.</p>
<blockquote><p>Recepta de Luisa María García Repiso (Lasarte), 2ª Més Votada #ChefNomen2016 (Juliol).</p></blockquote>

<!-- This site is optimized with the Yoast SEO plugin v27.4 - https://yoast.com/product/yoast-seo-wordpress/ -->
<title>Carbassons farcits d&#039;arròs - Nomen</title>
<meta name="description" content="Recepta de carbassons farcits d&#039;arròs." />
<meta name="robots" content="index, follow, max-snippet:-1, max-image-preview:large, max-video-preview:-1" />
<link rel="canonical" href="https://nomen.es/receta/calabacines-rellenos-arroz/" />
<meta property="og:locale" content="ca_ES" />
<meta property="og:type" content="article" />
<meta property="og:title" content="Carbassons farcits d&#039;arròs - Nomen" />
<meta property="og:description" content="Recepta de carbassons farcits d&#039;arròs." />
<meta property="og:url" content="https://nomen.es/receta/calabacines-rellenos-arroz/" />
<meta property="og:site_name" content="Nomen" />
<meta property="og:image" content="https://nomen.es/wp-content/uploads/2016/08/NOMEN_CONCURSOJULIO_VOTO2_CAT_900x600.jpg" />
	<meta property="og:image:width" content="900" />
	<meta property="og:image:height" content="600" />
	<meta property="og:image:type" content="image/jpeg" />
<script type="application/ld+json" class="yoast-schema-graph">{"@context":"https:\/\/schema.org","@graph":[{"@type":"WebPage","@id":"https:\/\/nomen.es\/receta\/calabacines-rellenos-arroz\/","url":"https:\/\/nomen.es\/receta\/calabacines-rellenos-arroz\/","name":"Carbassons farcits d'arròs - Nomen","isPartOf":{"@id":"https:\/\/nomen.es\/#website"},"primaryImageOfPage":{"@id":"https:\/\/nomen.es\/receta\/calabacines-rellenos-arroz\/#primaryimage"},"image":{"@id":"https:\/\/nomen.es\/receta\/calabacines-rellenos-arroz\/#primaryimage"},"thumbnailUrl":"https:\/\/nomen.es\/wp-content\/uploads\/2016\/08\/NOMEN_CONCURSOJULIO_VOTO2_CAT_900x600.jpg","datePublished":"2016-08-04T11:36:15+00:00","description":"Recepta de carbassons farcits d'arròs.","breadcrumb":{"@id":"https:\/\/nomen.es\/receta\/calabacines-rellenos-arroz\/#breadcrumb"},"inLanguage":"ca","potentialAction":[{"@type":"ReadAction","target":["https:\/\/nomen.es\/receta\/calabacines-rellenos-arroz\/"]}]},{"@type":"ImageObject","inLanguage":"ca","@id":"https:\/\/nomen.es\/receta\/calabacines-rellenos-arroz\/#primaryimage","url":"https:\/\/nomen.es\/wp-content\/uploads\/2016\/08\/NOMEN_CONCURSOJULIO_VOTO2_CAT_900x600.jpg","contentUrl":"https:\/\/nomen.es\/wp-content\/uploads\/2016\/08\/NOMEN_CONCURSOJULIO_VOTO2_CAT_900x600.jpg","width":900,"height":600},{"@type":"BreadcrumbList","@id":"https:\/\/nomen.es\/receta\/calabacines-rellenos-arroz\/#breadcrumb","itemListElement":[{"@type":"ListItem","position":1,"name":"Portada","item":"https:\/\/nomen.es\/ca\/"},{"@type":"ListItem","position":2,"name":"Receptes","item":"https:\/\/nomen.es\/receta\/"},{"@type":"ListItem","position":3,"name":"Carbassons farcits d&#8217;arròs"}]},{"@type":"WebSite","@id":"https:\/\/nomen.es\/#website","url":"https:\/\/nomen.es\/","name":"Nomen","description":"Mucho más que arroz","potentialAction":[{"@type":"SearchAction","target":{"@type":"EntryPoint","urlTemplate":"https:\/\/nomen.es\/?s={search_term_string}"},"query-input":{"@type":"PropertyValueSpecification","valueRequired":true,"valueName":"search_term_string"}}],"inLanguage":"ca"}]}</script>
<!-- / Yoast SEO plugin. -->

Carbassons farcits d'arròs - Nomen

Recepta de carbassons farcits d'arròs.

Mucho más que arroz
