{"id":2129,"date":"2016-08-22T12:26:09","date_gmt":"2016-08-22T11:26:09","guid":{"rendered":"https:\/\/nomen.es\/ca\/?post_type=recepta&#038;p=2129"},"modified":"2016-08-22T12:26:09","modified_gmt":"2016-08-22T11:26:09","slug":"pastis-arros","status":"publish","type":"recepta","link":"https:\/\/nomen.es\/ca\/recepta\/pastis-arros\/","title":{"rendered":"Past\u00eds d\u2019arr\u00f2s"},"content":{"rendered":"<p>En una cassola escalfar l&#8217;arr\u00f2s amb una cullerada d&#8217;oli. Moure b\u00e9 i afegir la llet o la beguda d&#8217;arr\u00f2s. Bullir fins que pr\u00e0cticament s&#8217;hagi evaporat tot el l\u00edquid i quedi una pasta espessa.<\/p>\n<p>Encendre el forn a 220\u00baC. Afegir a l&#8217;arr\u00f2s la sal, la vainilla ensucrada, el sucre i els ous. Barrejar b\u00e9 i posar en un motlle gran o en motlles individuals. Ficar la barreja al forn uns 30 minuts, deixar refredar i servir.<\/p>\n","protected":false},"featured_media":2128,"template":"","format":"standard","categoria-receptes":[13],"class_list":["post-2129","recepta","type-recepta","status-publish","format-standard","has-post-thumbnail","hentry","categoria-receptes-postres"],"acf":[],"yoast_head":"<!-- This site is optimized with the Yoast SEO plugin v27.4 - https:\/\/yoast.com\/product\/yoast-seo-wordpress\/ -->\n<title>Recepta de Past\u00eds d&#039;Arr\u00f2s - Nomen<\/title>\n<meta name=\"description\" content=\"Descobreix la nostra deliciosa recepta Nomen de past\u00eds d&#039;arr\u00f2s. F\u00e0cil i llesta en 30 minuts al forn. Ideal per als teus postres!\" \/>\n<meta name=\"robots\" content=\"index, follow, max-snippet:-1, max-image-preview:large, max-video-preview:-1\" \/>\n<link rel=\"canonical\" href=\"https:\/\/nomen.es\/ca\/recepta\/pastis-arros\/\" \/>\n<meta property=\"og:locale\" content=\"ca_ES\" \/>\n<meta property=\"og:type\" content=\"article\" \/>\n<meta property=\"og:title\" content=\"Recepta de Past\u00eds d&#039;Arr\u00f2s - Nomen\" \/>\n<meta property=\"og:description\" content=\"Descobreix la nostra deliciosa recepta Nomen de past\u00eds d&#039;arr\u00f2s. F\u00e0cil i llesta en 30 minuts al forn. Ideal per als teus postres!\" \/>\n<meta property=\"og:url\" content=\"https:\/\/nomen.es\/ca\/recepta\/pastis-arros\/\" \/>\n<meta property=\"og:site_name\" content=\"Nomen\" \/>\n<meta property=\"og:image\" content=\"https:\/\/nomen.es\/wp-content\/uploads\/2016\/08\/Pastel-de-arroz.jpg\" \/>\n\t<meta property=\"og:image:width\" content=\"900\" \/>\n\t<meta property=\"og:image:height\" content=\"600\" \/>\n\t<meta property=\"og:image:type\" content=\"image\/jpeg\" \/>\n<script type=\"application\/ld+json\" class=\"yoast-schema-graph\">{\"@context\":\"https:\\\/\\\/schema.org\",\"@graph\":[{\"@type\":\"WebPage\",\"@id\":\"https:\\\/\\\/nomen.es\\\/ca\\\/recepta\\\/pastis-arros\\\/\",\"url\":\"https:\\\/\\\/nomen.es\\\/ca\\\/recepta\\\/pastis-arros\\\/\",\"name\":\"Recepta de Past\u00eds d'Arr\u00f2s - Nomen\",\"isPartOf\":{\"@id\":\"https:\\\/\\\/nomen.es\\\/#website\"},\"primaryImageOfPage\":{\"@id\":\"https:\\\/\\\/nomen.es\\\/ca\\\/recepta\\\/pastis-arros\\\/#primaryimage\"},\"image\":{\"@id\":\"https:\\\/\\\/nomen.es\\\/ca\\\/recepta\\\/pastis-arros\\\/#primaryimage\"},\"thumbnailUrl\":\"https:\\\/\\\/nomen.es\\\/wp-content\\\/uploads\\\/2016\\\/08\\\/Pastel-de-arroz.jpg\",\"datePublished\":\"2016-08-22T11:26:09+00:00\",\"description\":\"Descobreix la nostra deliciosa recepta Nomen de past\u00eds d'arr\u00f2s. F\u00e0cil i llesta en 30 minuts al forn. Ideal per als teus postres!\",\"breadcrumb\":{\"@id\":\"https:\\\/\\\/nomen.es\\\/ca\\\/recepta\\\/pastis-arros\\\/#breadcrumb\"},\"inLanguage\":\"ca\",\"potentialAction\":[{\"@type\":\"ReadAction\",\"target\":[\"https:\\\/\\\/nomen.es\\\/ca\\\/recepta\\\/pastis-arros\\\/\"]}]},{\"@type\":\"ImageObject\",\"inLanguage\":\"ca\",\"@id\":\"https:\\\/\\\/nomen.es\\\/ca\\\/recepta\\\/pastis-arros\\\/#primaryimage\",\"url\":\"https:\\\/\\\/nomen.es\\\/wp-content\\\/uploads\\\/2016\\\/08\\\/Pastel-de-arroz.jpg\",\"contentUrl\":\"https:\\\/\\\/nomen.es\\\/wp-content\\\/uploads\\\/2016\\\/08\\\/Pastel-de-arroz.jpg\",\"width\":900,\"height\":600,\"caption\":\"pastel de arroz\"},{\"@type\":\"BreadcrumbList\",\"@id\":\"https:\\\/\\\/nomen.es\\\/ca\\\/recepta\\\/pastis-arros\\\/#breadcrumb\",\"itemListElement\":[{\"@type\":\"ListItem\",\"position\":1,\"name\":\"Portada\",\"item\":\"https:\\\/\\\/nomen.es\\\/ca\\\/\"},{\"@type\":\"ListItem\",\"position\":2,\"name\":\"Receptes\",\"item\":\"https:\\\/\\\/nomen.es\\\/receta\\\/\"},{\"@type\":\"ListItem\",\"position\":3,\"name\":\"Past\u00eds d\u2019arr\u00f2s\"}]},{\"@type\":\"WebSite\",\"@id\":\"https:\\\/\\\/nomen.es\\\/#website\",\"url\":\"https:\\\/\\\/nomen.es\\\/\",\"name\":\"Nomen\",\"description\":\"Mucho m\u00e1s que arroz\",\"potentialAction\":[{\"@type\":\"SearchAction\",\"target\":{\"@type\":\"EntryPoint\",\"urlTemplate\":\"https:\\\/\\\/nomen.es\\\/?s={search_term_string}\"},\"query-input\":{\"@type\":\"PropertyValueSpecification\",\"valueRequired\":true,\"valueName\":\"search_term_string\"}}],\"inLanguage\":\"ca\"}]}<\/script>\n<!-- \/ Yoast SEO plugin. -->","yoast_head_json":{"title":"Recepta de Past\u00eds d'Arr\u00f2s - Nomen","description":"Descobreix la nostra deliciosa recepta Nomen de past\u00eds d'arr\u00f2s. F\u00e0cil i llesta en 30 minuts al forn. Ideal per als teus postres!","robots":{"index":"index","follow":"follow","max-snippet":"max-snippet:-1","max-image-preview":"max-image-preview:large","max-video-preview":"max-video-preview:-1"},"canonical":"https:\/\/nomen.es\/ca\/recepta\/pastis-arros\/","og_locale":"ca_ES","og_type":"article","og_title":"Recepta de Past\u00eds d'Arr\u00f2s - Nomen","og_description":"Descobreix la nostra deliciosa recepta Nomen de past\u00eds d'arr\u00f2s. F\u00e0cil i llesta en 30 minuts al forn. Ideal per als teus postres!","og_url":"https:\/\/nomen.es\/ca\/recepta\/pastis-arros\/","og_site_name":"Nomen","og_image":[{"width":900,"height":600,"url":"https:\/\/nomen.es\/wp-content\/uploads\/2016\/08\/Pastel-de-arroz.jpg","type":"image\/jpeg"}],"schema":{"@context":"https:\/\/schema.org","@graph":[{"@type":"WebPage","@id":"https:\/\/nomen.es\/ca\/recepta\/pastis-arros\/","url":"https:\/\/nomen.es\/ca\/recepta\/pastis-arros\/","name":"Recepta de Past\u00eds d'Arr\u00f2s - Nomen","isPartOf":{"@id":"https:\/\/nomen.es\/#website"},"primaryImageOfPage":{"@id":"https:\/\/nomen.es\/ca\/recepta\/pastis-arros\/#primaryimage"},"image":{"@id":"https:\/\/nomen.es\/ca\/recepta\/pastis-arros\/#primaryimage"},"thumbnailUrl":"https:\/\/nomen.es\/wp-content\/uploads\/2016\/08\/Pastel-de-arroz.jpg","datePublished":"2016-08-22T11:26:09+00:00","description":"Descobreix la nostra deliciosa recepta Nomen de past\u00eds d'arr\u00f2s. F\u00e0cil i llesta en 30 minuts al forn. Ideal per als teus postres!","breadcrumb":{"@id":"https:\/\/nomen.es\/ca\/recepta\/pastis-arros\/#breadcrumb"},"inLanguage":"ca","potentialAction":[{"@type":"ReadAction","target":["https:\/\/nomen.es\/ca\/recepta\/pastis-arros\/"]}]},{"@type":"ImageObject","inLanguage":"ca","@id":"https:\/\/nomen.es\/ca\/recepta\/pastis-arros\/#primaryimage","url":"https:\/\/nomen.es\/wp-content\/uploads\/2016\/08\/Pastel-de-arroz.jpg","contentUrl":"https:\/\/nomen.es\/wp-content\/uploads\/2016\/08\/Pastel-de-arroz.jpg","width":900,"height":600,"caption":"pastel de arroz"},{"@type":"BreadcrumbList","@id":"https:\/\/nomen.es\/ca\/recepta\/pastis-arros\/#breadcrumb","itemListElement":[{"@type":"ListItem","position":1,"name":"Portada","item":"https:\/\/nomen.es\/ca\/"},{"@type":"ListItem","position":2,"name":"Receptes","item":"https:\/\/nomen.es\/receta\/"},{"@type":"ListItem","position":3,"name":"Past\u00eds d\u2019arr\u00f2s"}]},{"@type":"WebSite","@id":"https:\/\/nomen.es\/#website","url":"https:\/\/nomen.es\/","name":"Nomen","description":"Mucho m\u00e1s que arroz","potentialAction":[{"@type":"SearchAction","target":{"@type":"EntryPoint","urlTemplate":"https:\/\/nomen.es\/?s={search_term_string}"},"query-input":{"@type":"PropertyValueSpecification","valueRequired":true,"valueName":"search_term_string"}}],"inLanguage":"ca"}]}},"_links":{"self":[{"href":"https:\/\/nomen.es\/ca\/wp-json\/wp\/v2\/recepta\/2129","targetHints":{"allow":["GET"]}}],"collection":[{"href":"https:\/\/nomen.es\/ca\/wp-json\/wp\/v2\/recepta"}],"about":[{"href":"https:\/\/nomen.es\/ca\/wp-json\/wp\/v2\/types\/recepta"}],"wp:featuredmedia":[{"embeddable":true,"href":"https:\/\/nomen.es\/ca\/wp-json\/wp\/v2\/media\/2128"}],"wp:attachment":[{"href":"https:\/\/nomen.es\/ca\/wp-json\/wp\/v2\/media?parent=2129"}],"wp:term":[{"taxonomy":"categoria-receptes","embeddable":true,"href":"https:\/\/nomen.es\/ca\/wp-json\/wp\/v2\/categoria-receptes?post=2129"}],"curies":[{"name":"wp","href":"https:\/\/api.w.org\/{rel}","templated":true}]}}

Pastís d’arròs

<p>En una cassola escalfar l&#8217;arròs amb una cullerada d&#8217;oli. Moure bé i afegir la llet o la beguda d&#8217;arròs. Bullir fins que pràcticament s&#8217;hagi evaporat tot el líquid i quedi una pasta espessa.</p>
<p>Encendre el forn a 220ºC. Afegir a l&#8217;arròs la sal, la vainilla ensucrada, el sucre i els ous. Barrejar bé i posar en un motlle gran o en motlles individuals. Ficar la barreja al forn uns 30 minuts, deixar refredar i servir.</p>

<!-- This site is optimized with the Yoast SEO plugin v27.4 - https://yoast.com/product/yoast-seo-wordpress/ -->
<title>Recepta de Pastís d&#039;Arròs - Nomen</title>
<meta name="description" content="Descobreix la nostra deliciosa recepta Nomen de pastís d&#039;arròs. Fàcil i llesta en 30 minuts al forn. Ideal per als teus postres!" />
<meta name="robots" content="index, follow, max-snippet:-1, max-image-preview:large, max-video-preview:-1" />
<link rel="canonical" href="https://nomen.es/ca/recepta/pastis-arros/" />
<meta property="og:locale" content="ca_ES" />
<meta property="og:type" content="article" />
<meta property="og:title" content="Recepta de Pastís d&#039;Arròs - Nomen" />
<meta property="og:description" content="Descobreix la nostra deliciosa recepta Nomen de pastís d&#039;arròs. Fàcil i llesta en 30 minuts al forn. Ideal per als teus postres!" />
<meta property="og:url" content="https://nomen.es/ca/recepta/pastis-arros/" />
<meta property="og:site_name" content="Nomen" />
<meta property="og:image" content="https://nomen.es/wp-content/uploads/2016/08/Pastel-de-arroz.jpg" />
	<meta property="og:image:width" content="900" />
	<meta property="og:image:height" content="600" />
	<meta property="og:image:type" content="image/jpeg" />
<script type="application/ld+json" class="yoast-schema-graph">{"@context":"https:\/\/schema.org","@graph":[{"@type":"WebPage","@id":"https:\/\/nomen.es\/ca\/recepta\/pastis-arros\/","url":"https:\/\/nomen.es\/ca\/recepta\/pastis-arros\/","name":"Recepta de Pastís d'Arròs - Nomen","isPartOf":{"@id":"https:\/\/nomen.es\/#website"},"primaryImageOfPage":{"@id":"https:\/\/nomen.es\/ca\/recepta\/pastis-arros\/#primaryimage"},"image":{"@id":"https:\/\/nomen.es\/ca\/recepta\/pastis-arros\/#primaryimage"},"thumbnailUrl":"https:\/\/nomen.es\/wp-content\/uploads\/2016\/08\/Pastel-de-arroz.jpg","datePublished":"2016-08-22T11:26:09+00:00","description":"Descobreix la nostra deliciosa recepta Nomen de pastís d'arròs. Fàcil i llesta en 30 minuts al forn. Ideal per als teus postres!","breadcrumb":{"@id":"https:\/\/nomen.es\/ca\/recepta\/pastis-arros\/#breadcrumb"},"inLanguage":"ca","potentialAction":[{"@type":"ReadAction","target":["https:\/\/nomen.es\/ca\/recepta\/pastis-arros\/"]}]},{"@type":"ImageObject","inLanguage":"ca","@id":"https:\/\/nomen.es\/ca\/recepta\/pastis-arros\/#primaryimage","url":"https:\/\/nomen.es\/wp-content\/uploads\/2016\/08\/Pastel-de-arroz.jpg","contentUrl":"https:\/\/nomen.es\/wp-content\/uploads\/2016\/08\/Pastel-de-arroz.jpg","width":900,"height":600,"caption":"pastel de arroz"},{"@type":"BreadcrumbList","@id":"https:\/\/nomen.es\/ca\/recepta\/pastis-arros\/#breadcrumb","itemListElement":[{"@type":"ListItem","position":1,"name":"Portada","item":"https:\/\/nomen.es\/ca\/"},{"@type":"ListItem","position":2,"name":"Receptes","item":"https:\/\/nomen.es\/receta\/"},{"@type":"ListItem","position":3,"name":"Pastís d’arròs"}]},{"@type":"WebSite","@id":"https:\/\/nomen.es\/#website","url":"https:\/\/nomen.es\/","name":"Nomen","description":"Mucho más que arroz","potentialAction":[{"@type":"SearchAction","target":{"@type":"EntryPoint","urlTemplate":"https:\/\/nomen.es\/?s={search_term_string}"},"query-input":{"@type":"PropertyValueSpecification","valueRequired":true,"valueName":"search_term_string"}}],"inLanguage":"ca"}]}</script>
<!-- / Yoast SEO plugin. -->

Recepta de Pastís d'Arròs - Nomen

Descobreix la nostra deliciosa recepta Nomen de pastís d'arròs. Fàcil i llesta en 30 minuts al forn. Ideal per als teus postres!

Mucho más que arroz
