{"id":2240,"date":"2016-10-03T09:06:19","date_gmt":"2016-10-03T08:06:19","guid":{"rendered":"https:\/\/nomen.es\/ca\/?post_type=recepta&#038;p=2240"},"modified":"2017-08-22T09:44:04","modified_gmt":"2017-08-22T08:44:04","slug":"arros-la-cubana-amb-ou-poche","status":"publish","type":"recepta","link":"https:\/\/nomen.es\/ca\/recepta\/arros-la-cubana-amb-ou-poche\/","title":{"rendered":"Arr\u00f2s a la cubana amb ou poch\u00e9"},"content":{"rendered":"<p>Per preparar els ous, posar una l\u00e0mina de paper film -resistent a la calor- sobre una tassa o bol. Tirar una culleradeta d&#8217;oli sobre el film per greixar-ho i trencar un ou.<\/p>\n<p>Afegir un polsim de sal, unir els extrems per tancar com un saquet amb l&#8217;ou dins i lligar-ho amb fil o amb una tira de film.<\/p>\n<p>Posar una cassola amb aigua a bullir amb un polsim de sal i cuinar l&#8217;arr\u00f2s vaporitzat uns 18 minuts.<\/p>\n<p>Escalfar la salsa de tom\u00e0quet i torrar els pl\u00e0tans a la planxa.<\/p>\n<p>Preparar un cass\u00f3 amb aigua bullent. Bullir els saquets amb ou 4 minuts i mig. Tallar el film per la part del lligam i, amb l&#8217;ajuda d&#8217;una cullera, treure els ous del film.<\/p>\n<p>Servir l&#8217;arr\u00f2s amb la salsa de tom\u00e0quet i mig pl\u00e0tan i un ou per persona.<\/p>\n","protected":false},"featured_media":2238,"template":"","format":"standard","categoria-receptes":[21],"class_list":["post-2240","recepta","type-recepta","status-publish","format-standard","has-post-thumbnail","hentry","categoria-receptes-altres"],"acf":[],"yoast_head":"<!-- This site is optimized with the Yoast SEO plugin v27.4 - https:\/\/yoast.com\/product\/yoast-seo-wordpress\/ -->\n<title>Arr\u00f2s a la cubana amb ou poch\u00e9 - Nomen<\/title>\n<meta name=\"description\" content=\"Recepta Nomen d&#039;arr\u00f2s a la cubana amb ou poch\u00e9\" \/>\n<meta name=\"robots\" content=\"index, follow, max-snippet:-1, max-image-preview:large, max-video-preview:-1\" \/>\n<link rel=\"canonical\" href=\"https:\/\/nomen.es\/ca\/recepta\/arros-la-cubana-amb-ou-poche\/\" \/>\n<meta property=\"og:locale\" content=\"ca_ES\" \/>\n<meta property=\"og:type\" content=\"article\" \/>\n<meta property=\"og:title\" content=\"Arr\u00f2s a la cubana amb ou poch\u00e9 - Nomen\" \/>\n<meta property=\"og:description\" content=\"Recepta Nomen d&#039;arr\u00f2s a la cubana amb ou poch\u00e9\" \/>\n<meta property=\"og:url\" content=\"https:\/\/nomen.es\/ca\/recepta\/arros-la-cubana-amb-ou-poche\/\" \/>\n<meta property=\"og:site_name\" content=\"Nomen\" \/>\n<meta property=\"article:modified_time\" content=\"2017-08-22T08:44:04+00:00\" \/>\n<meta property=\"og:image\" content=\"https:\/\/nomen.es\/wp-content\/uploads\/2016\/10\/N_2016.10_receta_arrozcubana_WEB.jpg\" \/>\n\t<meta property=\"og:image:width\" content=\"900\" \/>\n\t<meta property=\"og:image:height\" content=\"600\" \/>\n\t<meta property=\"og:image:type\" content=\"image\/jpeg\" \/>\n<meta name=\"twitter:label1\" content=\"Temps estimat de lectura\" \/>\n\t<meta name=\"twitter:data1\" content=\"1 minut\" \/>\n<script type=\"application\/ld+json\" class=\"yoast-schema-graph\">{\"@context\":\"https:\\\/\\\/schema.org\",\"@graph\":[{\"@type\":\"WebPage\",\"@id\":\"https:\\\/\\\/nomen.es\\\/ca\\\/recepta\\\/arros-la-cubana-amb-ou-poche\\\/\",\"url\":\"https:\\\/\\\/nomen.es\\\/ca\\\/recepta\\\/arros-la-cubana-amb-ou-poche\\\/\",\"name\":\"Arr\u00f2s a la cubana amb ou poch\u00e9 - Nomen\",\"isPartOf\":{\"@id\":\"https:\\\/\\\/nomen.es\\\/#website\"},\"primaryImageOfPage\":{\"@id\":\"https:\\\/\\\/nomen.es\\\/ca\\\/recepta\\\/arros-la-cubana-amb-ou-poche\\\/#primaryimage\"},\"image\":{\"@id\":\"https:\\\/\\\/nomen.es\\\/ca\\\/recepta\\\/arros-la-cubana-amb-ou-poche\\\/#primaryimage\"},\"thumbnailUrl\":\"https:\\\/\\\/nomen.es\\\/wp-content\\\/uploads\\\/2016\\\/10\\\/N_2016.10_receta_arrozcubana_WEB.jpg\",\"datePublished\":\"2016-10-03T08:06:19+00:00\",\"dateModified\":\"2017-08-22T08:44:04+00:00\",\"description\":\"Recepta Nomen d'arr\u00f2s a la cubana amb ou poch\u00e9\",\"breadcrumb\":{\"@id\":\"https:\\\/\\\/nomen.es\\\/ca\\\/recepta\\\/arros-la-cubana-amb-ou-poche\\\/#breadcrumb\"},\"inLanguage\":\"ca\",\"potentialAction\":[{\"@type\":\"ReadAction\",\"target\":[\"https:\\\/\\\/nomen.es\\\/ca\\\/recepta\\\/arros-la-cubana-amb-ou-poche\\\/\"]}]},{\"@type\":\"ImageObject\",\"inLanguage\":\"ca\",\"@id\":\"https:\\\/\\\/nomen.es\\\/ca\\\/recepta\\\/arros-la-cubana-amb-ou-poche\\\/#primaryimage\",\"url\":\"https:\\\/\\\/nomen.es\\\/wp-content\\\/uploads\\\/2016\\\/10\\\/N_2016.10_receta_arrozcubana_WEB.jpg\",\"contentUrl\":\"https:\\\/\\\/nomen.es\\\/wp-content\\\/uploads\\\/2016\\\/10\\\/N_2016.10_receta_arrozcubana_WEB.jpg\",\"width\":900,\"height\":600},{\"@type\":\"BreadcrumbList\",\"@id\":\"https:\\\/\\\/nomen.es\\\/ca\\\/recepta\\\/arros-la-cubana-amb-ou-poche\\\/#breadcrumb\",\"itemListElement\":[{\"@type\":\"ListItem\",\"position\":1,\"name\":\"Portada\",\"item\":\"https:\\\/\\\/nomen.es\\\/ca\\\/\"},{\"@type\":\"ListItem\",\"position\":2,\"name\":\"Receptes\",\"item\":\"https:\\\/\\\/nomen.es\\\/receta\\\/\"},{\"@type\":\"ListItem\",\"position\":3,\"name\":\"Arr\u00f2s a la cubana amb ou poch\u00e9\"}]},{\"@type\":\"WebSite\",\"@id\":\"https:\\\/\\\/nomen.es\\\/#website\",\"url\":\"https:\\\/\\\/nomen.es\\\/\",\"name\":\"Nomen\",\"description\":\"Mucho m\u00e1s que arroz\",\"potentialAction\":[{\"@type\":\"SearchAction\",\"target\":{\"@type\":\"EntryPoint\",\"urlTemplate\":\"https:\\\/\\\/nomen.es\\\/?s={search_term_string}\"},\"query-input\":{\"@type\":\"PropertyValueSpecification\",\"valueRequired\":true,\"valueName\":\"search_term_string\"}}],\"inLanguage\":\"ca\"}]}<\/script>\n<!-- \/ Yoast SEO plugin. -->","yoast_head_json":{"title":"Arr\u00f2s a la cubana amb ou poch\u00e9 - Nomen","description":"Recepta Nomen d'arr\u00f2s a la cubana amb ou poch\u00e9","robots":{"index":"index","follow":"follow","max-snippet":"max-snippet:-1","max-image-preview":"max-image-preview:large","max-video-preview":"max-video-preview:-1"},"canonical":"https:\/\/nomen.es\/ca\/recepta\/arros-la-cubana-amb-ou-poche\/","og_locale":"ca_ES","og_type":"article","og_title":"Arr\u00f2s a la cubana amb ou poch\u00e9 - Nomen","og_description":"Recepta Nomen d'arr\u00f2s a la cubana amb ou poch\u00e9","og_url":"https:\/\/nomen.es\/ca\/recepta\/arros-la-cubana-amb-ou-poche\/","og_site_name":"Nomen","article_modified_time":"2017-08-22T08:44:04+00:00","og_image":[{"width":900,"height":600,"url":"https:\/\/nomen.es\/wp-content\/uploads\/2016\/10\/N_2016.10_receta_arrozcubana_WEB.jpg","type":"image\/jpeg"}],"twitter_misc":{"Temps estimat de lectura":"1 minut"},"schema":{"@context":"https:\/\/schema.org","@graph":[{"@type":"WebPage","@id":"https:\/\/nomen.es\/ca\/recepta\/arros-la-cubana-amb-ou-poche\/","url":"https:\/\/nomen.es\/ca\/recepta\/arros-la-cubana-amb-ou-poche\/","name":"Arr\u00f2s a la cubana amb ou poch\u00e9 - Nomen","isPartOf":{"@id":"https:\/\/nomen.es\/#website"},"primaryImageOfPage":{"@id":"https:\/\/nomen.es\/ca\/recepta\/arros-la-cubana-amb-ou-poche\/#primaryimage"},"image":{"@id":"https:\/\/nomen.es\/ca\/recepta\/arros-la-cubana-amb-ou-poche\/#primaryimage"},"thumbnailUrl":"https:\/\/nomen.es\/wp-content\/uploads\/2016\/10\/N_2016.10_receta_arrozcubana_WEB.jpg","datePublished":"2016-10-03T08:06:19+00:00","dateModified":"2017-08-22T08:44:04+00:00","description":"Recepta Nomen d'arr\u00f2s a la cubana amb ou poch\u00e9","breadcrumb":{"@id":"https:\/\/nomen.es\/ca\/recepta\/arros-la-cubana-amb-ou-poche\/#breadcrumb"},"inLanguage":"ca","potentialAction":[{"@type":"ReadAction","target":["https:\/\/nomen.es\/ca\/recepta\/arros-la-cubana-amb-ou-poche\/"]}]},{"@type":"ImageObject","inLanguage":"ca","@id":"https:\/\/nomen.es\/ca\/recepta\/arros-la-cubana-amb-ou-poche\/#primaryimage","url":"https:\/\/nomen.es\/wp-content\/uploads\/2016\/10\/N_2016.10_receta_arrozcubana_WEB.jpg","contentUrl":"https:\/\/nomen.es\/wp-content\/uploads\/2016\/10\/N_2016.10_receta_arrozcubana_WEB.jpg","width":900,"height":600},{"@type":"BreadcrumbList","@id":"https:\/\/nomen.es\/ca\/recepta\/arros-la-cubana-amb-ou-poche\/#breadcrumb","itemListElement":[{"@type":"ListItem","position":1,"name":"Portada","item":"https:\/\/nomen.es\/ca\/"},{"@type":"ListItem","position":2,"name":"Receptes","item":"https:\/\/nomen.es\/receta\/"},{"@type":"ListItem","position":3,"name":"Arr\u00f2s a la cubana amb ou poch\u00e9"}]},{"@type":"WebSite","@id":"https:\/\/nomen.es\/#website","url":"https:\/\/nomen.es\/","name":"Nomen","description":"Mucho m\u00e1s que arroz","potentialAction":[{"@type":"SearchAction","target":{"@type":"EntryPoint","urlTemplate":"https:\/\/nomen.es\/?s={search_term_string}"},"query-input":{"@type":"PropertyValueSpecification","valueRequired":true,"valueName":"search_term_string"}}],"inLanguage":"ca"}]}},"_links":{"self":[{"href":"https:\/\/nomen.es\/ca\/wp-json\/wp\/v2\/recepta\/2240","targetHints":{"allow":["GET"]}}],"collection":[{"href":"https:\/\/nomen.es\/ca\/wp-json\/wp\/v2\/recepta"}],"about":[{"href":"https:\/\/nomen.es\/ca\/wp-json\/wp\/v2\/types\/recepta"}],"wp:featuredmedia":[{"embeddable":true,"href":"https:\/\/nomen.es\/ca\/wp-json\/wp\/v2\/media\/2238"}],"wp:attachment":[{"href":"https:\/\/nomen.es\/ca\/wp-json\/wp\/v2\/media?parent=2240"}],"wp:term":[{"taxonomy":"categoria-receptes","embeddable":true,"href":"https:\/\/nomen.es\/ca\/wp-json\/wp\/v2\/categoria-receptes?post=2240"}],"curies":[{"name":"wp","href":"https:\/\/api.w.org\/{rel}","templated":true}]}}

Arròs a la cubana amb ou poché

<p>Per preparar els ous, posar una làmina de paper film -resistent a la calor- sobre una tassa o bol. Tirar una culleradeta d&#8217;oli sobre el film per greixar-ho i trencar un ou.</p>
<p>Afegir un polsim de sal, unir els extrems per tancar com un saquet amb l&#8217;ou dins i lligar-ho amb fil o amb una tira de film.</p>
<p>Posar una cassola amb aigua a bullir amb un polsim de sal i cuinar l&#8217;arròs vaporitzat uns 18 minuts.</p>
<p>Escalfar la salsa de tomàquet i torrar els plàtans a la planxa.</p>
<p>Preparar un cassó amb aigua bullent. Bullir els saquets amb ou 4 minuts i mig. Tallar el film per la part del lligam i, amb l&#8217;ajuda d&#8217;una cullera, treure els ous del film.</p>
<p>Servir l&#8217;arròs amb la salsa de tomàquet i mig plàtan i un ou per persona.</p>

<!-- This site is optimized with the Yoast SEO plugin v27.4 - https://yoast.com/product/yoast-seo-wordpress/ -->
<title>Arròs a la cubana amb ou poché - Nomen</title>
<meta name="description" content="Recepta Nomen d&#039;arròs a la cubana amb ou poché" />
<meta name="robots" content="index, follow, max-snippet:-1, max-image-preview:large, max-video-preview:-1" />
<link rel="canonical" href="https://nomen.es/ca/recepta/arros-la-cubana-amb-ou-poche/" />
<meta property="og:locale" content="ca_ES" />
<meta property="og:type" content="article" />
<meta property="og:title" content="Arròs a la cubana amb ou poché - Nomen" />
<meta property="og:description" content="Recepta Nomen d&#039;arròs a la cubana amb ou poché" />
<meta property="og:url" content="https://nomen.es/ca/recepta/arros-la-cubana-amb-ou-poche/" />
<meta property="og:site_name" content="Nomen" />
<meta property="article:modified_time" content="2017-08-22T08:44:04+00:00" />
<meta property="og:image" content="https://nomen.es/wp-content/uploads/2016/10/N_2016.10_receta_arrozcubana_WEB.jpg" />
	<meta property="og:image:width" content="900" />
	<meta property="og:image:height" content="600" />
	<meta property="og:image:type" content="image/jpeg" />
<meta name="twitter:label1" content="Temps estimat de lectura" />
	<meta name="twitter:data1" content="1 minut" />
<script type="application/ld+json" class="yoast-schema-graph">{"@context":"https:\/\/schema.org","@graph":[{"@type":"WebPage","@id":"https:\/\/nomen.es\/ca\/recepta\/arros-la-cubana-amb-ou-poche\/","url":"https:\/\/nomen.es\/ca\/recepta\/arros-la-cubana-amb-ou-poche\/","name":"Arròs a la cubana amb ou poché - Nomen","isPartOf":{"@id":"https:\/\/nomen.es\/#website"},"primaryImageOfPage":{"@id":"https:\/\/nomen.es\/ca\/recepta\/arros-la-cubana-amb-ou-poche\/#primaryimage"},"image":{"@id":"https:\/\/nomen.es\/ca\/recepta\/arros-la-cubana-amb-ou-poche\/#primaryimage"},"thumbnailUrl":"https:\/\/nomen.es\/wp-content\/uploads\/2016\/10\/N_2016.10_receta_arrozcubana_WEB.jpg","datePublished":"2016-10-03T08:06:19+00:00","dateModified":"2017-08-22T08:44:04+00:00","description":"Recepta Nomen d'arròs a la cubana amb ou poché","breadcrumb":{"@id":"https:\/\/nomen.es\/ca\/recepta\/arros-la-cubana-amb-ou-poche\/#breadcrumb"},"inLanguage":"ca","potentialAction":[{"@type":"ReadAction","target":["https:\/\/nomen.es\/ca\/recepta\/arros-la-cubana-amb-ou-poche\/"]}]},{"@type":"ImageObject","inLanguage":"ca","@id":"https:\/\/nomen.es\/ca\/recepta\/arros-la-cubana-amb-ou-poche\/#primaryimage","url":"https:\/\/nomen.es\/wp-content\/uploads\/2016\/10\/N_2016.10_receta_arrozcubana_WEB.jpg","contentUrl":"https:\/\/nomen.es\/wp-content\/uploads\/2016\/10\/N_2016.10_receta_arrozcubana_WEB.jpg","width":900,"height":600},{"@type":"BreadcrumbList","@id":"https:\/\/nomen.es\/ca\/recepta\/arros-la-cubana-amb-ou-poche\/#breadcrumb","itemListElement":[{"@type":"ListItem","position":1,"name":"Portada","item":"https:\/\/nomen.es\/ca\/"},{"@type":"ListItem","position":2,"name":"Receptes","item":"https:\/\/nomen.es\/receta\/"},{"@type":"ListItem","position":3,"name":"Arròs a la cubana amb ou poché"}]},{"@type":"WebSite","@id":"https:\/\/nomen.es\/#website","url":"https:\/\/nomen.es\/","name":"Nomen","description":"Mucho más que arroz","potentialAction":[{"@type":"SearchAction","target":{"@type":"EntryPoint","urlTemplate":"https:\/\/nomen.es\/?s={search_term_string}"},"query-input":{"@type":"PropertyValueSpecification","valueRequired":true,"valueName":"search_term_string"}}],"inLanguage":"ca"}]}</script>
<!-- / Yoast SEO plugin. -->

Arròs a la cubana amb ou poché - Nomen

Recepta Nomen d'arròs a la cubana amb ou poché

Mucho más que arroz
