{"id":2442,"date":"2016-12-05T09:24:30","date_gmt":"2016-12-05T08:24:30","guid":{"rendered":"https:\/\/nomen.es\/ca\/?post_type=recepta&#038;p=2442"},"modified":"2017-08-07T11:24:58","modified_gmt":"2017-08-07T10:24:58","slug":"arros-caldos-amb-carbassa-i-rovellons","status":"publish","type":"recepta","link":"https:\/\/nomen.es\/ca\/recepta\/arros-caldos-amb-carbassa-i-rovellons\/","title":{"rendered":"Arr\u00f2s cald\u00f3s amb carbassa i rovellons"},"content":{"rendered":"<p><img decoding=\"async\" class=\"aligncenter size-full wp-image-3305\" src=\"https:\/\/nomen.es\/wp-content\/uploads\/2016\/12\/caldoso_calabaza_rebozuelos_ingredientes.jpg\" alt=\"\" width=\"750\" height=\"500\" srcset=\"https:\/\/nomen.es\/wp-content\/uploads\/2016\/12\/caldoso_calabaza_rebozuelos_ingredientes.jpg 750w, https:\/\/nomen.es\/wp-content\/uploads\/2016\/12\/caldoso_calabaza_rebozuelos_ingredientes-600x400.jpg 600w, https:\/\/nomen.es\/wp-content\/uploads\/2016\/12\/caldoso_calabaza_rebozuelos_ingredientes-300x200.jpg 300w\" sizes=\"(max-width: 750px) 100vw, 750px\" \/><\/p>\n<p>1. Tallem les cebes a mitges llunes i en una cassola les sofregim amb una mica d&#8217;oli<br \/>\nd&#8217;oliva durant 10 minuts.<\/p>\n<p>2. Tallem la carbassa a daus petits i l&#8217;afegim a la cassola. Coem durant 10<br \/>\nminuts m\u00e9s.<\/p>\n<p>3. Salem al gust.<\/p>\n<p>4. Escalfen el brou de pollastre<\/p>\n<p>5. Afegim l&#8217;arr\u00f2s i anacarem (coem durant un parell de minuts).<\/p>\n<p><img decoding=\"async\" class=\"aligncenter size-full wp-image-2441\" src=\"https:\/\/nomen.es\/wp-content\/uploads\/2016\/12\/N_2016.12_receta_paso_microWEB.jpg\" alt=\"n_2016-12_receta_paso_microweb\" width=\"750\" height=\"500\" srcset=\"https:\/\/nomen.es\/wp-content\/uploads\/2016\/12\/N_2016.12_receta_paso_microWEB.jpg 750w, https:\/\/nomen.es\/wp-content\/uploads\/2016\/12\/N_2016.12_receta_paso_microWEB-600x400.jpg 600w, https:\/\/nomen.es\/wp-content\/uploads\/2016\/12\/N_2016.12_receta_paso_microWEB-300x200.jpg 300w\" sizes=\"(max-width: 750px) 100vw, 750px\" \/><\/p>\n<p>6. Afegim el brou de pollastre lentament, i coem l\u2019arr\u00f2s durant uns 13 minuts.<\/p>\n<p>7. Mentrestant netegem els rovellons.<\/p>\n<p>8. Afegim els rovellons nets i coem uns 3-4 minuts (o fins que l&#8217;arr\u00f2s estigui<br \/>\nal nostre gust).<\/p>\n<p>9. Rectifiquem de sal i servim.<\/p>\n<p><img decoding=\"async\" class=\"aligncenter size-full wp-image-2438\" src=\"https:\/\/nomen.es\/wp-content\/uploads\/2016\/12\/N_2016.12_receta_arroz_caldoso_microWEB.jpg\" alt=\"n_2016-12_receta_arroz_caldoso_microweb\" width=\"750\" height=\"500\" srcset=\"https:\/\/nomen.es\/wp-content\/uploads\/2016\/12\/N_2016.12_receta_arroz_caldoso_microWEB.jpg 750w, https:\/\/nomen.es\/wp-content\/uploads\/2016\/12\/N_2016.12_receta_arroz_caldoso_microWEB-600x400.jpg 600w, https:\/\/nomen.es\/wp-content\/uploads\/2016\/12\/N_2016.12_receta_arroz_caldoso_microWEB-300x200.jpg 300w\" sizes=\"(max-width: 750px) 100vw, 750px\" \/><\/p>\n","protected":false},"featured_media":2439,"template":"","format":"standard","categoria-receptes":[10],"class_list":["post-2442","recepta","type-recepta","status-publish","format-standard","has-post-thumbnail","hentry","categoria-receptes-caldos"],"acf":[],"yoast_head":"<!-- This site is optimized with the Yoast SEO plugin v27.4 - https:\/\/yoast.com\/product\/yoast-seo-wordpress\/ -->\n<title>Arr\u00f2s cald\u00f3s amb carbassa i rovellons - Nomen<\/title>\n<meta name=\"description\" content=\"Recepta Nomen d&#039;arr\u00f2s cald\u00f3s amb carbassa i rovellons.\" \/>\n<meta name=\"robots\" content=\"index, follow, max-snippet:-1, max-image-preview:large, max-video-preview:-1\" \/>\n<link rel=\"canonical\" href=\"https:\/\/nomen.es\/receta\/arroz-caldoso-calabaza-rebozuelos\/\" \/>\n<meta property=\"og:locale\" content=\"ca_ES\" \/>\n<meta property=\"og:type\" content=\"article\" \/>\n<meta property=\"og:title\" content=\"Arr\u00f2s cald\u00f3s amb carbassa i rovellons - Nomen\" \/>\n<meta property=\"og:description\" content=\"Recepta Nomen d&#039;arr\u00f2s cald\u00f3s amb carbassa i rovellons.\" \/>\n<meta property=\"og:url\" content=\"https:\/\/nomen.es\/receta\/arroz-caldoso-calabaza-rebozuelos\/\" \/>\n<meta property=\"og:site_name\" content=\"Nomen\" \/>\n<meta property=\"article:modified_time\" content=\"2017-08-07T10:24:58+00:00\" \/>\n<meta property=\"og:image\" content=\"https:\/\/nomen.es\/wp-content\/uploads\/2016\/12\/N_2016.12_receta_arroz_caldoso_web.jpg\" \/>\n\t<meta property=\"og:image:width\" content=\"900\" \/>\n\t<meta property=\"og:image:height\" content=\"600\" \/>\n\t<meta property=\"og:image:type\" content=\"image\/jpeg\" \/>\n<script type=\"application\/ld+json\" class=\"yoast-schema-graph\">{\"@context\":\"https:\\\/\\\/schema.org\",\"@graph\":[{\"@type\":\"WebPage\",\"@id\":\"https:\\\/\\\/nomen.es\\\/receta\\\/arroz-caldoso-calabaza-rebozuelos\\\/\",\"url\":\"https:\\\/\\\/nomen.es\\\/receta\\\/arroz-caldoso-calabaza-rebozuelos\\\/\",\"name\":\"Arr\u00f2s cald\u00f3s amb carbassa i rovellons - Nomen\",\"isPartOf\":{\"@id\":\"https:\\\/\\\/nomen.es\\\/#website\"},\"primaryImageOfPage\":{\"@id\":\"https:\\\/\\\/nomen.es\\\/receta\\\/arroz-caldoso-calabaza-rebozuelos\\\/#primaryimage\"},\"image\":{\"@id\":\"https:\\\/\\\/nomen.es\\\/receta\\\/arroz-caldoso-calabaza-rebozuelos\\\/#primaryimage\"},\"thumbnailUrl\":\"https:\\\/\\\/nomen.es\\\/wp-content\\\/uploads\\\/2016\\\/12\\\/N_2016.12_receta_arroz_caldoso_web.jpg\",\"datePublished\":\"2016-12-05T08:24:30+00:00\",\"dateModified\":\"2017-08-07T10:24:58+00:00\",\"description\":\"Recepta Nomen d'arr\u00f2s cald\u00f3s amb carbassa i rovellons.\",\"breadcrumb\":{\"@id\":\"https:\\\/\\\/nomen.es\\\/receta\\\/arroz-caldoso-calabaza-rebozuelos\\\/#breadcrumb\"},\"inLanguage\":\"ca\",\"potentialAction\":[{\"@type\":\"ReadAction\",\"target\":[\"https:\\\/\\\/nomen.es\\\/receta\\\/arroz-caldoso-calabaza-rebozuelos\\\/\"]}]},{\"@type\":\"ImageObject\",\"inLanguage\":\"ca\",\"@id\":\"https:\\\/\\\/nomen.es\\\/receta\\\/arroz-caldoso-calabaza-rebozuelos\\\/#primaryimage\",\"url\":\"https:\\\/\\\/nomen.es\\\/wp-content\\\/uploads\\\/2016\\\/12\\\/N_2016.12_receta_arroz_caldoso_web.jpg\",\"contentUrl\":\"https:\\\/\\\/nomen.es\\\/wp-content\\\/uploads\\\/2016\\\/12\\\/N_2016.12_receta_arroz_caldoso_web.jpg\",\"width\":900,\"height\":600},{\"@type\":\"BreadcrumbList\",\"@id\":\"https:\\\/\\\/nomen.es\\\/receta\\\/arroz-caldoso-calabaza-rebozuelos\\\/#breadcrumb\",\"itemListElement\":[{\"@type\":\"ListItem\",\"position\":1,\"name\":\"Portada\",\"item\":\"https:\\\/\\\/nomen.es\\\/ca\\\/\"},{\"@type\":\"ListItem\",\"position\":2,\"name\":\"Receptes\",\"item\":\"https:\\\/\\\/nomen.es\\\/receta\\\/\"},{\"@type\":\"ListItem\",\"position\":3,\"name\":\"Arr\u00f2s cald\u00f3s amb carbassa i rovellons\"}]},{\"@type\":\"WebSite\",\"@id\":\"https:\\\/\\\/nomen.es\\\/#website\",\"url\":\"https:\\\/\\\/nomen.es\\\/\",\"name\":\"Nomen\",\"description\":\"Mucho m\u00e1s que arroz\",\"potentialAction\":[{\"@type\":\"SearchAction\",\"target\":{\"@type\":\"EntryPoint\",\"urlTemplate\":\"https:\\\/\\\/nomen.es\\\/?s={search_term_string}\"},\"query-input\":{\"@type\":\"PropertyValueSpecification\",\"valueRequired\":true,\"valueName\":\"search_term_string\"}}],\"inLanguage\":\"ca\"}]}<\/script>\n<!-- \/ Yoast SEO plugin. -->","yoast_head_json":{"title":"Arr\u00f2s cald\u00f3s amb carbassa i rovellons - Nomen","description":"Recepta Nomen d'arr\u00f2s cald\u00f3s amb carbassa i rovellons.","robots":{"index":"index","follow":"follow","max-snippet":"max-snippet:-1","max-image-preview":"max-image-preview:large","max-video-preview":"max-video-preview:-1"},"canonical":"https:\/\/nomen.es\/receta\/arroz-caldoso-calabaza-rebozuelos\/","og_locale":"ca_ES","og_type":"article","og_title":"Arr\u00f2s cald\u00f3s amb carbassa i rovellons - Nomen","og_description":"Recepta Nomen d'arr\u00f2s cald\u00f3s amb carbassa i rovellons.","og_url":"https:\/\/nomen.es\/receta\/arroz-caldoso-calabaza-rebozuelos\/","og_site_name":"Nomen","article_modified_time":"2017-08-07T10:24:58+00:00","og_image":[{"width":900,"height":600,"url":"https:\/\/nomen.es\/wp-content\/uploads\/2016\/12\/N_2016.12_receta_arroz_caldoso_web.jpg","type":"image\/jpeg"}],"schema":{"@context":"https:\/\/schema.org","@graph":[{"@type":"WebPage","@id":"https:\/\/nomen.es\/receta\/arroz-caldoso-calabaza-rebozuelos\/","url":"https:\/\/nomen.es\/receta\/arroz-caldoso-calabaza-rebozuelos\/","name":"Arr\u00f2s cald\u00f3s amb carbassa i rovellons - Nomen","isPartOf":{"@id":"https:\/\/nomen.es\/#website"},"primaryImageOfPage":{"@id":"https:\/\/nomen.es\/receta\/arroz-caldoso-calabaza-rebozuelos\/#primaryimage"},"image":{"@id":"https:\/\/nomen.es\/receta\/arroz-caldoso-calabaza-rebozuelos\/#primaryimage"},"thumbnailUrl":"https:\/\/nomen.es\/wp-content\/uploads\/2016\/12\/N_2016.12_receta_arroz_caldoso_web.jpg","datePublished":"2016-12-05T08:24:30+00:00","dateModified":"2017-08-07T10:24:58+00:00","description":"Recepta Nomen d'arr\u00f2s cald\u00f3s amb carbassa i rovellons.","breadcrumb":{"@id":"https:\/\/nomen.es\/receta\/arroz-caldoso-calabaza-rebozuelos\/#breadcrumb"},"inLanguage":"ca","potentialAction":[{"@type":"ReadAction","target":["https:\/\/nomen.es\/receta\/arroz-caldoso-calabaza-rebozuelos\/"]}]},{"@type":"ImageObject","inLanguage":"ca","@id":"https:\/\/nomen.es\/receta\/arroz-caldoso-calabaza-rebozuelos\/#primaryimage","url":"https:\/\/nomen.es\/wp-content\/uploads\/2016\/12\/N_2016.12_receta_arroz_caldoso_web.jpg","contentUrl":"https:\/\/nomen.es\/wp-content\/uploads\/2016\/12\/N_2016.12_receta_arroz_caldoso_web.jpg","width":900,"height":600},{"@type":"BreadcrumbList","@id":"https:\/\/nomen.es\/receta\/arroz-caldoso-calabaza-rebozuelos\/#breadcrumb","itemListElement":[{"@type":"ListItem","position":1,"name":"Portada","item":"https:\/\/nomen.es\/ca\/"},{"@type":"ListItem","position":2,"name":"Receptes","item":"https:\/\/nomen.es\/receta\/"},{"@type":"ListItem","position":3,"name":"Arr\u00f2s cald\u00f3s amb carbassa i rovellons"}]},{"@type":"WebSite","@id":"https:\/\/nomen.es\/#website","url":"https:\/\/nomen.es\/","name":"Nomen","description":"Mucho m\u00e1s que arroz","potentialAction":[{"@type":"SearchAction","target":{"@type":"EntryPoint","urlTemplate":"https:\/\/nomen.es\/?s={search_term_string}"},"query-input":{"@type":"PropertyValueSpecification","valueRequired":true,"valueName":"search_term_string"}}],"inLanguage":"ca"}]}},"_links":{"self":[{"href":"https:\/\/nomen.es\/ca\/wp-json\/wp\/v2\/recepta\/2442","targetHints":{"allow":["GET"]}}],"collection":[{"href":"https:\/\/nomen.es\/ca\/wp-json\/wp\/v2\/recepta"}],"about":[{"href":"https:\/\/nomen.es\/ca\/wp-json\/wp\/v2\/types\/recepta"}],"wp:featuredmedia":[{"embeddable":true,"href":"https:\/\/nomen.es\/ca\/wp-json\/wp\/v2\/media\/2439"}],"wp:attachment":[{"href":"https:\/\/nomen.es\/ca\/wp-json\/wp\/v2\/media?parent=2442"}],"wp:term":[{"taxonomy":"categoria-receptes","embeddable":true,"href":"https:\/\/nomen.es\/ca\/wp-json\/wp\/v2\/categoria-receptes?post=2442"}],"curies":[{"name":"wp","href":"https:\/\/api.w.org\/{rel}","templated":true}]}}

Arròs caldós amb carbassa i rovellons

<p><img decoding="async" class="aligncenter size-full wp-image-3305" src="https://nomen.es/wp-content/uploads/2016/12/caldoso_calabaza_rebozuelos_ingredientes.jpg" alt="" width="750" height="500" srcset="https://nomen.es/wp-content/uploads/2016/12/caldoso_calabaza_rebozuelos_ingredientes.jpg 750w, https://nomen.es/wp-content/uploads/2016/12/caldoso_calabaza_rebozuelos_ingredientes-600x400.jpg 600w, https://nomen.es/wp-content/uploads/2016/12/caldoso_calabaza_rebozuelos_ingredientes-300x200.jpg 300w" sizes="(max-width: 750px) 100vw, 750px" /></p>
<p>1. Tallem les cebes a mitges llunes i en una cassola les sofregim amb una mica d&#8217;oli<br />
d&#8217;oliva durant 10 minuts.</p>
<p>2. Tallem la carbassa a daus petits i l&#8217;afegim a la cassola. Coem durant 10<br />
minuts més.</p>
<p>3. Salem al gust.</p>
<p>4. Escalfen el brou de pollastre</p>
<p>5. Afegim l&#8217;arròs i anacarem (coem durant un parell de minuts).</p>
<p><img decoding="async" class="aligncenter size-full wp-image-2441" src="https://nomen.es/wp-content/uploads/2016/12/N_2016.12_receta_paso_microWEB.jpg" alt="n_2016-12_receta_paso_microweb" width="750" height="500" srcset="https://nomen.es/wp-content/uploads/2016/12/N_2016.12_receta_paso_microWEB.jpg 750w, https://nomen.es/wp-content/uploads/2016/12/N_2016.12_receta_paso_microWEB-600x400.jpg 600w, https://nomen.es/wp-content/uploads/2016/12/N_2016.12_receta_paso_microWEB-300x200.jpg 300w" sizes="(max-width: 750px) 100vw, 750px" /></p>
<p>6. Afegim el brou de pollastre lentament, i coem l’arròs durant uns 13 minuts.</p>
<p>7. Mentrestant netegem els rovellons.</p>
<p>8. Afegim els rovellons nets i coem uns 3-4 minuts (o fins que l&#8217;arròs estigui<br />
al nostre gust).</p>
<p>9. Rectifiquem de sal i servim.</p>
<p><img decoding="async" class="aligncenter size-full wp-image-2438" src="https://nomen.es/wp-content/uploads/2016/12/N_2016.12_receta_arroz_caldoso_microWEB.jpg" alt="n_2016-12_receta_arroz_caldoso_microweb" width="750" height="500" srcset="https://nomen.es/wp-content/uploads/2016/12/N_2016.12_receta_arroz_caldoso_microWEB.jpg 750w, https://nomen.es/wp-content/uploads/2016/12/N_2016.12_receta_arroz_caldoso_microWEB-600x400.jpg 600w, https://nomen.es/wp-content/uploads/2016/12/N_2016.12_receta_arroz_caldoso_microWEB-300x200.jpg 300w" sizes="(max-width: 750px) 100vw, 750px" /></p>

<!-- This site is optimized with the Yoast SEO plugin v27.4 - https://yoast.com/product/yoast-seo-wordpress/ -->
<title>Arròs caldós amb carbassa i rovellons - Nomen</title>
<meta name="description" content="Recepta Nomen d&#039;arròs caldós amb carbassa i rovellons." />
<meta name="robots" content="index, follow, max-snippet:-1, max-image-preview:large, max-video-preview:-1" />
<link rel="canonical" href="https://nomen.es/receta/arroz-caldoso-calabaza-rebozuelos/" />
<meta property="og:locale" content="ca_ES" />
<meta property="og:type" content="article" />
<meta property="og:title" content="Arròs caldós amb carbassa i rovellons - Nomen" />
<meta property="og:description" content="Recepta Nomen d&#039;arròs caldós amb carbassa i rovellons." />
<meta property="og:url" content="https://nomen.es/receta/arroz-caldoso-calabaza-rebozuelos/" />
<meta property="og:site_name" content="Nomen" />
<meta property="article:modified_time" content="2017-08-07T10:24:58+00:00" />
<meta property="og:image" content="https://nomen.es/wp-content/uploads/2016/12/N_2016.12_receta_arroz_caldoso_web.jpg" />
	<meta property="og:image:width" content="900" />
	<meta property="og:image:height" content="600" />
	<meta property="og:image:type" content="image/jpeg" />
<script type="application/ld+json" class="yoast-schema-graph">{"@context":"https:\/\/schema.org","@graph":[{"@type":"WebPage","@id":"https:\/\/nomen.es\/receta\/arroz-caldoso-calabaza-rebozuelos\/","url":"https:\/\/nomen.es\/receta\/arroz-caldoso-calabaza-rebozuelos\/","name":"Arròs caldós amb carbassa i rovellons - Nomen","isPartOf":{"@id":"https:\/\/nomen.es\/#website"},"primaryImageOfPage":{"@id":"https:\/\/nomen.es\/receta\/arroz-caldoso-calabaza-rebozuelos\/#primaryimage"},"image":{"@id":"https:\/\/nomen.es\/receta\/arroz-caldoso-calabaza-rebozuelos\/#primaryimage"},"thumbnailUrl":"https:\/\/nomen.es\/wp-content\/uploads\/2016\/12\/N_2016.12_receta_arroz_caldoso_web.jpg","datePublished":"2016-12-05T08:24:30+00:00","dateModified":"2017-08-07T10:24:58+00:00","description":"Recepta Nomen d'arròs caldós amb carbassa i rovellons.","breadcrumb":{"@id":"https:\/\/nomen.es\/receta\/arroz-caldoso-calabaza-rebozuelos\/#breadcrumb"},"inLanguage":"ca","potentialAction":[{"@type":"ReadAction","target":["https:\/\/nomen.es\/receta\/arroz-caldoso-calabaza-rebozuelos\/"]}]},{"@type":"ImageObject","inLanguage":"ca","@id":"https:\/\/nomen.es\/receta\/arroz-caldoso-calabaza-rebozuelos\/#primaryimage","url":"https:\/\/nomen.es\/wp-content\/uploads\/2016\/12\/N_2016.12_receta_arroz_caldoso_web.jpg","contentUrl":"https:\/\/nomen.es\/wp-content\/uploads\/2016\/12\/N_2016.12_receta_arroz_caldoso_web.jpg","width":900,"height":600},{"@type":"BreadcrumbList","@id":"https:\/\/nomen.es\/receta\/arroz-caldoso-calabaza-rebozuelos\/#breadcrumb","itemListElement":[{"@type":"ListItem","position":1,"name":"Portada","item":"https:\/\/nomen.es\/ca\/"},{"@type":"ListItem","position":2,"name":"Receptes","item":"https:\/\/nomen.es\/receta\/"},{"@type":"ListItem","position":3,"name":"Arròs caldós amb carbassa i rovellons"}]},{"@type":"WebSite","@id":"https:\/\/nomen.es\/#website","url":"https:\/\/nomen.es\/","name":"Nomen","description":"Mucho más que arroz","potentialAction":[{"@type":"SearchAction","target":{"@type":"EntryPoint","urlTemplate":"https:\/\/nomen.es\/?s={search_term_string}"},"query-input":{"@type":"PropertyValueSpecification","valueRequired":true,"valueName":"search_term_string"}}],"inLanguage":"ca"}]}</script>
<!-- / Yoast SEO plugin. -->

Arròs caldós amb carbassa i rovellons - Nomen

Recepta Nomen d'arròs caldós amb carbassa i rovellons.

Mucho más que arroz
