{"id":349,"date":"2015-10-07T12:02:36","date_gmt":"2015-10-07T12:02:36","guid":{"rendered":"https:\/\/nomen.es\/?post_type=recepta&#038;p=349"},"modified":"2015-10-07T23:30:41","modified_gmt":"2015-10-07T23:30:41","slug":"arros-amb-llet-de-coco-i-fruites","status":"publish","type":"recepta","link":"https:\/\/nomen.es\/ca\/recepta\/arros-amb-llet-de-coco-i-fruites\/","title":{"rendered":"Arr\u00f2s amb llet de coco i fruites"},"content":{"rendered":"<p>Escalfem la llet de coco i de vaca amb la branca de canyella. Quan bulli incorporem l\u2019arr\u00f2s i redu\u00efm el foc. Deixem coure a foc lent durant deu minuts. Incorporem el sucre, barregem b\u00e9, retirem del foc i deixem refredar.<\/p>\n<p>Pelem i trossegem la taronja i les rodanxes de pinya.<br \/>\nServim ben fred amb trossos de taronja, pinya, un pessic de canyella en pols i una culleradeta de melmelada de gerds al centre.<\/p>\n<p>Una manera ex\u00f2tica i diferent de fer un arr\u00f2s amb llet casol\u00e0.<\/p>\n<p>Bon profit!<\/p>\n","protected":false},"featured_media":356,"template":"","format":"standard","categoria-receptes":[13],"class_list":["post-349","recepta","type-recepta","status-publish","format-standard","has-post-thumbnail","hentry","categoria-receptes-postres"],"acf":[],"yoast_head":"<!-- This site is optimized with the Yoast SEO plugin v27.4 - https:\/\/yoast.com\/product\/yoast-seo-wordpress\/ -->\n<title>Arr\u00f2s amb llet de coco i fruites - Nomen<\/title>\n<meta name=\"robots\" content=\"index, follow, max-snippet:-1, max-image-preview:large, max-video-preview:-1\" \/>\n<link rel=\"canonical\" href=\"https:\/\/nomen.es\/receta\/arroz-con-leche-de-coco-y-frutas\/\" \/>\n<meta property=\"og:locale\" content=\"ca_ES\" \/>\n<meta property=\"og:type\" content=\"article\" \/>\n<meta property=\"og:title\" content=\"Arr\u00f2s amb llet de coco i fruites - Nomen\" \/>\n<meta property=\"og:description\" content=\"Escalfem la llet de coco i de vaca amb la branca de canyella. Quan bulli incorporem l\u2019arr\u00f2s i redu\u00efm el foc. Deixem coure a foc lent durant deu minuts. Incorporem el sucre, barregem b\u00e9, retirem del foc i deixem refredar. Pelem i trossegem la taronja i les rodanxes de pinya. Servim ben fred amb trossos [&hellip;]\" \/>\n<meta property=\"og:url\" content=\"https:\/\/nomen.es\/receta\/arroz-con-leche-de-coco-y-frutas\/\" \/>\n<meta property=\"og:site_name\" content=\"Nomen\" \/>\n<meta property=\"article:modified_time\" content=\"2015-10-07T23:30:41+00:00\" \/>\n<meta property=\"og:image\" content=\"https:\/\/nomen.es\/wp-content\/uploads\/2015\/10\/arros-amb-llet-de-coco.jpeg\" \/>\n\t<meta property=\"og:image:width\" content=\"421\" \/>\n\t<meta property=\"og:image:height\" content=\"321\" \/>\n\t<meta property=\"og:image:type\" content=\"image\/jpeg\" \/>\n<script type=\"application\/ld+json\" class=\"yoast-schema-graph\">{\"@context\":\"https:\\\/\\\/schema.org\",\"@graph\":[{\"@type\":\"WebPage\",\"@id\":\"https:\\\/\\\/nomen.es\\\/receta\\\/arroz-con-leche-de-coco-y-frutas\\\/\",\"url\":\"https:\\\/\\\/nomen.es\\\/receta\\\/arroz-con-leche-de-coco-y-frutas\\\/\",\"name\":\"Arr\u00f2s amb llet de coco i fruites - Nomen\",\"isPartOf\":{\"@id\":\"https:\\\/\\\/nomen.es\\\/#website\"},\"primaryImageOfPage\":{\"@id\":\"https:\\\/\\\/nomen.es\\\/receta\\\/arroz-con-leche-de-coco-y-frutas\\\/#primaryimage\"},\"image\":{\"@id\":\"https:\\\/\\\/nomen.es\\\/receta\\\/arroz-con-leche-de-coco-y-frutas\\\/#primaryimage\"},\"thumbnailUrl\":\"https:\\\/\\\/nomen.es\\\/wp-content\\\/uploads\\\/2015\\\/10\\\/arros-amb-llet-de-coco.jpeg\",\"datePublished\":\"2015-10-07T12:02:36+00:00\",\"dateModified\":\"2015-10-07T23:30:41+00:00\",\"breadcrumb\":{\"@id\":\"https:\\\/\\\/nomen.es\\\/receta\\\/arroz-con-leche-de-coco-y-frutas\\\/#breadcrumb\"},\"inLanguage\":\"ca\",\"potentialAction\":[{\"@type\":\"ReadAction\",\"target\":[\"https:\\\/\\\/nomen.es\\\/receta\\\/arroz-con-leche-de-coco-y-frutas\\\/\"]}]},{\"@type\":\"ImageObject\",\"inLanguage\":\"ca\",\"@id\":\"https:\\\/\\\/nomen.es\\\/receta\\\/arroz-con-leche-de-coco-y-frutas\\\/#primaryimage\",\"url\":\"https:\\\/\\\/nomen.es\\\/wp-content\\\/uploads\\\/2015\\\/10\\\/arros-amb-llet-de-coco.jpeg\",\"contentUrl\":\"https:\\\/\\\/nomen.es\\\/wp-content\\\/uploads\\\/2015\\\/10\\\/arros-amb-llet-de-coco.jpeg\",\"width\":421,\"height\":321},{\"@type\":\"BreadcrumbList\",\"@id\":\"https:\\\/\\\/nomen.es\\\/receta\\\/arroz-con-leche-de-coco-y-frutas\\\/#breadcrumb\",\"itemListElement\":[{\"@type\":\"ListItem\",\"position\":1,\"name\":\"Portada\",\"item\":\"https:\\\/\\\/nomen.es\\\/ca\\\/\"},{\"@type\":\"ListItem\",\"position\":2,\"name\":\"Receptes\",\"item\":\"https:\\\/\\\/nomen.es\\\/receta\\\/\"},{\"@type\":\"ListItem\",\"position\":3,\"name\":\"Arr\u00f2s amb llet de coco i fruites\"}]},{\"@type\":\"WebSite\",\"@id\":\"https:\\\/\\\/nomen.es\\\/#website\",\"url\":\"https:\\\/\\\/nomen.es\\\/\",\"name\":\"Nomen\",\"description\":\"Mucho m\u00e1s que arroz\",\"potentialAction\":[{\"@type\":\"SearchAction\",\"target\":{\"@type\":\"EntryPoint\",\"urlTemplate\":\"https:\\\/\\\/nomen.es\\\/?s={search_term_string}\"},\"query-input\":{\"@type\":\"PropertyValueSpecification\",\"valueRequired\":true,\"valueName\":\"search_term_string\"}}],\"inLanguage\":\"ca\"}]}<\/script>\n<!-- \/ Yoast SEO plugin. -->","yoast_head_json":{"title":"Arr\u00f2s amb llet de coco i fruites - Nomen","robots":{"index":"index","follow":"follow","max-snippet":"max-snippet:-1","max-image-preview":"max-image-preview:large","max-video-preview":"max-video-preview:-1"},"canonical":"https:\/\/nomen.es\/receta\/arroz-con-leche-de-coco-y-frutas\/","og_locale":"ca_ES","og_type":"article","og_title":"Arr\u00f2s amb llet de coco i fruites - Nomen","og_description":"Escalfem la llet de coco i de vaca amb la branca de canyella. Quan bulli incorporem l\u2019arr\u00f2s i redu\u00efm el foc. Deixem coure a foc lent durant deu minuts. Incorporem el sucre, barregem b\u00e9, retirem del foc i deixem refredar. Pelem i trossegem la taronja i les rodanxes de pinya. Servim ben fred amb trossos [&hellip;]","og_url":"https:\/\/nomen.es\/receta\/arroz-con-leche-de-coco-y-frutas\/","og_site_name":"Nomen","article_modified_time":"2015-10-07T23:30:41+00:00","og_image":[{"width":421,"height":321,"url":"https:\/\/nomen.es\/wp-content\/uploads\/2015\/10\/arros-amb-llet-de-coco.jpeg","type":"image\/jpeg"}],"schema":{"@context":"https:\/\/schema.org","@graph":[{"@type":"WebPage","@id":"https:\/\/nomen.es\/receta\/arroz-con-leche-de-coco-y-frutas\/","url":"https:\/\/nomen.es\/receta\/arroz-con-leche-de-coco-y-frutas\/","name":"Arr\u00f2s amb llet de coco i fruites - Nomen","isPartOf":{"@id":"https:\/\/nomen.es\/#website"},"primaryImageOfPage":{"@id":"https:\/\/nomen.es\/receta\/arroz-con-leche-de-coco-y-frutas\/#primaryimage"},"image":{"@id":"https:\/\/nomen.es\/receta\/arroz-con-leche-de-coco-y-frutas\/#primaryimage"},"thumbnailUrl":"https:\/\/nomen.es\/wp-content\/uploads\/2015\/10\/arros-amb-llet-de-coco.jpeg","datePublished":"2015-10-07T12:02:36+00:00","dateModified":"2015-10-07T23:30:41+00:00","breadcrumb":{"@id":"https:\/\/nomen.es\/receta\/arroz-con-leche-de-coco-y-frutas\/#breadcrumb"},"inLanguage":"ca","potentialAction":[{"@type":"ReadAction","target":["https:\/\/nomen.es\/receta\/arroz-con-leche-de-coco-y-frutas\/"]}]},{"@type":"ImageObject","inLanguage":"ca","@id":"https:\/\/nomen.es\/receta\/arroz-con-leche-de-coco-y-frutas\/#primaryimage","url":"https:\/\/nomen.es\/wp-content\/uploads\/2015\/10\/arros-amb-llet-de-coco.jpeg","contentUrl":"https:\/\/nomen.es\/wp-content\/uploads\/2015\/10\/arros-amb-llet-de-coco.jpeg","width":421,"height":321},{"@type":"BreadcrumbList","@id":"https:\/\/nomen.es\/receta\/arroz-con-leche-de-coco-y-frutas\/#breadcrumb","itemListElement":[{"@type":"ListItem","position":1,"name":"Portada","item":"https:\/\/nomen.es\/ca\/"},{"@type":"ListItem","position":2,"name":"Receptes","item":"https:\/\/nomen.es\/receta\/"},{"@type":"ListItem","position":3,"name":"Arr\u00f2s amb llet de coco i fruites"}]},{"@type":"WebSite","@id":"https:\/\/nomen.es\/#website","url":"https:\/\/nomen.es\/","name":"Nomen","description":"Mucho m\u00e1s que arroz","potentialAction":[{"@type":"SearchAction","target":{"@type":"EntryPoint","urlTemplate":"https:\/\/nomen.es\/?s={search_term_string}"},"query-input":{"@type":"PropertyValueSpecification","valueRequired":true,"valueName":"search_term_string"}}],"inLanguage":"ca"}]}},"_links":{"self":[{"href":"https:\/\/nomen.es\/ca\/wp-json\/wp\/v2\/recepta\/349","targetHints":{"allow":["GET"]}}],"collection":[{"href":"https:\/\/nomen.es\/ca\/wp-json\/wp\/v2\/recepta"}],"about":[{"href":"https:\/\/nomen.es\/ca\/wp-json\/wp\/v2\/types\/recepta"}],"wp:featuredmedia":[{"embeddable":true,"href":"https:\/\/nomen.es\/ca\/wp-json\/wp\/v2\/media\/356"}],"wp:attachment":[{"href":"https:\/\/nomen.es\/ca\/wp-json\/wp\/v2\/media?parent=349"}],"wp:term":[{"taxonomy":"categoria-receptes","embeddable":true,"href":"https:\/\/nomen.es\/ca\/wp-json\/wp\/v2\/categoria-receptes?post=349"}],"curies":[{"name":"wp","href":"https:\/\/api.w.org\/{rel}","templated":true}]}}

Arròs amb llet de coco i fruites

<p>Escalfem la llet de coco i de vaca amb la branca de canyella. Quan bulli incorporem l’arròs i reduïm el foc. Deixem coure a foc lent durant deu minuts. Incorporem el sucre, barregem bé, retirem del foc i deixem refredar.</p>
<p>Pelem i trossegem la taronja i les rodanxes de pinya.<br />
Servim ben fred amb trossos de taronja, pinya, un pessic de canyella en pols i una culleradeta de melmelada de gerds al centre.</p>
<p>Una manera exòtica i diferent de fer un arròs amb llet casolà.</p>
<p>Bon profit!</p>

<!-- This site is optimized with the Yoast SEO plugin v27.4 - https://yoast.com/product/yoast-seo-wordpress/ -->
<title>Arròs amb llet de coco i fruites - Nomen</title>
<meta name="robots" content="index, follow, max-snippet:-1, max-image-preview:large, max-video-preview:-1" />
<link rel="canonical" href="https://nomen.es/receta/arroz-con-leche-de-coco-y-frutas/" />
<meta property="og:locale" content="ca_ES" />
<meta property="og:type" content="article" />
<meta property="og:title" content="Arròs amb llet de coco i fruites - Nomen" />
<meta property="og:description" content="Escalfem la llet de coco i de vaca amb la branca de canyella. Quan bulli incorporem l’arròs i reduïm el foc. Deixem coure a foc lent durant deu minuts. Incorporem el sucre, barregem bé, retirem del foc i deixem refredar. Pelem i trossegem la taronja i les rodanxes de pinya. Servim ben fred amb trossos [&hellip;]" />
<meta property="og:url" content="https://nomen.es/receta/arroz-con-leche-de-coco-y-frutas/" />
<meta property="og:site_name" content="Nomen" />
<meta property="article:modified_time" content="2015-10-07T23:30:41+00:00" />
<meta property="og:image" content="https://nomen.es/wp-content/uploads/2015/10/arros-amb-llet-de-coco.jpeg" />
	<meta property="og:image:width" content="421" />
	<meta property="og:image:height" content="321" />
	<meta property="og:image:type" content="image/jpeg" />
<script type="application/ld+json" class="yoast-schema-graph">{"@context":"https:\/\/schema.org","@graph":[{"@type":"WebPage","@id":"https:\/\/nomen.es\/receta\/arroz-con-leche-de-coco-y-frutas\/","url":"https:\/\/nomen.es\/receta\/arroz-con-leche-de-coco-y-frutas\/","name":"Arròs amb llet de coco i fruites - Nomen","isPartOf":{"@id":"https:\/\/nomen.es\/#website"},"primaryImageOfPage":{"@id":"https:\/\/nomen.es\/receta\/arroz-con-leche-de-coco-y-frutas\/#primaryimage"},"image":{"@id":"https:\/\/nomen.es\/receta\/arroz-con-leche-de-coco-y-frutas\/#primaryimage"},"thumbnailUrl":"https:\/\/nomen.es\/wp-content\/uploads\/2015\/10\/arros-amb-llet-de-coco.jpeg","datePublished":"2015-10-07T12:02:36+00:00","dateModified":"2015-10-07T23:30:41+00:00","breadcrumb":{"@id":"https:\/\/nomen.es\/receta\/arroz-con-leche-de-coco-y-frutas\/#breadcrumb"},"inLanguage":"ca","potentialAction":[{"@type":"ReadAction","target":["https:\/\/nomen.es\/receta\/arroz-con-leche-de-coco-y-frutas\/"]}]},{"@type":"ImageObject","inLanguage":"ca","@id":"https:\/\/nomen.es\/receta\/arroz-con-leche-de-coco-y-frutas\/#primaryimage","url":"https:\/\/nomen.es\/wp-content\/uploads\/2015\/10\/arros-amb-llet-de-coco.jpeg","contentUrl":"https:\/\/nomen.es\/wp-content\/uploads\/2015\/10\/arros-amb-llet-de-coco.jpeg","width":421,"height":321},{"@type":"BreadcrumbList","@id":"https:\/\/nomen.es\/receta\/arroz-con-leche-de-coco-y-frutas\/#breadcrumb","itemListElement":[{"@type":"ListItem","position":1,"name":"Portada","item":"https:\/\/nomen.es\/ca\/"},{"@type":"ListItem","position":2,"name":"Receptes","item":"https:\/\/nomen.es\/receta\/"},{"@type":"ListItem","position":3,"name":"Arròs amb llet de coco i fruites"}]},{"@type":"WebSite","@id":"https:\/\/nomen.es\/#website","url":"https:\/\/nomen.es\/","name":"Nomen","description":"Mucho más que arroz","potentialAction":[{"@type":"SearchAction","target":{"@type":"EntryPoint","urlTemplate":"https:\/\/nomen.es\/?s={search_term_string}"},"query-input":{"@type":"PropertyValueSpecification","valueRequired":true,"valueName":"search_term_string"}}],"inLanguage":"ca"}]}</script>
<!-- / Yoast SEO plugin. -->

Arròs amb llet de coco i fruites - Nomen

Escalfem la llet de coco i de vaca amb la branca de canyella. Quan bulli incorporem l’arròs i reduïm el foc. Deixem coure a foc lent durant deu minuts. Incorporem el sucre, barregem bé, retirem del foc i deixem refredar. Pelem i trossegem la taronja i les rodanxes de pinya. Servim ben fred amb trossos [&hellip;]

Mucho más que arroz
