{"id":7033,"date":"2018-06-11T12:02:02","date_gmt":"2018-06-11T10:02:02","guid":{"rendered":"https:\/\/nomen.es\/?post_type=recepta&#038;p=7033\/"},"modified":"2018-06-11T12:02:02","modified_gmt":"2018-06-11T10:02:02","slug":"arros-amb-verdures-al-forn-i-bacalla-esqueixat-amb-picada-dolives","status":"publish","type":"recepta","link":"https:\/\/nomen.es\/ca\/recepta\/arros-amb-verdures-al-forn-i-bacalla-esqueixat-amb-picada-dolives\/","title":{"rendered":"Arr\u00f2s amb verdures al forn i bacall\u00e0 esqueixat amb picada d&#8217;olives"},"content":{"rendered":"<p><img decoding=\"async\" class=\"aligncenter size-full wp-image-7028\" src=\"https:\/\/nomen.es\/wp-content\/uploads\/2018\/06\/arroz_con_verduras_al_horno_ingrediente.jpg\" alt=\"\" width=\"750\" height=\"500\" srcset=\"https:\/\/nomen.es\/wp-content\/uploads\/2018\/06\/arroz_con_verduras_al_horno_ingrediente.jpg 750w, https:\/\/nomen.es\/wp-content\/uploads\/2018\/06\/arroz_con_verduras_al_horno_ingrediente-600x400.jpg 600w, https:\/\/nomen.es\/wp-content\/uploads\/2018\/06\/arroz_con_verduras_al_horno_ingrediente-300x200.jpg 300w\" sizes=\"(max-width: 750px) 100vw, 750px\" \/><\/p>\n<p>1. Preescalfem el forn a 180 \u00baC.<\/p>\n<p>2. Posem aigua amb sal a bullir i coem l\u2019arr\u00f2s durant 15 minuts. El colem i reservem.<\/p>\n<p>3. Tallem les verdures a tires primes.<\/p>\n<p>4. Barregem les verdures amb un rajol\u00ed d\u2019oli d\u2019oliva, la mel, la mostassa i la salsa de soja.<\/p>\n<p>5. Coem les verdures al forn a 180 \u00baC durant 40 minuts.<\/p>\n<p>6. Piquem les olives, els cogombrets i els tom\u00e0quets secs. Els barregem amb les t\u00e0peres.<\/p>\n<p><img decoding=\"async\" class=\"aligncenter size-full wp-image-7031\" src=\"https:\/\/nomen.es\/wp-content\/uploads\/2018\/06\/arroz_con_verduras_al_horno_paso.jpg\" alt=\"\" width=\"750\" height=\"500\" srcset=\"https:\/\/nomen.es\/wp-content\/uploads\/2018\/06\/arroz_con_verduras_al_horno_paso.jpg 750w, https:\/\/nomen.es\/wp-content\/uploads\/2018\/06\/arroz_con_verduras_al_horno_paso-600x400.jpg 600w, https:\/\/nomen.es\/wp-content\/uploads\/2018\/06\/arroz_con_verduras_al_horno_paso-300x200.jpg 300w\" sizes=\"(max-width: 750px) 100vw, 750px\" \/><\/p>\n<p>7. Barregem l\u2019arr\u00f2s cuit amb les verdures.<\/p>\n<p>8. En un plat disposem una base d\u2019arr\u00f2s amb verdures, els talls de bacall\u00e0 esqueixat per sobre i finalment disposem la picada d\u2019olives per sobre i servim.<\/p>\n<p><img decoding=\"async\" class=\"aligncenter size-full wp-image-7032\" src=\"https:\/\/nomen.es\/wp-content\/uploads\/2018\/06\/arroz_con_verduras_al_horno_final.jpg\" alt=\"\" width=\"750\" height=\"500\" srcset=\"https:\/\/nomen.es\/wp-content\/uploads\/2018\/06\/arroz_con_verduras_al_horno_final.jpg 750w, https:\/\/nomen.es\/wp-content\/uploads\/2018\/06\/arroz_con_verduras_al_horno_final-600x400.jpg 600w, https:\/\/nomen.es\/wp-content\/uploads\/2018\/06\/arroz_con_verduras_al_horno_final-300x200.jpg 300w\" sizes=\"(max-width: 750px) 100vw, 750px\" \/><\/p>\n","protected":false},"featured_media":7029,"template":"","format":"standard","categoria-receptes":[177],"class_list":["post-7033","recepta","type-recepta","status-publish","format-standard","has-post-thumbnail","hentry","categoria-receptes-ideals-per-a-tupper"],"acf":[],"yoast_head":"<!-- This site is optimized with the Yoast SEO plugin v27.4 - https:\/\/yoast.com\/product\/yoast-seo-wordpress\/ -->\n<title>Arr\u00f2s amb verdures al forn i bacall\u00e0 esqueixat amb picada d&#039;olives - Nomen<\/title>\n<meta name=\"description\" content=\"Recepta Nomen d&#039;arr\u00f2s amb verdures al forn i bacall\u00e0 esqueixat amb picada d&#039;olives.\" \/>\n<meta name=\"robots\" content=\"index, follow, max-snippet:-1, max-image-preview:large, max-video-preview:-1\" \/>\n<link rel=\"canonical\" href=\"https:\/\/nomen.es\/receta\/arroz-con-verduras-al-horno-y-bacalao-desmigado-con-picada-de-aceitunas\/\" \/>\n<meta property=\"og:locale\" content=\"ca_ES\" \/>\n<meta property=\"og:type\" content=\"article\" \/>\n<meta property=\"og:title\" content=\"Arr\u00f2s amb verdures al forn i bacall\u00e0 esqueixat amb picada d&#039;olives - Nomen\" \/>\n<meta property=\"og:description\" content=\"Recepta Nomen d&#039;arr\u00f2s amb verdures al forn i bacall\u00e0 esqueixat amb picada d&#039;olives.\" \/>\n<meta property=\"og:url\" content=\"https:\/\/nomen.es\/receta\/arroz-con-verduras-al-horno-y-bacalao-desmigado-con-picada-de-aceitunas\/\" \/>\n<meta property=\"og:site_name\" content=\"Nomen\" \/>\n<meta property=\"og:image\" content=\"https:\/\/nomen.es\/wp-content\/uploads\/2018\/06\/arroz_con_verduras_al_horno.jpg\" \/>\n\t<meta property=\"og:image:width\" content=\"900\" \/>\n\t<meta property=\"og:image:height\" content=\"600\" \/>\n\t<meta property=\"og:image:type\" content=\"image\/jpeg\" \/>\n<meta name=\"twitter:label1\" content=\"Temps estimat de lectura\" \/>\n\t<meta name=\"twitter:data1\" content=\"1 minut\" \/>\n<script type=\"application\/ld+json\" class=\"yoast-schema-graph\">{\"@context\":\"https:\\\/\\\/schema.org\",\"@graph\":[{\"@type\":\"WebPage\",\"@id\":\"https:\\\/\\\/nomen.es\\\/receta\\\/arroz-con-verduras-al-horno-y-bacalao-desmigado-con-picada-de-aceitunas\\\/\",\"url\":\"https:\\\/\\\/nomen.es\\\/receta\\\/arroz-con-verduras-al-horno-y-bacalao-desmigado-con-picada-de-aceitunas\\\/\",\"name\":\"Arr\u00f2s amb verdures al forn i bacall\u00e0 esqueixat amb picada d'olives - Nomen\",\"isPartOf\":{\"@id\":\"https:\\\/\\\/nomen.es\\\/#website\"},\"primaryImageOfPage\":{\"@id\":\"https:\\\/\\\/nomen.es\\\/receta\\\/arroz-con-verduras-al-horno-y-bacalao-desmigado-con-picada-de-aceitunas\\\/#primaryimage\"},\"image\":{\"@id\":\"https:\\\/\\\/nomen.es\\\/receta\\\/arroz-con-verduras-al-horno-y-bacalao-desmigado-con-picada-de-aceitunas\\\/#primaryimage\"},\"thumbnailUrl\":\"https:\\\/\\\/nomen.es\\\/wp-content\\\/uploads\\\/2018\\\/06\\\/arroz_con_verduras_al_horno.jpg\",\"datePublished\":\"2018-06-11T10:02:02+00:00\",\"description\":\"Recepta Nomen d'arr\u00f2s amb verdures al forn i bacall\u00e0 esqueixat amb picada d'olives.\",\"breadcrumb\":{\"@id\":\"https:\\\/\\\/nomen.es\\\/receta\\\/arroz-con-verduras-al-horno-y-bacalao-desmigado-con-picada-de-aceitunas\\\/#breadcrumb\"},\"inLanguage\":\"ca\",\"potentialAction\":[{\"@type\":\"ReadAction\",\"target\":[\"https:\\\/\\\/nomen.es\\\/receta\\\/arroz-con-verduras-al-horno-y-bacalao-desmigado-con-picada-de-aceitunas\\\/\"]}]},{\"@type\":\"ImageObject\",\"inLanguage\":\"ca\",\"@id\":\"https:\\\/\\\/nomen.es\\\/receta\\\/arroz-con-verduras-al-horno-y-bacalao-desmigado-con-picada-de-aceitunas\\\/#primaryimage\",\"url\":\"https:\\\/\\\/nomen.es\\\/wp-content\\\/uploads\\\/2018\\\/06\\\/arroz_con_verduras_al_horno.jpg\",\"contentUrl\":\"https:\\\/\\\/nomen.es\\\/wp-content\\\/uploads\\\/2018\\\/06\\\/arroz_con_verduras_al_horno.jpg\",\"width\":900,\"height\":600,\"caption\":\"arroz con verduras al horno\"},{\"@type\":\"BreadcrumbList\",\"@id\":\"https:\\\/\\\/nomen.es\\\/receta\\\/arroz-con-verduras-al-horno-y-bacalao-desmigado-con-picada-de-aceitunas\\\/#breadcrumb\",\"itemListElement\":[{\"@type\":\"ListItem\",\"position\":1,\"name\":\"Portada\",\"item\":\"https:\\\/\\\/nomen.es\\\/ca\\\/\"},{\"@type\":\"ListItem\",\"position\":2,\"name\":\"Receptes\",\"item\":\"https:\\\/\\\/nomen.es\\\/receta\\\/\"},{\"@type\":\"ListItem\",\"position\":3,\"name\":\"Arr\u00f2s amb verdures al forn i bacall\u00e0 esqueixat amb picada d&#8217;olives\"}]},{\"@type\":\"WebSite\",\"@id\":\"https:\\\/\\\/nomen.es\\\/#website\",\"url\":\"https:\\\/\\\/nomen.es\\\/\",\"name\":\"Nomen\",\"description\":\"Mucho m\u00e1s que arroz\",\"potentialAction\":[{\"@type\":\"SearchAction\",\"target\":{\"@type\":\"EntryPoint\",\"urlTemplate\":\"https:\\\/\\\/nomen.es\\\/?s={search_term_string}\"},\"query-input\":{\"@type\":\"PropertyValueSpecification\",\"valueRequired\":true,\"valueName\":\"search_term_string\"}}],\"inLanguage\":\"ca\"}]}<\/script>\n<!-- \/ Yoast SEO plugin. -->","yoast_head_json":{"title":"Arr\u00f2s amb verdures al forn i bacall\u00e0 esqueixat amb picada d'olives - Nomen","description":"Recepta Nomen d'arr\u00f2s amb verdures al forn i bacall\u00e0 esqueixat amb picada d'olives.","robots":{"index":"index","follow":"follow","max-snippet":"max-snippet:-1","max-image-preview":"max-image-preview:large","max-video-preview":"max-video-preview:-1"},"canonical":"https:\/\/nomen.es\/receta\/arroz-con-verduras-al-horno-y-bacalao-desmigado-con-picada-de-aceitunas\/","og_locale":"ca_ES","og_type":"article","og_title":"Arr\u00f2s amb verdures al forn i bacall\u00e0 esqueixat amb picada d'olives - Nomen","og_description":"Recepta Nomen d'arr\u00f2s amb verdures al forn i bacall\u00e0 esqueixat amb picada d'olives.","og_url":"https:\/\/nomen.es\/receta\/arroz-con-verduras-al-horno-y-bacalao-desmigado-con-picada-de-aceitunas\/","og_site_name":"Nomen","og_image":[{"width":900,"height":600,"url":"https:\/\/nomen.es\/wp-content\/uploads\/2018\/06\/arroz_con_verduras_al_horno.jpg","type":"image\/jpeg"}],"twitter_misc":{"Temps estimat de lectura":"1 minut"},"schema":{"@context":"https:\/\/schema.org","@graph":[{"@type":"WebPage","@id":"https:\/\/nomen.es\/receta\/arroz-con-verduras-al-horno-y-bacalao-desmigado-con-picada-de-aceitunas\/","url":"https:\/\/nomen.es\/receta\/arroz-con-verduras-al-horno-y-bacalao-desmigado-con-picada-de-aceitunas\/","name":"Arr\u00f2s amb verdures al forn i bacall\u00e0 esqueixat amb picada d'olives - Nomen","isPartOf":{"@id":"https:\/\/nomen.es\/#website"},"primaryImageOfPage":{"@id":"https:\/\/nomen.es\/receta\/arroz-con-verduras-al-horno-y-bacalao-desmigado-con-picada-de-aceitunas\/#primaryimage"},"image":{"@id":"https:\/\/nomen.es\/receta\/arroz-con-verduras-al-horno-y-bacalao-desmigado-con-picada-de-aceitunas\/#primaryimage"},"thumbnailUrl":"https:\/\/nomen.es\/wp-content\/uploads\/2018\/06\/arroz_con_verduras_al_horno.jpg","datePublished":"2018-06-11T10:02:02+00:00","description":"Recepta Nomen d'arr\u00f2s amb verdures al forn i bacall\u00e0 esqueixat amb picada d'olives.","breadcrumb":{"@id":"https:\/\/nomen.es\/receta\/arroz-con-verduras-al-horno-y-bacalao-desmigado-con-picada-de-aceitunas\/#breadcrumb"},"inLanguage":"ca","potentialAction":[{"@type":"ReadAction","target":["https:\/\/nomen.es\/receta\/arroz-con-verduras-al-horno-y-bacalao-desmigado-con-picada-de-aceitunas\/"]}]},{"@type":"ImageObject","inLanguage":"ca","@id":"https:\/\/nomen.es\/receta\/arroz-con-verduras-al-horno-y-bacalao-desmigado-con-picada-de-aceitunas\/#primaryimage","url":"https:\/\/nomen.es\/wp-content\/uploads\/2018\/06\/arroz_con_verduras_al_horno.jpg","contentUrl":"https:\/\/nomen.es\/wp-content\/uploads\/2018\/06\/arroz_con_verduras_al_horno.jpg","width":900,"height":600,"caption":"arroz con verduras al horno"},{"@type":"BreadcrumbList","@id":"https:\/\/nomen.es\/receta\/arroz-con-verduras-al-horno-y-bacalao-desmigado-con-picada-de-aceitunas\/#breadcrumb","itemListElement":[{"@type":"ListItem","position":1,"name":"Portada","item":"https:\/\/nomen.es\/ca\/"},{"@type":"ListItem","position":2,"name":"Receptes","item":"https:\/\/nomen.es\/receta\/"},{"@type":"ListItem","position":3,"name":"Arr\u00f2s amb verdures al forn i bacall\u00e0 esqueixat amb picada d&#8217;olives"}]},{"@type":"WebSite","@id":"https:\/\/nomen.es\/#website","url":"https:\/\/nomen.es\/","name":"Nomen","description":"Mucho m\u00e1s que arroz","potentialAction":[{"@type":"SearchAction","target":{"@type":"EntryPoint","urlTemplate":"https:\/\/nomen.es\/?s={search_term_string}"},"query-input":{"@type":"PropertyValueSpecification","valueRequired":true,"valueName":"search_term_string"}}],"inLanguage":"ca"}]}},"_links":{"self":[{"href":"https:\/\/nomen.es\/ca\/wp-json\/wp\/v2\/recepta\/7033","targetHints":{"allow":["GET"]}}],"collection":[{"href":"https:\/\/nomen.es\/ca\/wp-json\/wp\/v2\/recepta"}],"about":[{"href":"https:\/\/nomen.es\/ca\/wp-json\/wp\/v2\/types\/recepta"}],"wp:featuredmedia":[{"embeddable":true,"href":"https:\/\/nomen.es\/ca\/wp-json\/wp\/v2\/media\/7029"}],"wp:attachment":[{"href":"https:\/\/nomen.es\/ca\/wp-json\/wp\/v2\/media?parent=7033"}],"wp:term":[{"taxonomy":"categoria-receptes","embeddable":true,"href":"https:\/\/nomen.es\/ca\/wp-json\/wp\/v2\/categoria-receptes?post=7033"}],"curies":[{"name":"wp","href":"https:\/\/api.w.org\/{rel}","templated":true}]}}

Arròs amb verdures al forn i bacallà esqueixat amb picada d&#8217;olives

<p><img decoding="async" class="aligncenter size-full wp-image-7028" src="https://nomen.es/wp-content/uploads/2018/06/arroz_con_verduras_al_horno_ingrediente.jpg" alt="" width="750" height="500" srcset="https://nomen.es/wp-content/uploads/2018/06/arroz_con_verduras_al_horno_ingrediente.jpg 750w, https://nomen.es/wp-content/uploads/2018/06/arroz_con_verduras_al_horno_ingrediente-600x400.jpg 600w, https://nomen.es/wp-content/uploads/2018/06/arroz_con_verduras_al_horno_ingrediente-300x200.jpg 300w" sizes="(max-width: 750px) 100vw, 750px" /></p>
<p>1. Preescalfem el forn a 180 ºC.</p>
<p>2. Posem aigua amb sal a bullir i coem l’arròs durant 15 minuts. El colem i reservem.</p>
<p>3. Tallem les verdures a tires primes.</p>
<p>4. Barregem les verdures amb un rajolí d’oli d’oliva, la mel, la mostassa i la salsa de soja.</p>
<p>5. Coem les verdures al forn a 180 ºC durant 40 minuts.</p>
<p>6. Piquem les olives, els cogombrets i els tomàquets secs. Els barregem amb les tàperes.</p>
<p><img decoding="async" class="aligncenter size-full wp-image-7031" src="https://nomen.es/wp-content/uploads/2018/06/arroz_con_verduras_al_horno_paso.jpg" alt="" width="750" height="500" srcset="https://nomen.es/wp-content/uploads/2018/06/arroz_con_verduras_al_horno_paso.jpg 750w, https://nomen.es/wp-content/uploads/2018/06/arroz_con_verduras_al_horno_paso-600x400.jpg 600w, https://nomen.es/wp-content/uploads/2018/06/arroz_con_verduras_al_horno_paso-300x200.jpg 300w" sizes="(max-width: 750px) 100vw, 750px" /></p>
<p>7. Barregem l’arròs cuit amb les verdures.</p>
<p>8. En un plat disposem una base d’arròs amb verdures, els talls de bacallà esqueixat per sobre i finalment disposem la picada d’olives per sobre i servim.</p>
<p><img decoding="async" class="aligncenter size-full wp-image-7032" src="https://nomen.es/wp-content/uploads/2018/06/arroz_con_verduras_al_horno_final.jpg" alt="" width="750" height="500" srcset="https://nomen.es/wp-content/uploads/2018/06/arroz_con_verduras_al_horno_final.jpg 750w, https://nomen.es/wp-content/uploads/2018/06/arroz_con_verduras_al_horno_final-600x400.jpg 600w, https://nomen.es/wp-content/uploads/2018/06/arroz_con_verduras_al_horno_final-300x200.jpg 300w" sizes="(max-width: 750px) 100vw, 750px" /></p>

<!-- This site is optimized with the Yoast SEO plugin v27.4 - https://yoast.com/product/yoast-seo-wordpress/ -->
<title>Arròs amb verdures al forn i bacallà esqueixat amb picada d&#039;olives - Nomen</title>
<meta name="description" content="Recepta Nomen d&#039;arròs amb verdures al forn i bacallà esqueixat amb picada d&#039;olives." />
<meta name="robots" content="index, follow, max-snippet:-1, max-image-preview:large, max-video-preview:-1" />
<link rel="canonical" href="https://nomen.es/receta/arroz-con-verduras-al-horno-y-bacalao-desmigado-con-picada-de-aceitunas/" />
<meta property="og:locale" content="ca_ES" />
<meta property="og:type" content="article" />
<meta property="og:title" content="Arròs amb verdures al forn i bacallà esqueixat amb picada d&#039;olives - Nomen" />
<meta property="og:description" content="Recepta Nomen d&#039;arròs amb verdures al forn i bacallà esqueixat amb picada d&#039;olives." />
<meta property="og:url" content="https://nomen.es/receta/arroz-con-verduras-al-horno-y-bacalao-desmigado-con-picada-de-aceitunas/" />
<meta property="og:site_name" content="Nomen" />
<meta property="og:image" content="https://nomen.es/wp-content/uploads/2018/06/arroz_con_verduras_al_horno.jpg" />
	<meta property="og:image:width" content="900" />
	<meta property="og:image:height" content="600" />
	<meta property="og:image:type" content="image/jpeg" />
<meta name="twitter:label1" content="Temps estimat de lectura" />
	<meta name="twitter:data1" content="1 minut" />
<script type="application/ld+json" class="yoast-schema-graph">{"@context":"https:\/\/schema.org","@graph":[{"@type":"WebPage","@id":"https:\/\/nomen.es\/receta\/arroz-con-verduras-al-horno-y-bacalao-desmigado-con-picada-de-aceitunas\/","url":"https:\/\/nomen.es\/receta\/arroz-con-verduras-al-horno-y-bacalao-desmigado-con-picada-de-aceitunas\/","name":"Arròs amb verdures al forn i bacallà esqueixat amb picada d'olives - Nomen","isPartOf":{"@id":"https:\/\/nomen.es\/#website"},"primaryImageOfPage":{"@id":"https:\/\/nomen.es\/receta\/arroz-con-verduras-al-horno-y-bacalao-desmigado-con-picada-de-aceitunas\/#primaryimage"},"image":{"@id":"https:\/\/nomen.es\/receta\/arroz-con-verduras-al-horno-y-bacalao-desmigado-con-picada-de-aceitunas\/#primaryimage"},"thumbnailUrl":"https:\/\/nomen.es\/wp-content\/uploads\/2018\/06\/arroz_con_verduras_al_horno.jpg","datePublished":"2018-06-11T10:02:02+00:00","description":"Recepta Nomen d'arròs amb verdures al forn i bacallà esqueixat amb picada d'olives.","breadcrumb":{"@id":"https:\/\/nomen.es\/receta\/arroz-con-verduras-al-horno-y-bacalao-desmigado-con-picada-de-aceitunas\/#breadcrumb"},"inLanguage":"ca","potentialAction":[{"@type":"ReadAction","target":["https:\/\/nomen.es\/receta\/arroz-con-verduras-al-horno-y-bacalao-desmigado-con-picada-de-aceitunas\/"]}]},{"@type":"ImageObject","inLanguage":"ca","@id":"https:\/\/nomen.es\/receta\/arroz-con-verduras-al-horno-y-bacalao-desmigado-con-picada-de-aceitunas\/#primaryimage","url":"https:\/\/nomen.es\/wp-content\/uploads\/2018\/06\/arroz_con_verduras_al_horno.jpg","contentUrl":"https:\/\/nomen.es\/wp-content\/uploads\/2018\/06\/arroz_con_verduras_al_horno.jpg","width":900,"height":600,"caption":"arroz con verduras al horno"},{"@type":"BreadcrumbList","@id":"https:\/\/nomen.es\/receta\/arroz-con-verduras-al-horno-y-bacalao-desmigado-con-picada-de-aceitunas\/#breadcrumb","itemListElement":[{"@type":"ListItem","position":1,"name":"Portada","item":"https:\/\/nomen.es\/ca\/"},{"@type":"ListItem","position":2,"name":"Receptes","item":"https:\/\/nomen.es\/receta\/"},{"@type":"ListItem","position":3,"name":"Arròs amb verdures al forn i bacallà esqueixat amb picada d&#8217;olives"}]},{"@type":"WebSite","@id":"https:\/\/nomen.es\/#website","url":"https:\/\/nomen.es\/","name":"Nomen","description":"Mucho más que arroz","potentialAction":[{"@type":"SearchAction","target":{"@type":"EntryPoint","urlTemplate":"https:\/\/nomen.es\/?s={search_term_string}"},"query-input":{"@type":"PropertyValueSpecification","valueRequired":true,"valueName":"search_term_string"}}],"inLanguage":"ca"}]}</script>
<!-- / Yoast SEO plugin. -->

Arròs amb verdures al forn i bacallà esqueixat amb picada d'olives - Nomen

Recepta Nomen d'arròs amb verdures al forn i bacallà esqueixat amb picada d'olives.

Mucho más que arroz
