{"id":7244,"date":"2018-07-16T13:38:32","date_gmt":"2018-07-16T11:38:32","guid":{"rendered":"https:\/\/nomen.es\/?post_type=recepta&#038;p=7244\/"},"modified":"2018-07-16T13:38:32","modified_gmt":"2018-07-16T11:38:32","slug":"amanida-darros-tomaquet-mozzarella-i-alfabrega","status":"publish","type":"recepta","link":"https:\/\/nomen.es\/ca\/recepta\/amanida-darros-tomaquet-mozzarella-i-alfabrega\/","title":{"rendered":"Amanida d&#8217;arr\u00f2s, tom\u00e0quet, mozzarella i alf\u00e0brega"},"content":{"rendered":"<p><img decoding=\"async\" class=\"aligncenter size-full wp-image-7239\" src=\"https:\/\/nomen.es\/wp-content\/uploads\/2018\/07\/ensalada_de_arroz_ingredientes.jpg\" alt=\"\" width=\"750\" height=\"500\" srcset=\"https:\/\/nomen.es\/wp-content\/uploads\/2018\/07\/ensalada_de_arroz_ingredientes.jpg 750w, https:\/\/nomen.es\/wp-content\/uploads\/2018\/07\/ensalada_de_arroz_ingredientes-600x400.jpg 600w, https:\/\/nomen.es\/wp-content\/uploads\/2018\/07\/ensalada_de_arroz_ingredientes-300x200.jpg 300w\" sizes=\"(max-width: 750px) 100vw, 750px\" \/><\/p>\n<p>1. Coem els vasets d\u2019arr\u00f2s 1 minut al microones. Deixem refredar l\u2019arr\u00f2s.<\/p>\n<p>2. Pelem els tom\u00e0quets i el cogombre i els tallem a daus petits. Reservem.<\/p>\n<p><img decoding=\"async\" class=\"aligncenter size-full wp-image-7240\" src=\"https:\/\/nomen.es\/wp-content\/uploads\/2018\/07\/ensalada_de_arroz_paso.jpg\" alt=\"\" width=\"750\" height=\"500\" srcset=\"https:\/\/nomen.es\/wp-content\/uploads\/2018\/07\/ensalada_de_arroz_paso.jpg 750w, https:\/\/nomen.es\/wp-content\/uploads\/2018\/07\/ensalada_de_arroz_paso-600x400.jpg 600w, https:\/\/nomen.es\/wp-content\/uploads\/2018\/07\/ensalada_de_arroz_paso-300x200.jpg 300w\" sizes=\"(max-width: 750px) 100vw, 750px\" \/><\/p>\n<p>3. Piquem l\u2019alf\u00e0brega i reservem.<\/p>\n<p>4. En un bol barregem l\u2019arr\u00f2s amb els daus de tom\u00e0quet i cogombre, les olives, la mozzarella i l\u2019alf\u00e0brega.<\/p>\n<p>5. Amanim amb una mica d\u2019oli d\u2019oliva i salpebrem al gust.<\/p>\n<p>6. Decorem amb unes tires fines de ceba de Figueres per sobre i servim.<\/p>\n<p><img decoding=\"async\" class=\"aligncenter size-full wp-image-7241\" src=\"https:\/\/nomen.es\/wp-content\/uploads\/2018\/07\/ensalada_de_arroz_final.jpg\" alt=\"\" width=\"750\" height=\"500\" srcset=\"https:\/\/nomen.es\/wp-content\/uploads\/2018\/07\/ensalada_de_arroz_final.jpg 750w, https:\/\/nomen.es\/wp-content\/uploads\/2018\/07\/ensalada_de_arroz_final-600x400.jpg 600w, https:\/\/nomen.es\/wp-content\/uploads\/2018\/07\/ensalada_de_arroz_final-300x200.jpg 300w\" sizes=\"(max-width: 750px) 100vw, 750px\" \/><\/p>\n","protected":false},"featured_media":7243,"template":"","format":"standard","categoria-receptes":[177],"class_list":["post-7244","recepta","type-recepta","status-publish","format-standard","has-post-thumbnail","hentry","categoria-receptes-ideals-per-a-tupper"],"acf":[],"yoast_head":"<!-- This site is optimized with the Yoast SEO plugin v27.4 - https:\/\/yoast.com\/product\/yoast-seo-wordpress\/ -->\n<title>Amanida d&#039;arr\u00f2s, tom\u00e0quet, mozzarella i alf\u00e0brega - Nomen<\/title>\n<meta name=\"description\" content=\"Recepta Nomen d&#039;amanida d&#039;arr\u00f2s, tom\u00e0quet, mozzarella i alf\u00e0brega.\" \/>\n<meta name=\"robots\" content=\"index, follow, max-snippet:-1, max-image-preview:large, max-video-preview:-1\" \/>\n<link rel=\"canonical\" href=\"https:\/\/nomen.es\/ca\/recepta\/amanida-darros-tomaquet-mozzarella-i-alfabrega\/\" \/>\n<meta property=\"og:locale\" content=\"ca_ES\" \/>\n<meta property=\"og:type\" content=\"article\" \/>\n<meta property=\"og:title\" content=\"Amanida d&#039;arr\u00f2s, tom\u00e0quet, mozzarella i alf\u00e0brega - Nomen\" \/>\n<meta property=\"og:description\" content=\"Recepta Nomen d&#039;amanida d&#039;arr\u00f2s, tom\u00e0quet, mozzarella i alf\u00e0brega.\" \/>\n<meta property=\"og:url\" content=\"https:\/\/nomen.es\/ca\/recepta\/amanida-darros-tomaquet-mozzarella-i-alfabrega\/\" \/>\n<meta property=\"og:site_name\" content=\"Nomen\" \/>\n<meta property=\"og:image\" content=\"https:\/\/nomen.es\/wp-content\/uploads\/2018\/07\/ensalada_de_arroz.jpg\" \/>\n\t<meta property=\"og:image:width\" content=\"900\" \/>\n\t<meta property=\"og:image:height\" content=\"600\" \/>\n\t<meta property=\"og:image:type\" content=\"image\/jpeg\" \/>\n<script type=\"application\/ld+json\" class=\"yoast-schema-graph\">{\"@context\":\"https:\\\/\\\/schema.org\",\"@graph\":[{\"@type\":\"WebPage\",\"@id\":\"https:\\\/\\\/nomen.es\\\/ca\\\/recepta\\\/amanida-darros-tomaquet-mozzarella-i-alfabrega\\\/\",\"url\":\"https:\\\/\\\/nomen.es\\\/ca\\\/recepta\\\/amanida-darros-tomaquet-mozzarella-i-alfabrega\\\/\",\"name\":\"Amanida d'arr\u00f2s, tom\u00e0quet, mozzarella i alf\u00e0brega - Nomen\",\"isPartOf\":{\"@id\":\"https:\\\/\\\/nomen.es\\\/#website\"},\"primaryImageOfPage\":{\"@id\":\"https:\\\/\\\/nomen.es\\\/ca\\\/recepta\\\/amanida-darros-tomaquet-mozzarella-i-alfabrega\\\/#primaryimage\"},\"image\":{\"@id\":\"https:\\\/\\\/nomen.es\\\/ca\\\/recepta\\\/amanida-darros-tomaquet-mozzarella-i-alfabrega\\\/#primaryimage\"},\"thumbnailUrl\":\"https:\\\/\\\/nomen.es\\\/wp-content\\\/uploads\\\/2018\\\/07\\\/ensalada_de_arroz.jpg\",\"datePublished\":\"2018-07-16T11:38:32+00:00\",\"description\":\"Recepta Nomen d'amanida d'arr\u00f2s, tom\u00e0quet, mozzarella i alf\u00e0brega.\",\"breadcrumb\":{\"@id\":\"https:\\\/\\\/nomen.es\\\/ca\\\/recepta\\\/amanida-darros-tomaquet-mozzarella-i-alfabrega\\\/#breadcrumb\"},\"inLanguage\":\"ca\",\"potentialAction\":[{\"@type\":\"ReadAction\",\"target\":[\"https:\\\/\\\/nomen.es\\\/ca\\\/recepta\\\/amanida-darros-tomaquet-mozzarella-i-alfabrega\\\/\"]}]},{\"@type\":\"ImageObject\",\"inLanguage\":\"ca\",\"@id\":\"https:\\\/\\\/nomen.es\\\/ca\\\/recepta\\\/amanida-darros-tomaquet-mozzarella-i-alfabrega\\\/#primaryimage\",\"url\":\"https:\\\/\\\/nomen.es\\\/wp-content\\\/uploads\\\/2018\\\/07\\\/ensalada_de_arroz.jpg\",\"contentUrl\":\"https:\\\/\\\/nomen.es\\\/wp-content\\\/uploads\\\/2018\\\/07\\\/ensalada_de_arroz.jpg\",\"width\":900,\"height\":600,\"caption\":\"Ensalada de arroz\"},{\"@type\":\"BreadcrumbList\",\"@id\":\"https:\\\/\\\/nomen.es\\\/ca\\\/recepta\\\/amanida-darros-tomaquet-mozzarella-i-alfabrega\\\/#breadcrumb\",\"itemListElement\":[{\"@type\":\"ListItem\",\"position\":1,\"name\":\"Portada\",\"item\":\"https:\\\/\\\/nomen.es\\\/ca\\\/\"},{\"@type\":\"ListItem\",\"position\":2,\"name\":\"Receptes\",\"item\":\"https:\\\/\\\/nomen.es\\\/receta\\\/\"},{\"@type\":\"ListItem\",\"position\":3,\"name\":\"Amanida d&#8217;arr\u00f2s, tom\u00e0quet, mozzarella i alf\u00e0brega\"}]},{\"@type\":\"WebSite\",\"@id\":\"https:\\\/\\\/nomen.es\\\/#website\",\"url\":\"https:\\\/\\\/nomen.es\\\/\",\"name\":\"Nomen\",\"description\":\"Mucho m\u00e1s que arroz\",\"potentialAction\":[{\"@type\":\"SearchAction\",\"target\":{\"@type\":\"EntryPoint\",\"urlTemplate\":\"https:\\\/\\\/nomen.es\\\/?s={search_term_string}\"},\"query-input\":{\"@type\":\"PropertyValueSpecification\",\"valueRequired\":true,\"valueName\":\"search_term_string\"}}],\"inLanguage\":\"ca\"}]}<\/script>\n<!-- \/ Yoast SEO plugin. -->","yoast_head_json":{"title":"Amanida d'arr\u00f2s, tom\u00e0quet, mozzarella i alf\u00e0brega - Nomen","description":"Recepta Nomen d'amanida d'arr\u00f2s, tom\u00e0quet, mozzarella i alf\u00e0brega.","robots":{"index":"index","follow":"follow","max-snippet":"max-snippet:-1","max-image-preview":"max-image-preview:large","max-video-preview":"max-video-preview:-1"},"canonical":"https:\/\/nomen.es\/ca\/recepta\/amanida-darros-tomaquet-mozzarella-i-alfabrega\/","og_locale":"ca_ES","og_type":"article","og_title":"Amanida d'arr\u00f2s, tom\u00e0quet, mozzarella i alf\u00e0brega - Nomen","og_description":"Recepta Nomen d'amanida d'arr\u00f2s, tom\u00e0quet, mozzarella i alf\u00e0brega.","og_url":"https:\/\/nomen.es\/ca\/recepta\/amanida-darros-tomaquet-mozzarella-i-alfabrega\/","og_site_name":"Nomen","og_image":[{"width":900,"height":600,"url":"https:\/\/nomen.es\/wp-content\/uploads\/2018\/07\/ensalada_de_arroz.jpg","type":"image\/jpeg"}],"schema":{"@context":"https:\/\/schema.org","@graph":[{"@type":"WebPage","@id":"https:\/\/nomen.es\/ca\/recepta\/amanida-darros-tomaquet-mozzarella-i-alfabrega\/","url":"https:\/\/nomen.es\/ca\/recepta\/amanida-darros-tomaquet-mozzarella-i-alfabrega\/","name":"Amanida d'arr\u00f2s, tom\u00e0quet, mozzarella i alf\u00e0brega - Nomen","isPartOf":{"@id":"https:\/\/nomen.es\/#website"},"primaryImageOfPage":{"@id":"https:\/\/nomen.es\/ca\/recepta\/amanida-darros-tomaquet-mozzarella-i-alfabrega\/#primaryimage"},"image":{"@id":"https:\/\/nomen.es\/ca\/recepta\/amanida-darros-tomaquet-mozzarella-i-alfabrega\/#primaryimage"},"thumbnailUrl":"https:\/\/nomen.es\/wp-content\/uploads\/2018\/07\/ensalada_de_arroz.jpg","datePublished":"2018-07-16T11:38:32+00:00","description":"Recepta Nomen d'amanida d'arr\u00f2s, tom\u00e0quet, mozzarella i alf\u00e0brega.","breadcrumb":{"@id":"https:\/\/nomen.es\/ca\/recepta\/amanida-darros-tomaquet-mozzarella-i-alfabrega\/#breadcrumb"},"inLanguage":"ca","potentialAction":[{"@type":"ReadAction","target":["https:\/\/nomen.es\/ca\/recepta\/amanida-darros-tomaquet-mozzarella-i-alfabrega\/"]}]},{"@type":"ImageObject","inLanguage":"ca","@id":"https:\/\/nomen.es\/ca\/recepta\/amanida-darros-tomaquet-mozzarella-i-alfabrega\/#primaryimage","url":"https:\/\/nomen.es\/wp-content\/uploads\/2018\/07\/ensalada_de_arroz.jpg","contentUrl":"https:\/\/nomen.es\/wp-content\/uploads\/2018\/07\/ensalada_de_arroz.jpg","width":900,"height":600,"caption":"Ensalada de arroz"},{"@type":"BreadcrumbList","@id":"https:\/\/nomen.es\/ca\/recepta\/amanida-darros-tomaquet-mozzarella-i-alfabrega\/#breadcrumb","itemListElement":[{"@type":"ListItem","position":1,"name":"Portada","item":"https:\/\/nomen.es\/ca\/"},{"@type":"ListItem","position":2,"name":"Receptes","item":"https:\/\/nomen.es\/receta\/"},{"@type":"ListItem","position":3,"name":"Amanida d&#8217;arr\u00f2s, tom\u00e0quet, mozzarella i alf\u00e0brega"}]},{"@type":"WebSite","@id":"https:\/\/nomen.es\/#website","url":"https:\/\/nomen.es\/","name":"Nomen","description":"Mucho m\u00e1s que arroz","potentialAction":[{"@type":"SearchAction","target":{"@type":"EntryPoint","urlTemplate":"https:\/\/nomen.es\/?s={search_term_string}"},"query-input":{"@type":"PropertyValueSpecification","valueRequired":true,"valueName":"search_term_string"}}],"inLanguage":"ca"}]}},"_links":{"self":[{"href":"https:\/\/nomen.es\/ca\/wp-json\/wp\/v2\/recepta\/7244","targetHints":{"allow":["GET"]}}],"collection":[{"href":"https:\/\/nomen.es\/ca\/wp-json\/wp\/v2\/recepta"}],"about":[{"href":"https:\/\/nomen.es\/ca\/wp-json\/wp\/v2\/types\/recepta"}],"wp:featuredmedia":[{"embeddable":true,"href":"https:\/\/nomen.es\/ca\/wp-json\/wp\/v2\/media\/7243"}],"wp:attachment":[{"href":"https:\/\/nomen.es\/ca\/wp-json\/wp\/v2\/media?parent=7244"}],"wp:term":[{"taxonomy":"categoria-receptes","embeddable":true,"href":"https:\/\/nomen.es\/ca\/wp-json\/wp\/v2\/categoria-receptes?post=7244"}],"curies":[{"name":"wp","href":"https:\/\/api.w.org\/{rel}","templated":true}]}}

Amanida d&#8217;arròs, tomàquet, mozzarella i alfàbrega

<p><img decoding="async" class="aligncenter size-full wp-image-7239" src="https://nomen.es/wp-content/uploads/2018/07/ensalada_de_arroz_ingredientes.jpg" alt="" width="750" height="500" srcset="https://nomen.es/wp-content/uploads/2018/07/ensalada_de_arroz_ingredientes.jpg 750w, https://nomen.es/wp-content/uploads/2018/07/ensalada_de_arroz_ingredientes-600x400.jpg 600w, https://nomen.es/wp-content/uploads/2018/07/ensalada_de_arroz_ingredientes-300x200.jpg 300w" sizes="(max-width: 750px) 100vw, 750px" /></p>
<p>1. Coem els vasets d’arròs 1 minut al microones. Deixem refredar l’arròs.</p>
<p>2. Pelem els tomàquets i el cogombre i els tallem a daus petits. Reservem.</p>
<p><img decoding="async" class="aligncenter size-full wp-image-7240" src="https://nomen.es/wp-content/uploads/2018/07/ensalada_de_arroz_paso.jpg" alt="" width="750" height="500" srcset="https://nomen.es/wp-content/uploads/2018/07/ensalada_de_arroz_paso.jpg 750w, https://nomen.es/wp-content/uploads/2018/07/ensalada_de_arroz_paso-600x400.jpg 600w, https://nomen.es/wp-content/uploads/2018/07/ensalada_de_arroz_paso-300x200.jpg 300w" sizes="(max-width: 750px) 100vw, 750px" /></p>
<p>3. Piquem l’alfàbrega i reservem.</p>
<p>4. En un bol barregem l’arròs amb els daus de tomàquet i cogombre, les olives, la mozzarella i l’alfàbrega.</p>
<p>5. Amanim amb una mica d’oli d’oliva i salpebrem al gust.</p>
<p>6. Decorem amb unes tires fines de ceba de Figueres per sobre i servim.</p>
<p><img decoding="async" class="aligncenter size-full wp-image-7241" src="https://nomen.es/wp-content/uploads/2018/07/ensalada_de_arroz_final.jpg" alt="" width="750" height="500" srcset="https://nomen.es/wp-content/uploads/2018/07/ensalada_de_arroz_final.jpg 750w, https://nomen.es/wp-content/uploads/2018/07/ensalada_de_arroz_final-600x400.jpg 600w, https://nomen.es/wp-content/uploads/2018/07/ensalada_de_arroz_final-300x200.jpg 300w" sizes="(max-width: 750px) 100vw, 750px" /></p>

<!-- This site is optimized with the Yoast SEO plugin v27.4 - https://yoast.com/product/yoast-seo-wordpress/ -->
<title>Amanida d&#039;arròs, tomàquet, mozzarella i alfàbrega - Nomen</title>
<meta name="description" content="Recepta Nomen d&#039;amanida d&#039;arròs, tomàquet, mozzarella i alfàbrega." />
<meta name="robots" content="index, follow, max-snippet:-1, max-image-preview:large, max-video-preview:-1" />
<link rel="canonical" href="https://nomen.es/ca/recepta/amanida-darros-tomaquet-mozzarella-i-alfabrega/" />
<meta property="og:locale" content="ca_ES" />
<meta property="og:type" content="article" />
<meta property="og:title" content="Amanida d&#039;arròs, tomàquet, mozzarella i alfàbrega - Nomen" />
<meta property="og:description" content="Recepta Nomen d&#039;amanida d&#039;arròs, tomàquet, mozzarella i alfàbrega." />
<meta property="og:url" content="https://nomen.es/ca/recepta/amanida-darros-tomaquet-mozzarella-i-alfabrega/" />
<meta property="og:site_name" content="Nomen" />
<meta property="og:image" content="https://nomen.es/wp-content/uploads/2018/07/ensalada_de_arroz.jpg" />
	<meta property="og:image:width" content="900" />
	<meta property="og:image:height" content="600" />
	<meta property="og:image:type" content="image/jpeg" />
<script type="application/ld+json" class="yoast-schema-graph">{"@context":"https:\/\/schema.org","@graph":[{"@type":"WebPage","@id":"https:\/\/nomen.es\/ca\/recepta\/amanida-darros-tomaquet-mozzarella-i-alfabrega\/","url":"https:\/\/nomen.es\/ca\/recepta\/amanida-darros-tomaquet-mozzarella-i-alfabrega\/","name":"Amanida d'arròs, tomàquet, mozzarella i alfàbrega - Nomen","isPartOf":{"@id":"https:\/\/nomen.es\/#website"},"primaryImageOfPage":{"@id":"https:\/\/nomen.es\/ca\/recepta\/amanida-darros-tomaquet-mozzarella-i-alfabrega\/#primaryimage"},"image":{"@id":"https:\/\/nomen.es\/ca\/recepta\/amanida-darros-tomaquet-mozzarella-i-alfabrega\/#primaryimage"},"thumbnailUrl":"https:\/\/nomen.es\/wp-content\/uploads\/2018\/07\/ensalada_de_arroz.jpg","datePublished":"2018-07-16T11:38:32+00:00","description":"Recepta Nomen d'amanida d'arròs, tomàquet, mozzarella i alfàbrega.","breadcrumb":{"@id":"https:\/\/nomen.es\/ca\/recepta\/amanida-darros-tomaquet-mozzarella-i-alfabrega\/#breadcrumb"},"inLanguage":"ca","potentialAction":[{"@type":"ReadAction","target":["https:\/\/nomen.es\/ca\/recepta\/amanida-darros-tomaquet-mozzarella-i-alfabrega\/"]}]},{"@type":"ImageObject","inLanguage":"ca","@id":"https:\/\/nomen.es\/ca\/recepta\/amanida-darros-tomaquet-mozzarella-i-alfabrega\/#primaryimage","url":"https:\/\/nomen.es\/wp-content\/uploads\/2018\/07\/ensalada_de_arroz.jpg","contentUrl":"https:\/\/nomen.es\/wp-content\/uploads\/2018\/07\/ensalada_de_arroz.jpg","width":900,"height":600,"caption":"Ensalada de arroz"},{"@type":"BreadcrumbList","@id":"https:\/\/nomen.es\/ca\/recepta\/amanida-darros-tomaquet-mozzarella-i-alfabrega\/#breadcrumb","itemListElement":[{"@type":"ListItem","position":1,"name":"Portada","item":"https:\/\/nomen.es\/ca\/"},{"@type":"ListItem","position":2,"name":"Receptes","item":"https:\/\/nomen.es\/receta\/"},{"@type":"ListItem","position":3,"name":"Amanida d&#8217;arròs, tomàquet, mozzarella i alfàbrega"}]},{"@type":"WebSite","@id":"https:\/\/nomen.es\/#website","url":"https:\/\/nomen.es\/","name":"Nomen","description":"Mucho más que arroz","potentialAction":[{"@type":"SearchAction","target":{"@type":"EntryPoint","urlTemplate":"https:\/\/nomen.es\/?s={search_term_string}"},"query-input":{"@type":"PropertyValueSpecification","valueRequired":true,"valueName":"search_term_string"}}],"inLanguage":"ca"}]}</script>
<!-- / Yoast SEO plugin. -->

Amanida d'arròs, tomàquet, mozzarella i alfàbrega - Nomen

Recepta Nomen d'amanida d'arròs, tomàquet, mozzarella i alfàbrega.

Mucho más que arroz
