{"id":7307,"date":"2018-08-13T08:10:22","date_gmt":"2018-08-13T06:10:22","guid":{"rendered":"https:\/\/nomen.es\/?post_type=recepta&#038;p=7307\/"},"modified":"2018-08-09T09:54:56","modified_gmt":"2018-08-09T07:54:56","slug":"arros-ecologic-amb-gambes-calamars-i-sal-amb-algues","status":"publish","type":"recepta","link":"https:\/\/nomen.es\/ca\/recepta\/arros-ecologic-amb-gambes-calamars-i-sal-amb-algues\/","title":{"rendered":"Arr\u00f2s ecol\u00f2gic amb gambes, calamars i sal amb algues"},"content":{"rendered":"<p><img decoding=\"async\" class=\"aligncenter size-full wp-image-7305\" src=\"https:\/\/nomen.es\/wp-content\/uploads\/2018\/08\/arroz_ecologico_con_gambas_ingredientes.jpg\" alt=\"\" width=\"750\" height=\"500\" srcset=\"https:\/\/nomen.es\/wp-content\/uploads\/2018\/08\/arroz_ecologico_con_gambas_ingredientes.jpg 750w, https:\/\/nomen.es\/wp-content\/uploads\/2018\/08\/arroz_ecologico_con_gambas_ingredientes-600x400.jpg 600w, https:\/\/nomen.es\/wp-content\/uploads\/2018\/08\/arroz_ecologico_con_gambas_ingredientes-300x200.jpg 300w\" sizes=\"(max-width: 750px) 100vw, 750px\" \/><\/p>\n<p>1. Tallem les verdures a daus molt petits.<\/p>\n<p>2. En una paellera posem un rajol\u00ed d\u2019oli d\u2019oliva i sofregim les verdures durant 10 minuts.<\/p>\n<p>3. Afegim el tom\u00e0quet ratllat i un pessic de sal amb algues i coem durant 10 minuts m\u00e9s.<\/p>\n<p>4. Tallem el calamar i les gambes a trossets petits.<\/p>\n<p>5. Afegim el calamar i coem durant 10 minuts.<\/p>\n<p>6. Afegim les gambes i coem durant 2 minuts m\u00e9s.<\/p>\n<p><img decoding=\"async\" class=\"aligncenter size-full wp-image-7306\" src=\"https:\/\/nomen.es\/wp-content\/uploads\/2018\/08\/arroz_ecologico_con_gambas_paso.jpg\" alt=\"\" width=\"750\" height=\"500\" srcset=\"https:\/\/nomen.es\/wp-content\/uploads\/2018\/08\/arroz_ecologico_con_gambas_paso.jpg 750w, https:\/\/nomen.es\/wp-content\/uploads\/2018\/08\/arroz_ecologico_con_gambas_paso-600x400.jpg 600w, https:\/\/nomen.es\/wp-content\/uploads\/2018\/08\/arroz_ecologico_con_gambas_paso-300x200.jpg 300w\" sizes=\"(max-width: 750px) 100vw, 750px\" \/><\/p>\n<p>7. Afegim l\u2019arr\u00f2s i coem durant 1 minut.<\/p>\n<p>8. Afegim caldo de peix progressivament fins a coure l\u2019arr\u00f2s durant 16 minuts (afegim m\u00e9s o menys caldo en funci\u00f3 de si volem l\u2019arr\u00f2s m\u00e9s sec o un punt cald\u00f3s).<\/p>\n<p>9. Deixem reposar l\u2019arr\u00f2s durant un parell de minuts.<\/p>\n<p>10. Servim l\u2019arr\u00f2s amb un toc de Sal amb algues Nomen per sobre.<\/p>\n<p><img decoding=\"async\" class=\"aligncenter size-full wp-image-7304\" src=\"https:\/\/nomen.es\/wp-content\/uploads\/2018\/08\/arroz_ecologico_con_gambas_final.jpg\" alt=\"\" width=\"750\" height=\"500\" srcset=\"https:\/\/nomen.es\/wp-content\/uploads\/2018\/08\/arroz_ecologico_con_gambas_final.jpg 750w, https:\/\/nomen.es\/wp-content\/uploads\/2018\/08\/arroz_ecologico_con_gambas_final-600x400.jpg 600w, https:\/\/nomen.es\/wp-content\/uploads\/2018\/08\/arroz_ecologico_con_gambas_final-300x200.jpg 300w\" sizes=\"(max-width: 750px) 100vw, 750px\" \/><\/p>\n","protected":false},"featured_media":7302,"template":"","format":"standard","categoria-receptes":[21],"class_list":["post-7307","recepta","type-recepta","status-publish","format-standard","has-post-thumbnail","hentry","categoria-receptes-altres"],"acf":[],"yoast_head":"<!-- This site is optimized with the Yoast SEO plugin v27.4 - https:\/\/yoast.com\/product\/yoast-seo-wordpress\/ -->\n<title>Arr\u00f2s ecol\u00f2gic amb gambes, calamars i sal amb algues - Nomen<\/title>\n<meta name=\"description\" content=\"Recepta Nomen d&#039;arr\u00f2s ecol\u00f2gic amb gambes, calamars i sal amb algues.\" \/>\n<meta name=\"robots\" content=\"index, follow, max-snippet:-1, max-image-preview:large, max-video-preview:-1\" \/>\n<link rel=\"canonical\" href=\"https:\/\/nomen.es\/receta\/arroz-ecologico-con-gambas-calamares-y-sal-con-algas\/\" \/>\n<meta property=\"og:locale\" content=\"ca_ES\" \/>\n<meta property=\"og:type\" content=\"article\" \/>\n<meta property=\"og:title\" content=\"Arr\u00f2s ecol\u00f2gic amb gambes, calamars i sal amb algues - Nomen\" \/>\n<meta property=\"og:description\" content=\"Recepta Nomen d&#039;arr\u00f2s ecol\u00f2gic amb gambes, calamars i sal amb algues.\" \/>\n<meta property=\"og:url\" content=\"https:\/\/nomen.es\/receta\/arroz-ecologico-con-gambas-calamares-y-sal-con-algas\/\" \/>\n<meta property=\"og:site_name\" content=\"Nomen\" \/>\n<meta property=\"og:image\" content=\"https:\/\/nomen.es\/wp-content\/uploads\/2018\/08\/arroz_ecologico_con_gambas.jpg\" \/>\n\t<meta property=\"og:image:width\" content=\"900\" \/>\n\t<meta property=\"og:image:height\" content=\"600\" \/>\n\t<meta property=\"og:image:type\" content=\"image\/jpeg\" \/>\n<meta name=\"twitter:label1\" content=\"Temps estimat de lectura\" \/>\n\t<meta name=\"twitter:data1\" content=\"1 minut\" \/>\n<script type=\"application\/ld+json\" class=\"yoast-schema-graph\">{\"@context\":\"https:\\\/\\\/schema.org\",\"@graph\":[{\"@type\":\"WebPage\",\"@id\":\"https:\\\/\\\/nomen.es\\\/receta\\\/arroz-ecologico-con-gambas-calamares-y-sal-con-algas\\\/\",\"url\":\"https:\\\/\\\/nomen.es\\\/receta\\\/arroz-ecologico-con-gambas-calamares-y-sal-con-algas\\\/\",\"name\":\"Arr\u00f2s ecol\u00f2gic amb gambes, calamars i sal amb algues - Nomen\",\"isPartOf\":{\"@id\":\"https:\\\/\\\/nomen.es\\\/#website\"},\"primaryImageOfPage\":{\"@id\":\"https:\\\/\\\/nomen.es\\\/receta\\\/arroz-ecologico-con-gambas-calamares-y-sal-con-algas\\\/#primaryimage\"},\"image\":{\"@id\":\"https:\\\/\\\/nomen.es\\\/receta\\\/arroz-ecologico-con-gambas-calamares-y-sal-con-algas\\\/#primaryimage\"},\"thumbnailUrl\":\"https:\\\/\\\/nomen.es\\\/wp-content\\\/uploads\\\/2018\\\/08\\\/arroz_ecologico_con_gambas.jpg\",\"datePublished\":\"2018-08-13T06:10:22+00:00\",\"description\":\"Recepta Nomen d'arr\u00f2s ecol\u00f2gic amb gambes, calamars i sal amb algues.\",\"breadcrumb\":{\"@id\":\"https:\\\/\\\/nomen.es\\\/receta\\\/arroz-ecologico-con-gambas-calamares-y-sal-con-algas\\\/#breadcrumb\"},\"inLanguage\":\"ca\",\"potentialAction\":[{\"@type\":\"ReadAction\",\"target\":[\"https:\\\/\\\/nomen.es\\\/receta\\\/arroz-ecologico-con-gambas-calamares-y-sal-con-algas\\\/\"]}]},{\"@type\":\"ImageObject\",\"inLanguage\":\"ca\",\"@id\":\"https:\\\/\\\/nomen.es\\\/receta\\\/arroz-ecologico-con-gambas-calamares-y-sal-con-algas\\\/#primaryimage\",\"url\":\"https:\\\/\\\/nomen.es\\\/wp-content\\\/uploads\\\/2018\\\/08\\\/arroz_ecologico_con_gambas.jpg\",\"contentUrl\":\"https:\\\/\\\/nomen.es\\\/wp-content\\\/uploads\\\/2018\\\/08\\\/arroz_ecologico_con_gambas.jpg\",\"width\":900,\"height\":600,\"caption\":\"arroz ecol\u00f3gico con gambas\"},{\"@type\":\"BreadcrumbList\",\"@id\":\"https:\\\/\\\/nomen.es\\\/receta\\\/arroz-ecologico-con-gambas-calamares-y-sal-con-algas\\\/#breadcrumb\",\"itemListElement\":[{\"@type\":\"ListItem\",\"position\":1,\"name\":\"Portada\",\"item\":\"https:\\\/\\\/nomen.es\\\/ca\\\/\"},{\"@type\":\"ListItem\",\"position\":2,\"name\":\"Receptes\",\"item\":\"https:\\\/\\\/nomen.es\\\/receta\\\/\"},{\"@type\":\"ListItem\",\"position\":3,\"name\":\"Arr\u00f2s ecol\u00f2gic amb gambes, calamars i sal amb algues\"}]},{\"@type\":\"WebSite\",\"@id\":\"https:\\\/\\\/nomen.es\\\/#website\",\"url\":\"https:\\\/\\\/nomen.es\\\/\",\"name\":\"Nomen\",\"description\":\"Mucho m\u00e1s que arroz\",\"potentialAction\":[{\"@type\":\"SearchAction\",\"target\":{\"@type\":\"EntryPoint\",\"urlTemplate\":\"https:\\\/\\\/nomen.es\\\/?s={search_term_string}\"},\"query-input\":{\"@type\":\"PropertyValueSpecification\",\"valueRequired\":true,\"valueName\":\"search_term_string\"}}],\"inLanguage\":\"ca\"}]}<\/script>\n<!-- \/ Yoast SEO plugin. -->","yoast_head_json":{"title":"Arr\u00f2s ecol\u00f2gic amb gambes, calamars i sal amb algues - Nomen","description":"Recepta Nomen d'arr\u00f2s ecol\u00f2gic amb gambes, calamars i sal amb algues.","robots":{"index":"index","follow":"follow","max-snippet":"max-snippet:-1","max-image-preview":"max-image-preview:large","max-video-preview":"max-video-preview:-1"},"canonical":"https:\/\/nomen.es\/receta\/arroz-ecologico-con-gambas-calamares-y-sal-con-algas\/","og_locale":"ca_ES","og_type":"article","og_title":"Arr\u00f2s ecol\u00f2gic amb gambes, calamars i sal amb algues - Nomen","og_description":"Recepta Nomen d'arr\u00f2s ecol\u00f2gic amb gambes, calamars i sal amb algues.","og_url":"https:\/\/nomen.es\/receta\/arroz-ecologico-con-gambas-calamares-y-sal-con-algas\/","og_site_name":"Nomen","og_image":[{"width":900,"height":600,"url":"https:\/\/nomen.es\/wp-content\/uploads\/2018\/08\/arroz_ecologico_con_gambas.jpg","type":"image\/jpeg"}],"twitter_misc":{"Temps estimat de lectura":"1 minut"},"schema":{"@context":"https:\/\/schema.org","@graph":[{"@type":"WebPage","@id":"https:\/\/nomen.es\/receta\/arroz-ecologico-con-gambas-calamares-y-sal-con-algas\/","url":"https:\/\/nomen.es\/receta\/arroz-ecologico-con-gambas-calamares-y-sal-con-algas\/","name":"Arr\u00f2s ecol\u00f2gic amb gambes, calamars i sal amb algues - Nomen","isPartOf":{"@id":"https:\/\/nomen.es\/#website"},"primaryImageOfPage":{"@id":"https:\/\/nomen.es\/receta\/arroz-ecologico-con-gambas-calamares-y-sal-con-algas\/#primaryimage"},"image":{"@id":"https:\/\/nomen.es\/receta\/arroz-ecologico-con-gambas-calamares-y-sal-con-algas\/#primaryimage"},"thumbnailUrl":"https:\/\/nomen.es\/wp-content\/uploads\/2018\/08\/arroz_ecologico_con_gambas.jpg","datePublished":"2018-08-13T06:10:22+00:00","description":"Recepta Nomen d'arr\u00f2s ecol\u00f2gic amb gambes, calamars i sal amb algues.","breadcrumb":{"@id":"https:\/\/nomen.es\/receta\/arroz-ecologico-con-gambas-calamares-y-sal-con-algas\/#breadcrumb"},"inLanguage":"ca","potentialAction":[{"@type":"ReadAction","target":["https:\/\/nomen.es\/receta\/arroz-ecologico-con-gambas-calamares-y-sal-con-algas\/"]}]},{"@type":"ImageObject","inLanguage":"ca","@id":"https:\/\/nomen.es\/receta\/arroz-ecologico-con-gambas-calamares-y-sal-con-algas\/#primaryimage","url":"https:\/\/nomen.es\/wp-content\/uploads\/2018\/08\/arroz_ecologico_con_gambas.jpg","contentUrl":"https:\/\/nomen.es\/wp-content\/uploads\/2018\/08\/arroz_ecologico_con_gambas.jpg","width":900,"height":600,"caption":"arroz ecol\u00f3gico con gambas"},{"@type":"BreadcrumbList","@id":"https:\/\/nomen.es\/receta\/arroz-ecologico-con-gambas-calamares-y-sal-con-algas\/#breadcrumb","itemListElement":[{"@type":"ListItem","position":1,"name":"Portada","item":"https:\/\/nomen.es\/ca\/"},{"@type":"ListItem","position":2,"name":"Receptes","item":"https:\/\/nomen.es\/receta\/"},{"@type":"ListItem","position":3,"name":"Arr\u00f2s ecol\u00f2gic amb gambes, calamars i sal amb algues"}]},{"@type":"WebSite","@id":"https:\/\/nomen.es\/#website","url":"https:\/\/nomen.es\/","name":"Nomen","description":"Mucho m\u00e1s que arroz","potentialAction":[{"@type":"SearchAction","target":{"@type":"EntryPoint","urlTemplate":"https:\/\/nomen.es\/?s={search_term_string}"},"query-input":{"@type":"PropertyValueSpecification","valueRequired":true,"valueName":"search_term_string"}}],"inLanguage":"ca"}]}},"_links":{"self":[{"href":"https:\/\/nomen.es\/ca\/wp-json\/wp\/v2\/recepta\/7307","targetHints":{"allow":["GET"]}}],"collection":[{"href":"https:\/\/nomen.es\/ca\/wp-json\/wp\/v2\/recepta"}],"about":[{"href":"https:\/\/nomen.es\/ca\/wp-json\/wp\/v2\/types\/recepta"}],"wp:featuredmedia":[{"embeddable":true,"href":"https:\/\/nomen.es\/ca\/wp-json\/wp\/v2\/media\/7302"}],"wp:attachment":[{"href":"https:\/\/nomen.es\/ca\/wp-json\/wp\/v2\/media?parent=7307"}],"wp:term":[{"taxonomy":"categoria-receptes","embeddable":true,"href":"https:\/\/nomen.es\/ca\/wp-json\/wp\/v2\/categoria-receptes?post=7307"}],"curies":[{"name":"wp","href":"https:\/\/api.w.org\/{rel}","templated":true}]}}

Arròs ecològic amb gambes, calamars i sal amb algues

<p><img decoding="async" class="aligncenter size-full wp-image-7305" src="https://nomen.es/wp-content/uploads/2018/08/arroz_ecologico_con_gambas_ingredientes.jpg" alt="" width="750" height="500" srcset="https://nomen.es/wp-content/uploads/2018/08/arroz_ecologico_con_gambas_ingredientes.jpg 750w, https://nomen.es/wp-content/uploads/2018/08/arroz_ecologico_con_gambas_ingredientes-600x400.jpg 600w, https://nomen.es/wp-content/uploads/2018/08/arroz_ecologico_con_gambas_ingredientes-300x200.jpg 300w" sizes="(max-width: 750px) 100vw, 750px" /></p>
<p>1. Tallem les verdures a daus molt petits.</p>
<p>2. En una paellera posem un rajolí d’oli d’oliva i sofregim les verdures durant 10 minuts.</p>
<p>3. Afegim el tomàquet ratllat i un pessic de sal amb algues i coem durant 10 minuts més.</p>
<p>4. Tallem el calamar i les gambes a trossets petits.</p>
<p>5. Afegim el calamar i coem durant 10 minuts.</p>
<p>6. Afegim les gambes i coem durant 2 minuts més.</p>
<p><img decoding="async" class="aligncenter size-full wp-image-7306" src="https://nomen.es/wp-content/uploads/2018/08/arroz_ecologico_con_gambas_paso.jpg" alt="" width="750" height="500" srcset="https://nomen.es/wp-content/uploads/2018/08/arroz_ecologico_con_gambas_paso.jpg 750w, https://nomen.es/wp-content/uploads/2018/08/arroz_ecologico_con_gambas_paso-600x400.jpg 600w, https://nomen.es/wp-content/uploads/2018/08/arroz_ecologico_con_gambas_paso-300x200.jpg 300w" sizes="(max-width: 750px) 100vw, 750px" /></p>
<p>7. Afegim l’arròs i coem durant 1 minut.</p>
<p>8. Afegim caldo de peix progressivament fins a coure l’arròs durant 16 minuts (afegim més o menys caldo en funció de si volem l’arròs més sec o un punt caldós).</p>
<p>9. Deixem reposar l’arròs durant un parell de minuts.</p>
<p>10. Servim l’arròs amb un toc de Sal amb algues Nomen per sobre.</p>
<p><img decoding="async" class="aligncenter size-full wp-image-7304" src="https://nomen.es/wp-content/uploads/2018/08/arroz_ecologico_con_gambas_final.jpg" alt="" width="750" height="500" srcset="https://nomen.es/wp-content/uploads/2018/08/arroz_ecologico_con_gambas_final.jpg 750w, https://nomen.es/wp-content/uploads/2018/08/arroz_ecologico_con_gambas_final-600x400.jpg 600w, https://nomen.es/wp-content/uploads/2018/08/arroz_ecologico_con_gambas_final-300x200.jpg 300w" sizes="(max-width: 750px) 100vw, 750px" /></p>

<!-- This site is optimized with the Yoast SEO plugin v27.4 - https://yoast.com/product/yoast-seo-wordpress/ -->
<title>Arròs ecològic amb gambes, calamars i sal amb algues - Nomen</title>
<meta name="description" content="Recepta Nomen d&#039;arròs ecològic amb gambes, calamars i sal amb algues." />
<meta name="robots" content="index, follow, max-snippet:-1, max-image-preview:large, max-video-preview:-1" />
<link rel="canonical" href="https://nomen.es/receta/arroz-ecologico-con-gambas-calamares-y-sal-con-algas/" />
<meta property="og:locale" content="ca_ES" />
<meta property="og:type" content="article" />
<meta property="og:title" content="Arròs ecològic amb gambes, calamars i sal amb algues - Nomen" />
<meta property="og:description" content="Recepta Nomen d&#039;arròs ecològic amb gambes, calamars i sal amb algues." />
<meta property="og:url" content="https://nomen.es/receta/arroz-ecologico-con-gambas-calamares-y-sal-con-algas/" />
<meta property="og:site_name" content="Nomen" />
<meta property="og:image" content="https://nomen.es/wp-content/uploads/2018/08/arroz_ecologico_con_gambas.jpg" />
	<meta property="og:image:width" content="900" />
	<meta property="og:image:height" content="600" />
	<meta property="og:image:type" content="image/jpeg" />
<meta name="twitter:label1" content="Temps estimat de lectura" />
	<meta name="twitter:data1" content="1 minut" />
<script type="application/ld+json" class="yoast-schema-graph">{"@context":"https:\/\/schema.org","@graph":[{"@type":"WebPage","@id":"https:\/\/nomen.es\/receta\/arroz-ecologico-con-gambas-calamares-y-sal-con-algas\/","url":"https:\/\/nomen.es\/receta\/arroz-ecologico-con-gambas-calamares-y-sal-con-algas\/","name":"Arròs ecològic amb gambes, calamars i sal amb algues - Nomen","isPartOf":{"@id":"https:\/\/nomen.es\/#website"},"primaryImageOfPage":{"@id":"https:\/\/nomen.es\/receta\/arroz-ecologico-con-gambas-calamares-y-sal-con-algas\/#primaryimage"},"image":{"@id":"https:\/\/nomen.es\/receta\/arroz-ecologico-con-gambas-calamares-y-sal-con-algas\/#primaryimage"},"thumbnailUrl":"https:\/\/nomen.es\/wp-content\/uploads\/2018\/08\/arroz_ecologico_con_gambas.jpg","datePublished":"2018-08-13T06:10:22+00:00","description":"Recepta Nomen d'arròs ecològic amb gambes, calamars i sal amb algues.","breadcrumb":{"@id":"https:\/\/nomen.es\/receta\/arroz-ecologico-con-gambas-calamares-y-sal-con-algas\/#breadcrumb"},"inLanguage":"ca","potentialAction":[{"@type":"ReadAction","target":["https:\/\/nomen.es\/receta\/arroz-ecologico-con-gambas-calamares-y-sal-con-algas\/"]}]},{"@type":"ImageObject","inLanguage":"ca","@id":"https:\/\/nomen.es\/receta\/arroz-ecologico-con-gambas-calamares-y-sal-con-algas\/#primaryimage","url":"https:\/\/nomen.es\/wp-content\/uploads\/2018\/08\/arroz_ecologico_con_gambas.jpg","contentUrl":"https:\/\/nomen.es\/wp-content\/uploads\/2018\/08\/arroz_ecologico_con_gambas.jpg","width":900,"height":600,"caption":"arroz ecológico con gambas"},{"@type":"BreadcrumbList","@id":"https:\/\/nomen.es\/receta\/arroz-ecologico-con-gambas-calamares-y-sal-con-algas\/#breadcrumb","itemListElement":[{"@type":"ListItem","position":1,"name":"Portada","item":"https:\/\/nomen.es\/ca\/"},{"@type":"ListItem","position":2,"name":"Receptes","item":"https:\/\/nomen.es\/receta\/"},{"@type":"ListItem","position":3,"name":"Arròs ecològic amb gambes, calamars i sal amb algues"}]},{"@type":"WebSite","@id":"https:\/\/nomen.es\/#website","url":"https:\/\/nomen.es\/","name":"Nomen","description":"Mucho más que arroz","potentialAction":[{"@type":"SearchAction","target":{"@type":"EntryPoint","urlTemplate":"https:\/\/nomen.es\/?s={search_term_string}"},"query-input":{"@type":"PropertyValueSpecification","valueRequired":true,"valueName":"search_term_string"}}],"inLanguage":"ca"}]}</script>
<!-- / Yoast SEO plugin. -->

Arròs ecològic amb gambes, calamars i sal amb algues - Nomen

Recepta Nomen d'arròs ecològic amb gambes, calamars i sal amb algues.

arroz ecológico con gambas

Mucho más que arroz
