{"id":8275,"date":"2019-02-11T08:00:00","date_gmt":"2019-02-11T06:00:00","guid":{"rendered":"https:\/\/nomen.es\/?post_type=recepta&#038;p=8275\/"},"modified":"2019-02-08T13:30:39","modified_gmt":"2019-02-08T11:30:39","slug":"arros-caldos-amb-castanyes","status":"publish","type":"recepta","link":"https:\/\/nomen.es\/ca\/recepta\/arros-caldos-amb-castanyes\/","title":{"rendered":"Arr\u00f2s cald\u00f3s amb farigola i castanyes"},"content":{"rendered":"<p><img decoding=\"async\" class=\"aligncenter size-full wp-image-8269\" src=\"https:\/\/nomen.es\/wp-content\/uploads\/2019\/02\/Arroz-caldoso-con-tomillo-y-casta__as_01.jpg\" alt=\"Arroz caldoso con tomillo y casta\u00f1as, ingredientes\" width=\"900\" height=\"600\" srcset=\"https:\/\/nomen.es\/wp-content\/uploads\/2019\/02\/Arroz-caldoso-con-tomillo-y-casta__as_01.jpg 900w, https:\/\/nomen.es\/wp-content\/uploads\/2019\/02\/Arroz-caldoso-con-tomillo-y-casta__as_01-600x400.jpg 600w, https:\/\/nomen.es\/wp-content\/uploads\/2019\/02\/Arroz-caldoso-con-tomillo-y-casta__as_01-300x200.jpg 300w, https:\/\/nomen.es\/wp-content\/uploads\/2019\/02\/Arroz-caldoso-con-tomillo-y-casta__as_01-768x512.jpg 768w\" sizes=\"(max-width: 900px) 100vw, 900px\" \/><\/p>\n<p>Ofeguem les escalunyes en oli d&#8217;oliva.<\/p>\n<p>Afegim el vi blanc i deixem evaporar totalment.<\/p>\n<p><img decoding=\"async\" class=\"aligncenter size-full wp-image-8270\" src=\"https:\/\/nomen.es\/wp-content\/uploads\/2019\/02\/Arroz-caldoso-con-tomillo-y-casta__as_02.jpg\" alt=\"Arroz caldoso con tomillo y casta\u00f1as, paso 1\" width=\"900\" height=\"600\" srcset=\"https:\/\/nomen.es\/wp-content\/uploads\/2019\/02\/Arroz-caldoso-con-tomillo-y-casta__as_02.jpg 900w, https:\/\/nomen.es\/wp-content\/uploads\/2019\/02\/Arroz-caldoso-con-tomillo-y-casta__as_02-600x400.jpg 600w, https:\/\/nomen.es\/wp-content\/uploads\/2019\/02\/Arroz-caldoso-con-tomillo-y-casta__as_02-300x200.jpg 300w, https:\/\/nomen.es\/wp-content\/uploads\/2019\/02\/Arroz-caldoso-con-tomillo-y-casta__as_02-768x512.jpg 768w\" sizes=\"(max-width: 900px) 100vw, 900px\" \/><\/p>\n<p>Afegim l&#8217;arr\u00f2s, les castanyes i la farigola (reservem 4 brots per decorar), sal i pebre i mullem amb aigua o brou calent. Cuinem durant 15 minuts a foc mig sense tapar.<\/p>\n<p>Retirem la farigola i servim ben calent amb un rajol\u00ed d&#8217;oli d&#8217;oliva cru i un brot de farigola fresca.<\/p>\n","protected":false},"featured_media":8271,"template":"","format":"standard","categoria-receptes":[10],"class_list":["post-8275","recepta","type-recepta","status-publish","format-standard","has-post-thumbnail","hentry","categoria-receptes-caldos"],"acf":[],"yoast_head":"<!-- This site is optimized with the Yoast SEO plugin v27.4 - https:\/\/yoast.com\/product\/yoast-seo-wordpress\/ -->\n<title>Arr\u00f2s cald\u00f3s amb farigola i castanyes | Recepta | Nomen<\/title>\n<meta name=\"description\" content=\"Arr\u00f2s cald\u00f3s amb farigola i castanyes. Una recepta per a 4 personas, f\u00e0cil de preparar en uns 25 minuts i que agradar\u00e0 a tothom.\" \/>\n<meta name=\"robots\" content=\"index, follow, max-snippet:-1, max-image-preview:large, max-video-preview:-1\" \/>\n<link rel=\"canonical\" href=\"https:\/\/nomen.es\/receta\/arroz-caldoso-con-castanas\/\" \/>\n<meta property=\"og:locale\" content=\"ca_ES\" \/>\n<meta property=\"og:type\" content=\"article\" \/>\n<meta property=\"og:title\" content=\"Arr\u00f2s cald\u00f3s amb farigola i castanyes | Recepta | Nomen\" \/>\n<meta property=\"og:description\" content=\"Arr\u00f2s cald\u00f3s amb farigola i castanyes. Una recepta per a 4 personas, f\u00e0cil de preparar en uns 25 minuts i que agradar\u00e0 a tothom.\" \/>\n<meta property=\"og:url\" content=\"https:\/\/nomen.es\/receta\/arroz-caldoso-con-castanas\/\" \/>\n<meta property=\"og:site_name\" content=\"Nomen\" \/>\n<meta property=\"og:image\" content=\"https:\/\/nomen.es\/wp-content\/uploads\/2019\/02\/Arroz-caldoso-con-tomillo-y-casta__as_FB.jpg\" \/>\n\t<meta property=\"og:image:width\" content=\"1200\" \/>\n\t<meta property=\"og:image:height\" content=\"625\" \/>\n\t<meta property=\"og:image:type\" content=\"image\/jpeg\" \/>\n<script type=\"application\/ld+json\" class=\"yoast-schema-graph\">{\"@context\":\"https:\\\/\\\/schema.org\",\"@graph\":[{\"@type\":\"WebPage\",\"@id\":\"https:\\\/\\\/nomen.es\\\/receta\\\/arroz-caldoso-con-castanas\\\/\",\"url\":\"https:\\\/\\\/nomen.es\\\/receta\\\/arroz-caldoso-con-castanas\\\/\",\"name\":\"Arr\u00f2s cald\u00f3s amb farigola i castanyes | Recepta | Nomen\",\"isPartOf\":{\"@id\":\"https:\\\/\\\/nomen.es\\\/#website\"},\"primaryImageOfPage\":{\"@id\":\"https:\\\/\\\/nomen.es\\\/receta\\\/arroz-caldoso-con-castanas\\\/#primaryimage\"},\"image\":{\"@id\":\"https:\\\/\\\/nomen.es\\\/receta\\\/arroz-caldoso-con-castanas\\\/#primaryimage\"},\"thumbnailUrl\":\"https:\\\/\\\/nomen.es\\\/wp-content\\\/uploads\\\/2019\\\/02\\\/Arroz-caldoso-con-tomillo-y-casta__as_03.jpg\",\"datePublished\":\"2019-02-11T06:00:00+00:00\",\"description\":\"Arr\u00f2s cald\u00f3s amb farigola i castanyes. Una recepta per a 4 personas, f\u00e0cil de preparar en uns 25 minuts i que agradar\u00e0 a tothom.\",\"breadcrumb\":{\"@id\":\"https:\\\/\\\/nomen.es\\\/receta\\\/arroz-caldoso-con-castanas\\\/#breadcrumb\"},\"inLanguage\":\"ca\",\"potentialAction\":[{\"@type\":\"ReadAction\",\"target\":[\"https:\\\/\\\/nomen.es\\\/receta\\\/arroz-caldoso-con-castanas\\\/\"]}]},{\"@type\":\"ImageObject\",\"inLanguage\":\"ca\",\"@id\":\"https:\\\/\\\/nomen.es\\\/receta\\\/arroz-caldoso-con-castanas\\\/#primaryimage\",\"url\":\"https:\\\/\\\/nomen.es\\\/wp-content\\\/uploads\\\/2019\\\/02\\\/Arroz-caldoso-con-tomillo-y-casta__as_03.jpg\",\"contentUrl\":\"https:\\\/\\\/nomen.es\\\/wp-content\\\/uploads\\\/2019\\\/02\\\/Arroz-caldoso-con-tomillo-y-casta__as_03.jpg\",\"width\":900,\"height\":600,\"caption\":\"Arroz caldoso con tomillo y casta\u00f1as\"},{\"@type\":\"BreadcrumbList\",\"@id\":\"https:\\\/\\\/nomen.es\\\/receta\\\/arroz-caldoso-con-castanas\\\/#breadcrumb\",\"itemListElement\":[{\"@type\":\"ListItem\",\"position\":1,\"name\":\"Portada\",\"item\":\"https:\\\/\\\/nomen.es\\\/ca\\\/\"},{\"@type\":\"ListItem\",\"position\":2,\"name\":\"Receptes\",\"item\":\"https:\\\/\\\/nomen.es\\\/receta\\\/\"},{\"@type\":\"ListItem\",\"position\":3,\"name\":\"Arr\u00f2s cald\u00f3s amb farigola i castanyes\"}]},{\"@type\":\"WebSite\",\"@id\":\"https:\\\/\\\/nomen.es\\\/#website\",\"url\":\"https:\\\/\\\/nomen.es\\\/\",\"name\":\"Nomen\",\"description\":\"Mucho m\u00e1s que arroz\",\"potentialAction\":[{\"@type\":\"SearchAction\",\"target\":{\"@type\":\"EntryPoint\",\"urlTemplate\":\"https:\\\/\\\/nomen.es\\\/?s={search_term_string}\"},\"query-input\":{\"@type\":\"PropertyValueSpecification\",\"valueRequired\":true,\"valueName\":\"search_term_string\"}}],\"inLanguage\":\"ca\"}]}<\/script>\n<!-- \/ Yoast SEO plugin. -->","yoast_head_json":{"title":"Arr\u00f2s cald\u00f3s amb farigola i castanyes | Recepta | Nomen","description":"Arr\u00f2s cald\u00f3s amb farigola i castanyes. Una recepta per a 4 personas, f\u00e0cil de preparar en uns 25 minuts i que agradar\u00e0 a tothom.","robots":{"index":"index","follow":"follow","max-snippet":"max-snippet:-1","max-image-preview":"max-image-preview:large","max-video-preview":"max-video-preview:-1"},"canonical":"https:\/\/nomen.es\/receta\/arroz-caldoso-con-castanas\/","og_locale":"ca_ES","og_type":"article","og_title":"Arr\u00f2s cald\u00f3s amb farigola i castanyes | Recepta | Nomen","og_description":"Arr\u00f2s cald\u00f3s amb farigola i castanyes. Una recepta per a 4 personas, f\u00e0cil de preparar en uns 25 minuts i que agradar\u00e0 a tothom.","og_url":"https:\/\/nomen.es\/receta\/arroz-caldoso-con-castanas\/","og_site_name":"Nomen","og_image":[{"width":1200,"height":625,"url":"https:\/\/nomen.es\/wp-content\/uploads\/2019\/02\/Arroz-caldoso-con-tomillo-y-casta__as_FB.jpg","type":"image\/jpeg"}],"schema":{"@context":"https:\/\/schema.org","@graph":[{"@type":"WebPage","@id":"https:\/\/nomen.es\/receta\/arroz-caldoso-con-castanas\/","url":"https:\/\/nomen.es\/receta\/arroz-caldoso-con-castanas\/","name":"Arr\u00f2s cald\u00f3s amb farigola i castanyes | Recepta | Nomen","isPartOf":{"@id":"https:\/\/nomen.es\/#website"},"primaryImageOfPage":{"@id":"https:\/\/nomen.es\/receta\/arroz-caldoso-con-castanas\/#primaryimage"},"image":{"@id":"https:\/\/nomen.es\/receta\/arroz-caldoso-con-castanas\/#primaryimage"},"thumbnailUrl":"https:\/\/nomen.es\/wp-content\/uploads\/2019\/02\/Arroz-caldoso-con-tomillo-y-casta__as_03.jpg","datePublished":"2019-02-11T06:00:00+00:00","description":"Arr\u00f2s cald\u00f3s amb farigola i castanyes. Una recepta per a 4 personas, f\u00e0cil de preparar en uns 25 minuts i que agradar\u00e0 a tothom.","breadcrumb":{"@id":"https:\/\/nomen.es\/receta\/arroz-caldoso-con-castanas\/#breadcrumb"},"inLanguage":"ca","potentialAction":[{"@type":"ReadAction","target":["https:\/\/nomen.es\/receta\/arroz-caldoso-con-castanas\/"]}]},{"@type":"ImageObject","inLanguage":"ca","@id":"https:\/\/nomen.es\/receta\/arroz-caldoso-con-castanas\/#primaryimage","url":"https:\/\/nomen.es\/wp-content\/uploads\/2019\/02\/Arroz-caldoso-con-tomillo-y-casta__as_03.jpg","contentUrl":"https:\/\/nomen.es\/wp-content\/uploads\/2019\/02\/Arroz-caldoso-con-tomillo-y-casta__as_03.jpg","width":900,"height":600,"caption":"Arroz caldoso con tomillo y casta\u00f1as"},{"@type":"BreadcrumbList","@id":"https:\/\/nomen.es\/receta\/arroz-caldoso-con-castanas\/#breadcrumb","itemListElement":[{"@type":"ListItem","position":1,"name":"Portada","item":"https:\/\/nomen.es\/ca\/"},{"@type":"ListItem","position":2,"name":"Receptes","item":"https:\/\/nomen.es\/receta\/"},{"@type":"ListItem","position":3,"name":"Arr\u00f2s cald\u00f3s amb farigola i castanyes"}]},{"@type":"WebSite","@id":"https:\/\/nomen.es\/#website","url":"https:\/\/nomen.es\/","name":"Nomen","description":"Mucho m\u00e1s que arroz","potentialAction":[{"@type":"SearchAction","target":{"@type":"EntryPoint","urlTemplate":"https:\/\/nomen.es\/?s={search_term_string}"},"query-input":{"@type":"PropertyValueSpecification","valueRequired":true,"valueName":"search_term_string"}}],"inLanguage":"ca"}]}},"_links":{"self":[{"href":"https:\/\/nomen.es\/ca\/wp-json\/wp\/v2\/recepta\/8275","targetHints":{"allow":["GET"]}}],"collection":[{"href":"https:\/\/nomen.es\/ca\/wp-json\/wp\/v2\/recepta"}],"about":[{"href":"https:\/\/nomen.es\/ca\/wp-json\/wp\/v2\/types\/recepta"}],"wp:featuredmedia":[{"embeddable":true,"href":"https:\/\/nomen.es\/ca\/wp-json\/wp\/v2\/media\/8271"}],"wp:attachment":[{"href":"https:\/\/nomen.es\/ca\/wp-json\/wp\/v2\/media?parent=8275"}],"wp:term":[{"taxonomy":"categoria-receptes","embeddable":true,"href":"https:\/\/nomen.es\/ca\/wp-json\/wp\/v2\/categoria-receptes?post=8275"}],"curies":[{"name":"wp","href":"https:\/\/api.w.org\/{rel}","templated":true}]}}

Arròs caldós amb farigola i castanyes

<p><img decoding="async" class="aligncenter size-full wp-image-8269" src="https://nomen.es/wp-content/uploads/2019/02/Arroz-caldoso-con-tomillo-y-casta__as_01.jpg" alt="Arroz caldoso con tomillo y castañas, ingredientes" width="900" height="600" srcset="https://nomen.es/wp-content/uploads/2019/02/Arroz-caldoso-con-tomillo-y-casta__as_01.jpg 900w, https://nomen.es/wp-content/uploads/2019/02/Arroz-caldoso-con-tomillo-y-casta__as_01-600x400.jpg 600w, https://nomen.es/wp-content/uploads/2019/02/Arroz-caldoso-con-tomillo-y-casta__as_01-300x200.jpg 300w, https://nomen.es/wp-content/uploads/2019/02/Arroz-caldoso-con-tomillo-y-casta__as_01-768x512.jpg 768w" sizes="(max-width: 900px) 100vw, 900px" /></p>
<p>Ofeguem les escalunyes en oli d&#8217;oliva.</p>
<p>Afegim el vi blanc i deixem evaporar totalment.</p>
<p><img decoding="async" class="aligncenter size-full wp-image-8270" src="https://nomen.es/wp-content/uploads/2019/02/Arroz-caldoso-con-tomillo-y-casta__as_02.jpg" alt="Arroz caldoso con tomillo y castañas, paso 1" width="900" height="600" srcset="https://nomen.es/wp-content/uploads/2019/02/Arroz-caldoso-con-tomillo-y-casta__as_02.jpg 900w, https://nomen.es/wp-content/uploads/2019/02/Arroz-caldoso-con-tomillo-y-casta__as_02-600x400.jpg 600w, https://nomen.es/wp-content/uploads/2019/02/Arroz-caldoso-con-tomillo-y-casta__as_02-300x200.jpg 300w, https://nomen.es/wp-content/uploads/2019/02/Arroz-caldoso-con-tomillo-y-casta__as_02-768x512.jpg 768w" sizes="(max-width: 900px) 100vw, 900px" /></p>
<p>Afegim l&#8217;arròs, les castanyes i la farigola (reservem 4 brots per decorar), sal i pebre i mullem amb aigua o brou calent. Cuinem durant 15 minuts a foc mig sense tapar.</p>
<p>Retirem la farigola i servim ben calent amb un rajolí d&#8217;oli d&#8217;oliva cru i un brot de farigola fresca.</p>

<!-- This site is optimized with the Yoast SEO plugin v27.4 - https://yoast.com/product/yoast-seo-wordpress/ -->
<title>Arròs caldós amb farigola i castanyes | Recepta | Nomen</title>
<meta name="description" content="Arròs caldós amb farigola i castanyes. Una recepta per a 4 personas, fàcil de preparar en uns 25 minuts i que agradarà a tothom." />
<meta name="robots" content="index, follow, max-snippet:-1, max-image-preview:large, max-video-preview:-1" />
<link rel="canonical" href="https://nomen.es/receta/arroz-caldoso-con-castanas/" />
<meta property="og:locale" content="ca_ES" />
<meta property="og:type" content="article" />
<meta property="og:title" content="Arròs caldós amb farigola i castanyes | Recepta | Nomen" />
<meta property="og:description" content="Arròs caldós amb farigola i castanyes. Una recepta per a 4 personas, fàcil de preparar en uns 25 minuts i que agradarà a tothom." />
<meta property="og:url" content="https://nomen.es/receta/arroz-caldoso-con-castanas/" />
<meta property="og:site_name" content="Nomen" />
<meta property="og:image" content="https://nomen.es/wp-content/uploads/2019/02/Arroz-caldoso-con-tomillo-y-casta__as_FB.jpg" />
	<meta property="og:image:width" content="1200" />
	<meta property="og:image:height" content="625" />
	<meta property="og:image:type" content="image/jpeg" />
<script type="application/ld+json" class="yoast-schema-graph">{"@context":"https:\/\/schema.org","@graph":[{"@type":"WebPage","@id":"https:\/\/nomen.es\/receta\/arroz-caldoso-con-castanas\/","url":"https:\/\/nomen.es\/receta\/arroz-caldoso-con-castanas\/","name":"Arròs caldós amb farigola i castanyes | Recepta | Nomen","isPartOf":{"@id":"https:\/\/nomen.es\/#website"},"primaryImageOfPage":{"@id":"https:\/\/nomen.es\/receta\/arroz-caldoso-con-castanas\/#primaryimage"},"image":{"@id":"https:\/\/nomen.es\/receta\/arroz-caldoso-con-castanas\/#primaryimage"},"thumbnailUrl":"https:\/\/nomen.es\/wp-content\/uploads\/2019\/02\/Arroz-caldoso-con-tomillo-y-casta__as_03.jpg","datePublished":"2019-02-11T06:00:00+00:00","description":"Arròs caldós amb farigola i castanyes. Una recepta per a 4 personas, fàcil de preparar en uns 25 minuts i que agradarà a tothom.","breadcrumb":{"@id":"https:\/\/nomen.es\/receta\/arroz-caldoso-con-castanas\/#breadcrumb"},"inLanguage":"ca","potentialAction":[{"@type":"ReadAction","target":["https:\/\/nomen.es\/receta\/arroz-caldoso-con-castanas\/"]}]},{"@type":"ImageObject","inLanguage":"ca","@id":"https:\/\/nomen.es\/receta\/arroz-caldoso-con-castanas\/#primaryimage","url":"https:\/\/nomen.es\/wp-content\/uploads\/2019\/02\/Arroz-caldoso-con-tomillo-y-casta__as_03.jpg","contentUrl":"https:\/\/nomen.es\/wp-content\/uploads\/2019\/02\/Arroz-caldoso-con-tomillo-y-casta__as_03.jpg","width":900,"height":600,"caption":"Arroz caldoso con tomillo y castañas"},{"@type":"BreadcrumbList","@id":"https:\/\/nomen.es\/receta\/arroz-caldoso-con-castanas\/#breadcrumb","itemListElement":[{"@type":"ListItem","position":1,"name":"Portada","item":"https:\/\/nomen.es\/ca\/"},{"@type":"ListItem","position":2,"name":"Receptes","item":"https:\/\/nomen.es\/receta\/"},{"@type":"ListItem","position":3,"name":"Arròs caldós amb farigola i castanyes"}]},{"@type":"WebSite","@id":"https:\/\/nomen.es\/#website","url":"https:\/\/nomen.es\/","name":"Nomen","description":"Mucho más que arroz","potentialAction":[{"@type":"SearchAction","target":{"@type":"EntryPoint","urlTemplate":"https:\/\/nomen.es\/?s={search_term_string}"},"query-input":{"@type":"PropertyValueSpecification","valueRequired":true,"valueName":"search_term_string"}}],"inLanguage":"ca"}]}</script>
<!-- / Yoast SEO plugin. -->

Arròs caldós amb farigola i castanyes | Recepta | Nomen

Arròs caldós amb farigola i castanyes. Una recepta per a 4 personas, fàcil de preparar en uns 25 minuts i que agradarà a tothom.

Arroz caldoso con tomillo y castañas

Mucho más que arroz
