{"id":9568,"date":"2019-03-25T08:00:23","date_gmt":"2019-03-25T06:00:23","guid":{"rendered":"https:\/\/nomen.es\/?post_type=recepta&#038;p=9568"},"modified":"2019-03-25T12:39:41","modified_gmt":"2019-03-25T10:39:41","slug":"arros-verdures-forn-amb-mel","status":"publish","type":"recepta","link":"https:\/\/nomen.es\/ca\/recepta\/arros-verdures-forn-amb-mel\/","title":{"rendered":"Arr\u00f2s amb verdures d&#8217;arrel al forn amb mel"},"content":{"rendered":"<p><img decoding=\"async\" class=\"aligncenter size-full wp-image-9558\" src=\"https:\/\/nomen.es\/wp-content\/uploads\/2019\/03\/receta_arroz_integral_con_verduras_ingredientes.jpg\" alt=\"Receta arroz con verduras al horno ingredientes\" width=\"900\" height=\"600\" srcset=\"https:\/\/nomen.es\/wp-content\/uploads\/2019\/03\/receta_arroz_integral_con_verduras_ingredientes.jpg 900w, https:\/\/nomen.es\/wp-content\/uploads\/2019\/03\/receta_arroz_integral_con_verduras_ingredientes-600x400.jpg 600w, https:\/\/nomen.es\/wp-content\/uploads\/2019\/03\/receta_arroz_integral_con_verduras_ingredientes-300x200.jpg 300w, https:\/\/nomen.es\/wp-content\/uploads\/2019\/03\/receta_arroz_integral_con_verduras_ingredientes-768x512.jpg 768w\" sizes=\"(max-width: 900px) 100vw, 900px\" \/><\/p>\n<p>Tallem les cebes a quarts i la resta de les verdures d&#8217;arrel en trossos d&#8217;una mida similar. Deixem les patates senceres i amb pell i el cap d&#8217;alls solament partits per la meitat.<\/p>\n<p><img decoding=\"async\" class=\"aligncenter size-full wp-image-9562\" src=\"https:\/\/nomen.es\/wp-content\/uploads\/2019\/03\/receta_arroz_integral_con_verduraspaso_1.jpg\" alt=\"\" width=\"900\" height=\"600\" srcset=\"https:\/\/nomen.es\/wp-content\/uploads\/2019\/03\/receta_arroz_integral_con_verduraspaso_1.jpg 900w, https:\/\/nomen.es\/wp-content\/uploads\/2019\/03\/receta_arroz_integral_con_verduraspaso_1-600x400.jpg 600w, https:\/\/nomen.es\/wp-content\/uploads\/2019\/03\/receta_arroz_integral_con_verduraspaso_1-300x200.jpg 300w, https:\/\/nomen.es\/wp-content\/uploads\/2019\/03\/receta_arroz_integral_con_verduraspaso_1-768x512.jpg 768w\" sizes=\"(max-width: 900px) 100vw, 900px\" \/><\/p>\n<p>Ho col\u00b7loquem tot en una safata de forn i amanim amb oli d&#8217;oliva, les branques de roman\u00ed, sal i pebre. Introdu\u00efm al forn a 180 \u00ba C durant 35 minuts.<\/p>\n<p>Mentrestant, coem l&#8217;arr\u00f2s en aigua salada durant 20 minuts i escorrem.<\/p>\n<p><img decoding=\"async\" class=\"aligncenter size-full wp-image-9564\" src=\"https:\/\/nomen.es\/wp-content\/uploads\/2019\/03\/receta_arroz_integral_con_verduras_paso_2.jpg\" alt=\"\" width=\"900\" height=\"600\" srcset=\"https:\/\/nomen.es\/wp-content\/uploads\/2019\/03\/receta_arroz_integral_con_verduras_paso_2.jpg 900w, https:\/\/nomen.es\/wp-content\/uploads\/2019\/03\/receta_arroz_integral_con_verduras_paso_2-600x400.jpg 600w, https:\/\/nomen.es\/wp-content\/uploads\/2019\/03\/receta_arroz_integral_con_verduras_paso_2-300x200.jpg 300w, https:\/\/nomen.es\/wp-content\/uploads\/2019\/03\/receta_arroz_integral_con_verduras_paso_2-768x512.jpg 768w\" sizes=\"(max-width: 900px) 100vw, 900px\" \/><\/p>\n<p>Afegim la mel a les verdures d&#8217;arrel que estan al forn i deixem coure 5 minuts m\u00e9s. Servim juntament amb la guarnici\u00f3 d&#8217;arr\u00f2s.<\/p>\n<p><img decoding=\"async\" class=\"aligncenter size-full wp-image-9566\" src=\"https:\/\/nomen.es\/wp-content\/uploads\/2019\/03\/receta_arroz_integral_con_verduras_paso_3.jpg\" alt=\"receta de arroz con verduras al horno, paso 3\" width=\"900\" height=\"600\" srcset=\"https:\/\/nomen.es\/wp-content\/uploads\/2019\/03\/receta_arroz_integral_con_verduras_paso_3.jpg 900w, https:\/\/nomen.es\/wp-content\/uploads\/2019\/03\/receta_arroz_integral_con_verduras_paso_3-600x400.jpg 600w, https:\/\/nomen.es\/wp-content\/uploads\/2019\/03\/receta_arroz_integral_con_verduras_paso_3-300x200.jpg 300w, https:\/\/nomen.es\/wp-content\/uploads\/2019\/03\/receta_arroz_integral_con_verduras_paso_3-768x512.jpg 768w\" sizes=\"(max-width: 900px) 100vw, 900px\" \/><\/p>\n","protected":false},"featured_media":9561,"template":"","format":"standard","categoria-receptes":[177,708],"class_list":["post-9568","recepta","type-recepta","status-publish","format-standard","has-post-thumbnail","hentry","categoria-receptes-ideals-per-a-tupper","categoria-receptes-ideales-para-tupper-ca"],"acf":[],"yoast_head":"<!-- This site is optimized with the Yoast SEO plugin v27.4 - https:\/\/yoast.com\/product\/yoast-seo-wordpress\/ -->\n<title>Arr\u00f2s amb verdures d&#039;arrel al forn amb mel | Nomen<\/title>\n<meta name=\"description\" content=\"Recepta f\u00e0cil de plat amb cullara: Arr\u00f2s amb verdures d&#039;arrel al forn amb mel Nomen. Es prepara en tan sols 45 minuts. Pren nota!\" \/>\n<meta name=\"robots\" content=\"index, follow, max-snippet:-1, max-image-preview:large, max-video-preview:-1\" \/>\n<link rel=\"canonical\" href=\"https:\/\/nomen.es\/ca\/recepta\/arros-verdures-forn-amb-mel\/\" \/>\n<meta property=\"og:locale\" content=\"ca_ES\" \/>\n<meta property=\"og:type\" content=\"article\" \/>\n<meta property=\"og:title\" content=\"Arr\u00f2s amb verdures d&#039;arrel al forn amb mel | Nomen\" \/>\n<meta property=\"og:description\" content=\"Recepta f\u00e0cil de plat amb cullara: Arr\u00f2s amb verdures d&#039;arrel al forn amb mel Nomen. Es prepara en tan sols 45 minuts. Pren nota!\" \/>\n<meta property=\"og:url\" content=\"https:\/\/nomen.es\/ca\/recepta\/arros-verdures-forn-amb-mel\/\" \/>\n<meta property=\"og:site_name\" content=\"Nomen\" \/>\n<meta property=\"article:modified_time\" content=\"2019-03-25T10:39:41+00:00\" \/>\n<meta property=\"og:image\" content=\"https:\/\/nomen.es\/wp-content\/uploads\/2019\/03\/receta_arroz_integral_con_verduras_final.jpg\" \/>\n\t<meta property=\"og:image:width\" content=\"900\" \/>\n\t<meta property=\"og:image:height\" content=\"600\" \/>\n\t<meta property=\"og:image:type\" content=\"image\/jpeg\" \/>\n<script type=\"application\/ld+json\" class=\"yoast-schema-graph\">{\"@context\":\"https:\\\/\\\/schema.org\",\"@graph\":[{\"@type\":\"WebPage\",\"@id\":\"https:\\\/\\\/nomen.es\\\/ca\\\/recepta\\\/arros-verdures-forn-amb-mel\\\/\",\"url\":\"https:\\\/\\\/nomen.es\\\/ca\\\/recepta\\\/arros-verdures-forn-amb-mel\\\/\",\"name\":\"Arr\u00f2s amb verdures d'arrel al forn amb mel | Nomen\",\"isPartOf\":{\"@id\":\"https:\\\/\\\/nomen.es\\\/#website\"},\"primaryImageOfPage\":{\"@id\":\"https:\\\/\\\/nomen.es\\\/ca\\\/recepta\\\/arros-verdures-forn-amb-mel\\\/#primaryimage\"},\"image\":{\"@id\":\"https:\\\/\\\/nomen.es\\\/ca\\\/recepta\\\/arros-verdures-forn-amb-mel\\\/#primaryimage\"},\"thumbnailUrl\":\"https:\\\/\\\/nomen.es\\\/wp-content\\\/uploads\\\/2019\\\/03\\\/receta_arroz_integral_con_verduras_final.jpg\",\"datePublished\":\"2019-03-25T06:00:23+00:00\",\"dateModified\":\"2019-03-25T10:39:41+00:00\",\"description\":\"Recepta f\u00e0cil de plat amb cullara: Arr\u00f2s amb verdures d'arrel al forn amb mel Nomen. Es prepara en tan sols 45 minuts. Pren nota!\",\"breadcrumb\":{\"@id\":\"https:\\\/\\\/nomen.es\\\/ca\\\/recepta\\\/arros-verdures-forn-amb-mel\\\/#breadcrumb\"},\"inLanguage\":\"ca\",\"potentialAction\":[{\"@type\":\"ReadAction\",\"target\":[\"https:\\\/\\\/nomen.es\\\/ca\\\/recepta\\\/arros-verdures-forn-amb-mel\\\/\"]}]},{\"@type\":\"ImageObject\",\"inLanguage\":\"ca\",\"@id\":\"https:\\\/\\\/nomen.es\\\/ca\\\/recepta\\\/arros-verdures-forn-amb-mel\\\/#primaryimage\",\"url\":\"https:\\\/\\\/nomen.es\\\/wp-content\\\/uploads\\\/2019\\\/03\\\/receta_arroz_integral_con_verduras_final.jpg\",\"contentUrl\":\"https:\\\/\\\/nomen.es\\\/wp-content\\\/uploads\\\/2019\\\/03\\\/receta_arroz_integral_con_verduras_final.jpg\",\"width\":900,\"height\":600,\"caption\":\"Receta arroz con verduras al horno\"},{\"@type\":\"BreadcrumbList\",\"@id\":\"https:\\\/\\\/nomen.es\\\/ca\\\/recepta\\\/arros-verdures-forn-amb-mel\\\/#breadcrumb\",\"itemListElement\":[{\"@type\":\"ListItem\",\"position\":1,\"name\":\"Portada\",\"item\":\"https:\\\/\\\/nomen.es\\\/ca\\\/\"},{\"@type\":\"ListItem\",\"position\":2,\"name\":\"Receptes\",\"item\":\"https:\\\/\\\/nomen.es\\\/receta\\\/\"},{\"@type\":\"ListItem\",\"position\":3,\"name\":\"Arr\u00f2s amb verdures d&#8217;arrel al forn amb mel\"}]},{\"@type\":\"WebSite\",\"@id\":\"https:\\\/\\\/nomen.es\\\/#website\",\"url\":\"https:\\\/\\\/nomen.es\\\/\",\"name\":\"Nomen\",\"description\":\"Mucho m\u00e1s que arroz\",\"potentialAction\":[{\"@type\":\"SearchAction\",\"target\":{\"@type\":\"EntryPoint\",\"urlTemplate\":\"https:\\\/\\\/nomen.es\\\/?s={search_term_string}\"},\"query-input\":{\"@type\":\"PropertyValueSpecification\",\"valueRequired\":true,\"valueName\":\"search_term_string\"}}],\"inLanguage\":\"ca\"}]}<\/script>\n<!-- \/ Yoast SEO plugin. -->","yoast_head_json":{"title":"Arr\u00f2s amb verdures d'arrel al forn amb mel | Nomen","description":"Recepta f\u00e0cil de plat amb cullara: Arr\u00f2s amb verdures d'arrel al forn amb mel Nomen. Es prepara en tan sols 45 minuts. Pren nota!","robots":{"index":"index","follow":"follow","max-snippet":"max-snippet:-1","max-image-preview":"max-image-preview:large","max-video-preview":"max-video-preview:-1"},"canonical":"https:\/\/nomen.es\/ca\/recepta\/arros-verdures-forn-amb-mel\/","og_locale":"ca_ES","og_type":"article","og_title":"Arr\u00f2s amb verdures d'arrel al forn amb mel | Nomen","og_description":"Recepta f\u00e0cil de plat amb cullara: Arr\u00f2s amb verdures d'arrel al forn amb mel Nomen. Es prepara en tan sols 45 minuts. Pren nota!","og_url":"https:\/\/nomen.es\/ca\/recepta\/arros-verdures-forn-amb-mel\/","og_site_name":"Nomen","article_modified_time":"2019-03-25T10:39:41+00:00","og_image":[{"width":900,"height":600,"url":"https:\/\/nomen.es\/wp-content\/uploads\/2019\/03\/receta_arroz_integral_con_verduras_final.jpg","type":"image\/jpeg"}],"schema":{"@context":"https:\/\/schema.org","@graph":[{"@type":"WebPage","@id":"https:\/\/nomen.es\/ca\/recepta\/arros-verdures-forn-amb-mel\/","url":"https:\/\/nomen.es\/ca\/recepta\/arros-verdures-forn-amb-mel\/","name":"Arr\u00f2s amb verdures d'arrel al forn amb mel | Nomen","isPartOf":{"@id":"https:\/\/nomen.es\/#website"},"primaryImageOfPage":{"@id":"https:\/\/nomen.es\/ca\/recepta\/arros-verdures-forn-amb-mel\/#primaryimage"},"image":{"@id":"https:\/\/nomen.es\/ca\/recepta\/arros-verdures-forn-amb-mel\/#primaryimage"},"thumbnailUrl":"https:\/\/nomen.es\/wp-content\/uploads\/2019\/03\/receta_arroz_integral_con_verduras_final.jpg","datePublished":"2019-03-25T06:00:23+00:00","dateModified":"2019-03-25T10:39:41+00:00","description":"Recepta f\u00e0cil de plat amb cullara: Arr\u00f2s amb verdures d'arrel al forn amb mel Nomen. Es prepara en tan sols 45 minuts. Pren nota!","breadcrumb":{"@id":"https:\/\/nomen.es\/ca\/recepta\/arros-verdures-forn-amb-mel\/#breadcrumb"},"inLanguage":"ca","potentialAction":[{"@type":"ReadAction","target":["https:\/\/nomen.es\/ca\/recepta\/arros-verdures-forn-amb-mel\/"]}]},{"@type":"ImageObject","inLanguage":"ca","@id":"https:\/\/nomen.es\/ca\/recepta\/arros-verdures-forn-amb-mel\/#primaryimage","url":"https:\/\/nomen.es\/wp-content\/uploads\/2019\/03\/receta_arroz_integral_con_verduras_final.jpg","contentUrl":"https:\/\/nomen.es\/wp-content\/uploads\/2019\/03\/receta_arroz_integral_con_verduras_final.jpg","width":900,"height":600,"caption":"Receta arroz con verduras al horno"},{"@type":"BreadcrumbList","@id":"https:\/\/nomen.es\/ca\/recepta\/arros-verdures-forn-amb-mel\/#breadcrumb","itemListElement":[{"@type":"ListItem","position":1,"name":"Portada","item":"https:\/\/nomen.es\/ca\/"},{"@type":"ListItem","position":2,"name":"Receptes","item":"https:\/\/nomen.es\/receta\/"},{"@type":"ListItem","position":3,"name":"Arr\u00f2s amb verdures d&#8217;arrel al forn amb mel"}]},{"@type":"WebSite","@id":"https:\/\/nomen.es\/#website","url":"https:\/\/nomen.es\/","name":"Nomen","description":"Mucho m\u00e1s que arroz","potentialAction":[{"@type":"SearchAction","target":{"@type":"EntryPoint","urlTemplate":"https:\/\/nomen.es\/?s={search_term_string}"},"query-input":{"@type":"PropertyValueSpecification","valueRequired":true,"valueName":"search_term_string"}}],"inLanguage":"ca"}]}},"_links":{"self":[{"href":"https:\/\/nomen.es\/ca\/wp-json\/wp\/v2\/recepta\/9568","targetHints":{"allow":["GET"]}}],"collection":[{"href":"https:\/\/nomen.es\/ca\/wp-json\/wp\/v2\/recepta"}],"about":[{"href":"https:\/\/nomen.es\/ca\/wp-json\/wp\/v2\/types\/recepta"}],"wp:featuredmedia":[{"embeddable":true,"href":"https:\/\/nomen.es\/ca\/wp-json\/wp\/v2\/media\/9561"}],"wp:attachment":[{"href":"https:\/\/nomen.es\/ca\/wp-json\/wp\/v2\/media?parent=9568"}],"wp:term":[{"taxonomy":"categoria-receptes","embeddable":true,"href":"https:\/\/nomen.es\/ca\/wp-json\/wp\/v2\/categoria-receptes?post=9568"}],"curies":[{"name":"wp","href":"https:\/\/api.w.org\/{rel}","templated":true}]}}

Arròs amb verdures d&#8217;arrel al forn amb mel

<p><img decoding="async" class="aligncenter size-full wp-image-9558" src="https://nomen.es/wp-content/uploads/2019/03/receta_arroz_integral_con_verduras_ingredientes.jpg" alt="Receta arroz con verduras al horno ingredientes" width="900" height="600" srcset="https://nomen.es/wp-content/uploads/2019/03/receta_arroz_integral_con_verduras_ingredientes.jpg 900w, https://nomen.es/wp-content/uploads/2019/03/receta_arroz_integral_con_verduras_ingredientes-600x400.jpg 600w, https://nomen.es/wp-content/uploads/2019/03/receta_arroz_integral_con_verduras_ingredientes-300x200.jpg 300w, https://nomen.es/wp-content/uploads/2019/03/receta_arroz_integral_con_verduras_ingredientes-768x512.jpg 768w" sizes="(max-width: 900px) 100vw, 900px" /></p>
<p>Tallem les cebes a quarts i la resta de les verdures d&#8217;arrel en trossos d&#8217;una mida similar. Deixem les patates senceres i amb pell i el cap d&#8217;alls solament partits per la meitat.</p>
<p><img decoding="async" class="aligncenter size-full wp-image-9562" src="https://nomen.es/wp-content/uploads/2019/03/receta_arroz_integral_con_verduraspaso_1.jpg" alt="" width="900" height="600" srcset="https://nomen.es/wp-content/uploads/2019/03/receta_arroz_integral_con_verduraspaso_1.jpg 900w, https://nomen.es/wp-content/uploads/2019/03/receta_arroz_integral_con_verduraspaso_1-600x400.jpg 600w, https://nomen.es/wp-content/uploads/2019/03/receta_arroz_integral_con_verduraspaso_1-300x200.jpg 300w, https://nomen.es/wp-content/uploads/2019/03/receta_arroz_integral_con_verduraspaso_1-768x512.jpg 768w" sizes="(max-width: 900px) 100vw, 900px" /></p>
<p>Ho col·loquem tot en una safata de forn i amanim amb oli d&#8217;oliva, les branques de romaní, sal i pebre. Introduïm al forn a 180 º C durant 35 minuts.</p>
<p>Mentrestant, coem l&#8217;arròs en aigua salada durant 20 minuts i escorrem.</p>
<p><img decoding="async" class="aligncenter size-full wp-image-9564" src="https://nomen.es/wp-content/uploads/2019/03/receta_arroz_integral_con_verduras_paso_2.jpg" alt="" width="900" height="600" srcset="https://nomen.es/wp-content/uploads/2019/03/receta_arroz_integral_con_verduras_paso_2.jpg 900w, https://nomen.es/wp-content/uploads/2019/03/receta_arroz_integral_con_verduras_paso_2-600x400.jpg 600w, https://nomen.es/wp-content/uploads/2019/03/receta_arroz_integral_con_verduras_paso_2-300x200.jpg 300w, https://nomen.es/wp-content/uploads/2019/03/receta_arroz_integral_con_verduras_paso_2-768x512.jpg 768w" sizes="(max-width: 900px) 100vw, 900px" /></p>
<p>Afegim la mel a les verdures d&#8217;arrel que estan al forn i deixem coure 5 minuts més. Servim juntament amb la guarnició d&#8217;arròs.</p>
<p><img decoding="async" class="aligncenter size-full wp-image-9566" src="https://nomen.es/wp-content/uploads/2019/03/receta_arroz_integral_con_verduras_paso_3.jpg" alt="receta de arroz con verduras al horno, paso 3" width="900" height="600" srcset="https://nomen.es/wp-content/uploads/2019/03/receta_arroz_integral_con_verduras_paso_3.jpg 900w, https://nomen.es/wp-content/uploads/2019/03/receta_arroz_integral_con_verduras_paso_3-600x400.jpg 600w, https://nomen.es/wp-content/uploads/2019/03/receta_arroz_integral_con_verduras_paso_3-300x200.jpg 300w, https://nomen.es/wp-content/uploads/2019/03/receta_arroz_integral_con_verduras_paso_3-768x512.jpg 768w" sizes="(max-width: 900px) 100vw, 900px" /></p>

<!-- This site is optimized with the Yoast SEO plugin v27.4 - https://yoast.com/product/yoast-seo-wordpress/ -->
<title>Arròs amb verdures d&#039;arrel al forn amb mel | Nomen</title>
<meta name="description" content="Recepta fàcil de plat amb cullara: Arròs amb verdures d&#039;arrel al forn amb mel Nomen. Es prepara en tan sols 45 minuts. Pren nota!" />
<meta name="robots" content="index, follow, max-snippet:-1, max-image-preview:large, max-video-preview:-1" />
<link rel="canonical" href="https://nomen.es/ca/recepta/arros-verdures-forn-amb-mel/" />
<meta property="og:locale" content="ca_ES" />
<meta property="og:type" content="article" />
<meta property="og:title" content="Arròs amb verdures d&#039;arrel al forn amb mel | Nomen" />
<meta property="og:description" content="Recepta fàcil de plat amb cullara: Arròs amb verdures d&#039;arrel al forn amb mel Nomen. Es prepara en tan sols 45 minuts. Pren nota!" />
<meta property="og:url" content="https://nomen.es/ca/recepta/arros-verdures-forn-amb-mel/" />
<meta property="og:site_name" content="Nomen" />
<meta property="article:modified_time" content="2019-03-25T10:39:41+00:00" />
<meta property="og:image" content="https://nomen.es/wp-content/uploads/2019/03/receta_arroz_integral_con_verduras_final.jpg" />
	<meta property="og:image:width" content="900" />
	<meta property="og:image:height" content="600" />
	<meta property="og:image:type" content="image/jpeg" />
<script type="application/ld+json" class="yoast-schema-graph">{"@context":"https:\/\/schema.org","@graph":[{"@type":"WebPage","@id":"https:\/\/nomen.es\/ca\/recepta\/arros-verdures-forn-amb-mel\/","url":"https:\/\/nomen.es\/ca\/recepta\/arros-verdures-forn-amb-mel\/","name":"Arròs amb verdures d'arrel al forn amb mel | Nomen","isPartOf":{"@id":"https:\/\/nomen.es\/#website"},"primaryImageOfPage":{"@id":"https:\/\/nomen.es\/ca\/recepta\/arros-verdures-forn-amb-mel\/#primaryimage"},"image":{"@id":"https:\/\/nomen.es\/ca\/recepta\/arros-verdures-forn-amb-mel\/#primaryimage"},"thumbnailUrl":"https:\/\/nomen.es\/wp-content\/uploads\/2019\/03\/receta_arroz_integral_con_verduras_final.jpg","datePublished":"2019-03-25T06:00:23+00:00","dateModified":"2019-03-25T10:39:41+00:00","description":"Recepta fàcil de plat amb cullara: Arròs amb verdures d'arrel al forn amb mel Nomen. Es prepara en tan sols 45 minuts. Pren nota!","breadcrumb":{"@id":"https:\/\/nomen.es\/ca\/recepta\/arros-verdures-forn-amb-mel\/#breadcrumb"},"inLanguage":"ca","potentialAction":[{"@type":"ReadAction","target":["https:\/\/nomen.es\/ca\/recepta\/arros-verdures-forn-amb-mel\/"]}]},{"@type":"ImageObject","inLanguage":"ca","@id":"https:\/\/nomen.es\/ca\/recepta\/arros-verdures-forn-amb-mel\/#primaryimage","url":"https:\/\/nomen.es\/wp-content\/uploads\/2019\/03\/receta_arroz_integral_con_verduras_final.jpg","contentUrl":"https:\/\/nomen.es\/wp-content\/uploads\/2019\/03\/receta_arroz_integral_con_verduras_final.jpg","width":900,"height":600,"caption":"Receta arroz con verduras al horno"},{"@type":"BreadcrumbList","@id":"https:\/\/nomen.es\/ca\/recepta\/arros-verdures-forn-amb-mel\/#breadcrumb","itemListElement":[{"@type":"ListItem","position":1,"name":"Portada","item":"https:\/\/nomen.es\/ca\/"},{"@type":"ListItem","position":2,"name":"Receptes","item":"https:\/\/nomen.es\/receta\/"},{"@type":"ListItem","position":3,"name":"Arròs amb verdures d&#8217;arrel al forn amb mel"}]},{"@type":"WebSite","@id":"https:\/\/nomen.es\/#website","url":"https:\/\/nomen.es\/","name":"Nomen","description":"Mucho más que arroz","potentialAction":[{"@type":"SearchAction","target":{"@type":"EntryPoint","urlTemplate":"https:\/\/nomen.es\/?s={search_term_string}"},"query-input":{"@type":"PropertyValueSpecification","valueRequired":true,"valueName":"search_term_string"}}],"inLanguage":"ca"}]}</script>
<!-- / Yoast SEO plugin. -->

Arròs amb verdures d'arrel al forn amb mel | Nomen

Recepta fàcil de plat amb cullara: Arròs amb verdures d'arrel al forn amb mel Nomen. Es prepara en tan sols 45 minuts. Pren nota!

Mucho más que arroz
